-- Table structure for table `media`
--

CREATE TABLE `media` (
  `mid` int unsigned NOT NULL AUTO_INCREMENT,
  `vid` int unsigned DEFAULT NULL,
  `bundle` varchar(32) CHARACTER SET ascii COLLATE ascii_general_ci NOT NULL COMMENT 'The ID of the target entity.',
  `uuid` varchar(128) CHARACTER SET ascii COLLATE ascii_general_ci NOT NULL,
  `langcode` varchar(12) CHARACTER SET ascii COLLATE ascii_general_ci NOT NULL,
  PRIMARY KEY (`mid`),
  UNIQUE KEY `media_field__uuid__value` (`uuid`),
  UNIQUE KEY `media__vid` (`vid`),
  KEY `media_field__bundle__target_id` (`bundle`)
) ENGINE=InnoDB AUTO_INCREMENT=95 DEFAULT CHARSET=utf8mb4 COLLATE=utf8mb4_0900_ai_ci COMMENT='The base table for media entities.';

--
-- Dumping data for table `media`
--

INSERT INTO `media` VALUES (1,1,'image','3ab5fdd4-5984-4553-9396-d19f848a7866','es'),(2,2,'image','1f761935-86b2-4ab3-a2d1-91c0cd135b18','es'),(3,3,'image','af3b70d6-4d47-4324-91bc-805af5f74a6d','es'),(4,4,'image','be4c6224-d4a4-4186-9222-56830606c166','es'),(5,5,'image','e111cb33-622a-4ec7-8af6-77ce19b721da','es'),(6,6,'document','7703adfc-feb7-4539-a8b3-6fa829045479','es'),(7,7,'image','fa8ce689-1a02-428c-b7bf-6ece8694d95b','es'),(8,8,'image','90d67a58-efcd-4026-af77-420ecf3c28ba','es'),(9,9,'image','361243b4-2da9-486f-a916-af2f05f2c290','es'),(10,11,'image','410ceb3b-33a8-4600-af3e-68de36d71a83','es'),(11,12,'image','fd2c1593-2ce2-4a98-8f5a-e69a9a8a1af4','es'),(12,13,'image','c6142780-d581-49ed-ae5a-2880e4f4ef90','es'),(13,14,'image','8020c8fc-83b4-4097-b68c-a14d3451752d','es'),(14,15,'image','27521d4c-a760-42a5-815d-e81c61989c8e','es'),(15,16,'image','ece665bb-61ae-4241-9c90-f7419c5538ce','es'),(16,28,'image','ebe10474-d9eb-4a93-977e-50c5fb3b953a','es'),(17,18,'image','4ca61cfe-f17d-4352-aa21-1cb7b419eb9b','es'),(18,19,'image','e062aa4c-3ae1-40da-9ce0-74b0919e6a52','es'),(19,20,'image','cba9b766-78be-4bff-bc96-bf90c03c23d0','es'),(20,21,'image','705fe0aa-39b5-4ed1-82fe-9ae303bdfab4','es'),(21,22,'image','e7b0a2b6-979b-428b-8c90-1f4e73507780','es'),(22,24,'image','9539be89-90b3-4cae-818b-fae38703c55e','es'),(23,25,'image','010ed90f-2b20-4ec3-9745-ed914dd8877b','es'),(24,26,'image','ee0528eb-a1b4-409f-89b0-2bd7fcb49b78','es'),(25,27,'image','c12e0f5f-02ad-4e74-884e-b4ac32aa7656','es'),(26,29,'image','e70ccf06-7ba0-4786-b3c6-da3652cb4599','es'),(27,30,'image','850916ca-f04f-4ed8-be09-172984d79e9e','es'),(28,31,'image','902b4c0e-7a60-402e-9649-c91f0d3255a8','es'),(29,32,'image','0f8a8fe9-eff9-410a-a232-3ba55999736f','es'),(30,33,'image','92142375-1eda-4515-b61e-672a3552250a','es'),(31,34,'image','3bd66a50-51f4-4fdd-9a76-35db9b311991','es'),(32,35,'image','fe6c2174-a8bf-432a-a38a-42584e93005f','es'),(33,36,'image','cf27cc05-83d4-4206-9fad-5ee51f6ffb24','es'),(34,39,'image','08aecab1-c0d6-4555-989d-f9936c7ba1e0','es'),(35,38,'image','934a1392-97bb-4d77-8ffc-6e9c90f26272','es'),(36,40,'image','cc8076ca-862e-442f-be3d-6d32edeb9d07','es'),(37,41,'image','dcd6888e-0dd6-4185-a014-5996ff9aec60','es'),(38,42,'image','c0bca5dc-d5be-4fcf-9d29-d72802393b58','es'),(39,43,'image','cb0bbcd4-ec7b-4aac-ab6c-2123650d101e','es'),(40,44,'image','a4e0a0d7-83d0-486c-889a-4649f11b8533','es'),(41,45,'image','fcae9298-e122-4869-b91d-35ca183b9fcc','es'),(42,46,'image','8ef76c5a-6ac4-4d5a-9d7b-e0a7e77a5d8b','es'),(43,47,'image','b9c2b4f4-81ba-45e6-9f16-adccaf824685','es'),(44,48,'image','18d058e0-5430-466f-bfce-b756c71a9fed','es'),(45,49,'image','ae1a3fd0-b845-418c-89f4-3b87337d0546','es'),(46,50,'image','1d90a729-4352-46ff-a6f4-3ad278783c88','es'),(47,51,'image','f6a7b84b-435d-4f64-87b8-7b61dbe41e99','es'),(48,52,'image','5e8f913d-03df-48c3-9fcc-438ed1948f81','es'),(49,53,'image','3264b21c-75d5-41c1-a7d2-3d31dbcd9b30','es'),(50,54,'image','8d0c7476-d0aa-4194-a462-36f3e4cd0ffb','es'),(51,55,'image','e4a34bd5-a896-4b8a-9ec4-f2c3c67e200e','es'),(52,56,'image','997fb348-242c-4eb3-a0d1-28efbcd29716','es'),(53,57,'image','0a73f1f8-837c-4438-9055-ac4ba1c50844','es'),(54,58,'image','2478ff3a-5919-4416-b2e4-f0d65b5660b5','es'),(55,59,'image','f6e7ba4f-843d-49f0-8c03-1dd5ccc9f52c','es'),(56,60,'image','9dbfd24c-3ae1-41fa-a750-e9ab3b7f758d','es'),(57,61,'image','f10533d7-78fa-491c-a119-0f86f1968546','es'),(58,62,'image','1d526eb5-49fd-46b2-8562-108442ae4241','es'),(59,63,'image','3a8ff845-bfde-427b-a1f1-7193f80fe115','es'),(60,64,'image','63751bc7-406e-4599-bcf3-ea342dc418b6','es'),(61,65,'image','29f636fa-2ecd-43ee-9783-4ac974079986','es'),(62,66,'image','f436ed9a-b14f-4125-bc3d-e689b5a71998','es'),(63,67,'image','56f688ef-67bc-4158-ba06-ff26cd620594','es'),(64,68,'image','5bb64727-1016-44d7-944a-4ec21da528c5','es'),(65,69,'image','d38a2414-1cb2-46b4-b528-a22462b802d6','es'),(66,70,'image','a0d790e1-9625-465f-a1d5-66830a4b3ff4','es'),(67,71,'image','5ac350d3-37dc-4f51-aa04-a4e7a0bea39c','es'),(68,72,'image','00ba37cd-d512-41e7-858b-56bead9ab306','es'),(69,73,'image','e469fd5b-2d9a-4c62-ac6d-ec951a82a822','es'),(70,74,'image','b9d5b911-5ceb-4569-876f-bdf211df5388','es'),(71,75,'image','415c98c9-08d0-4c1f-bd48-1671d7e76a0f','es'),(72,76,'image','e59c1a23-3857-4283-9d14-68bf249e150d','es'),(73,77,'image','c9c70477-a115-489e-9a7a-fe274789ba23','es'),(74,78,'image','47ce789c-90f3-4f3c-9cc9-7197cf2cc63c','es'),(75,79,'image','2f2c6170-0fa7-413c-b953-acf54fac00cb','es'),(76,80,'image','1b005d18-5c6f-4ef8-9752-ddedaf70345e','es'),(77,81,'image','63703fdc-6e89-4839-94c8-161ada977bee','es'),(78,82,'image','57d9b391-5092-4513-9531-f52fe70478a0','es'),(79,83,'image','882ca46f-c2f0-4173-b259-35b8ce47bad6','es'),(80,84,'image','f6f6a954-7a14-4782-a92d-f81d8fec6bbd','es'),(81,85,'image','5e89055f-1077-441f-bddd-2fd928c7c1d3','es'),(82,86,'image','fc8d635b-9ec4-4e14-ad21-1a2ede7db530','es'),(83,87,'image','d398fd82-fc01-4e98-a734-0996c7c22dcb','es'),(84,88,'image','85660ab2-18ad-41cf-9265-ded084947235','es'),(85,89,'image','bea2fe7e-a745-4f16-b5b2-f26fe93830e7','es'),(86,90,'image','961ebcac-7346-4741-b172-919dbed6328d','es'),(87,91,'image','5799ef7e-924a-4d12-a206-08875fd3e276','es'),(88,92,'image','e19ea125-e786-4fd4-a4bc-d94ad078b774','es'),(89,93,'image','2ed1400d-d910-41bb-80c7-65736ada6ae4','es'),(90,94,'image','22995f59-eff9-4099-882f-d6d74fab4a11','es'),(91,95,'document','0f223139-d034-460f-a6b2-5833cde5a580','es'),(92,96,'document','5993d038-3b9b-4986-ab07-7a9aabfa68ab','es'),(93,97,'document','819ce6a8-2e7b-49b5-b9e3-670ad26b797c','es'),(94,98,'image','17ac8bd5-de77-455c-8b94-db061c5ac04d','es');

--
-- Table structure for table `media__field_media_audio_file`
--

CREATE TABLE `media__field_media_audio_file` (
  `bundle` varchar(128) CHARACTER SET ascii COLLATE ascii_general_ci NOT NULL DEFAULT '' COMMENT 'The field instance bundle to which this row belongs, used when deleting a field instance',
  `deleted` tinyint NOT NULL DEFAULT '0' COMMENT 'A boolean indicating whether this data item has been deleted',
  `entity_id` int unsigned NOT NULL COMMENT 'The entity id this data is attached to',
  `revision_id` int unsigned NOT NULL COMMENT 'The entity revision id this data is attached to',
  `langcode` varchar(32) CHARACTER SET ascii COLLATE ascii_general_ci NOT NULL DEFAULT '' COMMENT 'The language code for this data item.',
  `delta` int unsigned NOT NULL COMMENT 'The sequence number for this data item, used for multi-value fields',
  `field_media_audio_file_target_id` int unsigned NOT NULL COMMENT 'The ID of the file entity.',
  `field_media_audio_file_display` tinyint unsigned DEFAULT '1' COMMENT 'Flag to control whether this file should be displayed when viewing content.',
  `field_media_audio_file_description` text COMMENT 'A description of the file.',
  PRIMARY KEY (`entity_id`,`deleted`,`delta`,`langcode`),
  KEY `bundle` (`bundle`),
  KEY `revision_id` (`revision_id`),
  KEY `field_media_audio_file_target_id` (`field_media_audio_file_target_id`)
) ENGINE=InnoDB DEFAULT CHARSET=utf8mb4 COLLATE=utf8mb4_0900_ai_ci COMMENT='Data storage for media field field_media_audio_file.';

--
-- Dumping data for table `media__field_media_audio_file`
--


--
-- Table structure for table `media__field_media_document`
--

CREATE TABLE `media__field_media_document` (
  `bundle` varchar(128) CHARACTER SET ascii COLLATE ascii_general_ci NOT NULL DEFAULT '' COMMENT 'The field instance bundle to which this row belongs, used when deleting a field instance',
  `deleted` tinyint NOT NULL DEFAULT '0' COMMENT 'A boolean indicating whether this data item has been deleted',
  `entity_id` int unsigned NOT NULL COMMENT 'The entity id this data is attached to',
  `revision_id` int unsigned NOT NULL COMMENT 'The entity revision id this data is attached to',
  `langcode` varchar(32) CHARACTER SET ascii COLLATE ascii_general_ci NOT NULL DEFAULT '' COMMENT 'The language code for this data item.',
  `delta` int unsigned NOT NULL COMMENT 'The sequence number for this data item, used for multi-value fields',
  `field_media_document_target_id` int unsigned NOT NULL COMMENT 'The ID of the file entity.',
  `field_media_document_display` tinyint unsigned DEFAULT '1' COMMENT 'Flag to control whether this file should be displayed when viewing content.',
  `field_media_document_description` text COMMENT 'A description of the file.',
  PRIMARY KEY (`entity_id`,`deleted`,`delta`,`langcode`),
  KEY `bundle` (`bundle`),
  KEY `revision_id` (`revision_id`),
  KEY `field_media_document_target_id` (`field_media_document_target_id`)
) ENGINE=InnoDB DEFAULT CHARSET=utf8mb4 COLLATE=utf8mb4_0900_ai_ci COMMENT='Data storage for media field field_media_document.';

--
-- Dumping data for table `media__field_media_document`
--

INSERT INTO `media__field_media_document` VALUES ('document',0,6,6,'es',0,46,1,''),('document',0,91,95,'es',0,218,1,''),('document',0,92,96,'es',0,219,1,''),('document',0,93,97,'es',0,220,1,'');

--
-- Table structure for table `media__field_media_image`
--

CREATE TABLE `media__field_media_image` (
  `bundle` varchar(128) CHARACTER SET ascii COLLATE ascii_general_ci NOT NULL DEFAULT '' COMMENT 'The field instance bundle to which this row belongs, used when deleting a field instance',
  `deleted` tinyint NOT NULL DEFAULT '0' COMMENT 'A boolean indicating whether this data item has been deleted',
  `entity_id` int unsigned NOT NULL COMMENT 'The entity id this data is attached to',
  `revision_id` int unsigned NOT NULL COMMENT 'The entity revision id this data is attached to',
  `langcode` varchar(32) CHARACTER SET ascii COLLATE ascii_general_ci NOT NULL DEFAULT '' COMMENT 'The language code for this data item.',
  `delta` int unsigned NOT NULL COMMENT 'The sequence number for this data item, used for multi-value fields',
  `field_media_image_target_id` int unsigned NOT NULL COMMENT 'The ID of the file entity.',
  `field_media_image_alt` varchar(512) DEFAULT NULL COMMENT 'Alternative image text, for the image''s ''alt'' attribute.',
  `field_media_image_title` varchar(1024) DEFAULT NULL COMMENT 'Image title text, for the image''s ''title'' attribute.',
  `field_media_image_width` int unsigned DEFAULT NULL COMMENT 'The width of the image in pixels.',
  `field_media_image_height` int unsigned DEFAULT NULL COMMENT 'The height of the image in pixels.',
  PRIMARY KEY (`entity_id`,`deleted`,`delta`,`langcode`),
  KEY `bundle` (`bundle`),
  KEY `revision_id` (`revision_id`),
  KEY `field_media_image_target_id` (`field_media_image_target_id`)
) ENGINE=InnoDB DEFAULT CHARSET=utf8mb4 COLLATE=utf8mb4_0900_ai_ci COMMENT='Data storage for media field field_media_image.';

--
-- Dumping data for table `media__field_media_image`
--

INSERT INTO `media__field_media_image` VALUES ('image',0,1,1,'es',0,41,'Sumarse al Banco','',600,200),('image',0,2,2,'es',0,42,'Descargar Iniciativa','',600,200),('image',0,3,3,'es',0,43,'Ingresar al sitio','',600,200),('image',0,4,4,'es',0,44,'Articular esfuerzos','',861,587),('image',0,5,5,'es',0,45,'Donar recursos','',627,545),('image',0,7,7,'es',0,48,'Mapa de Recursos captura','',1130,816),('image',0,8,8,'es',0,60,'Infografías','',745,603),('image',0,9,9,'es',0,61,'Logo Red','',256,88),('image',0,10,11,'es',0,63,'Infografias Red','',1024,400),('image',0,11,12,'es',0,64,'EN ACCION','',972,1278),('image',0,12,13,'es',0,65,'CONOCER PROYECTOS','',600,200),('image',0,13,14,'es',0,66,'Aportar Recursos','',2910,1440),('image',0,14,15,'es',0,69,'Innfografía 2','',1429,573),('image',0,15,16,'es',0,70,'MAS INFORMACION','',600,200),('image',0,16,28,'es',0,134,'Quiero donar','',558,278),('image',0,17,18,'es',0,72,'Aportar recursos','',564,282),('image',0,18,19,'es',0,73,'Quiero colaborar','',548,268),('image',0,19,20,'es',0,74,'CREAR CUENTA','',600,200),('image',0,20,21,'es',0,75,'Solicitar recursos','',1902,1374),('image',0,21,22,'es',0,76,'Quiero colaborar','',2048,1365),('image',0,22,24,'es',0,97,'Mapa de Poblaciones.org','',1200,400),('image',0,23,25,'es',0,121,'Foto acompañamiento','',1023,767),('image',0,24,26,'es',0,132,'Novedades','',600,200),('image',0,25,27,'es',0,133,'Cuadro blanco','',500,500),('image',0,26,29,'es',0,143,'Logo de IAF','',1000,1302),('image',0,27,30,'es',0,144,'Mujer sosteniendo sandia','',2183,2666),('image',0,28,31,'es',0,145,'Foto reunión taller','',3069,2237),('image',0,29,32,'es',0,149,'Solicitar recursos - empujar carro','',1218,880),('image',0,30,33,'es',0,150,'Solicitar recursos - IPAF NOA','',1460,1095),('image',0,31,34,'es',0,151,'Wunderman Thompson','',1668,1668),('image',0,32,35,'es',0,152,'PwC','',200,200),('image',0,33,36,'es',0,153,'RACI','',739,398),('image',0,34,39,'es',0,154,'Embajada','',223,173),('image',0,35,38,'es',0,155,'ONU Mujeres','',346,341),('image',0,36,40,'es',0,156,'Fortabat','',1772,1107),('image',0,37,41,'es',0,157,'Force for Good','',337,227),('image',0,38,42,'es',0,158,'Globant','',1200,626),('image',0,39,43,'es',0,159,'PPD','',204,113),('image',0,40,44,'es',0,160,'PNUD Argentina','',1001,399),('image',0,41,45,'es',0,161,'Desarrollo Social','',425,176),('image',0,42,46,'es',0,162,'INTA','',1431,1324),('image',0,43,47,'es',0,163,'UNQUI','',334,151),('image',0,44,48,'es',0,164,'Wingu','',650,222),('image',0,45,49,'es',0,165,'chicas en tecnología','',225,225),('image',0,46,50,'es',0,166,'CIVIC HOUSE','',650,363),('image',0,47,51,'es',0,167,'Diaguita','',221,191),('image',0,48,52,'es',0,168,'CAUQUEVA','',1114,788),('image',0,49,53,'es',0,169,'Atemporal','',179,111),('image',0,50,54,'es',0,170,'Arañitas hilanderas','',603,578),('image',0,51,55,'es',0,171,'INCUPO','',225,224),('image',0,52,56,'es',0,172,'El Futuro ','',490,350),('image',0,53,57,'es',0,173,'El Ceibal','',207,177),('image',0,54,58,'es',0,174,'UOCB','',259,194),('image',0,55,59,'es',0,175,'ACDI','',1561,984),('image',0,56,60,'es',0,176,'SiMas','',223,226),('image',0,57,61,'es',0,177,'AVINA','',367,137),('image',0,58,62,'es',0,178,'PROCAYPA','',960,796),('image',0,59,63,'es',0,179,'Sed Cero','',220,157),('image',0,60,64,'es',0,180,'Gran Chaco','',315,315),('image',0,61,65,'es',0,181,'Buena vida','',315,86),('image',0,62,66,'es',0,182,'Pueblos originales','',224,224),('image',0,63,67,'es',0,183,'Cruzada Patagónica','',465,296),('image',0,64,68,'es',0,184,'Frente de mujeres del Salado Norte','',223,226),('image',0,65,69,'es',0,185,'RedTisa','',222,98),('image',0,66,70,'es',0,186,'Niwok','',207,134),('image',0,67,71,'es',0,187,'Irradia','',600,249),('image',0,68,72,'es',0,188,'Redes chaco','',284,177),('image',0,69,73,'es',0,189,'Monte Adentro','',330,80),('image',0,70,74,'es',0,190,'FundaPaz','',300,130),('image',0,71,75,'es',0,191,'Siwok','',444,268),('image',0,72,76,'es',0,192,'Proyungas','',198,146),('image',0,73,77,'es',0,193,'Potenciar comunidades','',585,140),('image',0,74,78,'es',0,194,'Sumatoria','',2700,706),('image',0,75,79,'es',0,195,'toyota','',1099,1059),('image',0,76,80,'es',0,196,'Acanohayinternet','',286,176),('image',0,77,81,'es',0,197,'SGPGEF','',2282,640),('image',0,78,82,'es',0,198,'CISUDESA','',215,110),('image',0,79,83,'es',0,199,'Poblaciones','',396,71),('image',0,80,84,'es',0,200,'CONICET','',257,196),('image',0,81,85,'es',0,201,'ODSA','',329,153),('image',0,82,86,'es',0,202,'Territorios','',418,120),('image',0,83,87,'es',0,203,'ACERCA','',336,150),('image',0,84,88,'es',0,204,'coopsol','',312,161),('image',0,85,89,'es',0,205,'pata pila','',378,133),('image',0,86,90,'es',0,206,'vida silvestre','',1189,1757),('image',0,87,91,'es',0,207,'COMAR','',225,225),('image',0,88,92,'es',0,208,'Cosecha','',1824,1368),('image',0,89,93,'es',0,209,'cosecha2','',1024,700),('image',0,90,94,'es',0,210,'Comunidad de aprendizaje','',3111,2247),('image',0,94,98,'es',0,239,'Rio Blanquito','',800,530);

--
-- Table structure for table `media__field_media_oembed_video`
--

CREATE TABLE `media__field_media_oembed_video` (
  `bundle` varchar(128) CHARACTER SET ascii COLLATE ascii_general_ci NOT NULL DEFAULT '' COMMENT 'The field instance bundle to which this row belongs, used when deleting a field instance',
  `deleted` tinyint NOT NULL DEFAULT '0' COMMENT 'A boolean indicating whether this data item has been deleted',
  `entity_id` int unsigned NOT NULL COMMENT 'The entity id this data is attached to',
  `revision_id` int unsigned NOT NULL COMMENT 'The entity revision id this data is attached to',
  `langcode` varchar(32) CHARACTER SET ascii COLLATE ascii_general_ci NOT NULL DEFAULT '' COMMENT 'The language code for this data item.',
  `delta` int unsigned NOT NULL COMMENT 'The sequence number for this data item, used for multi-value fields',
  `field_media_oembed_video_value` varchar(255) NOT NULL,
  PRIMARY KEY (`entity_id`,`deleted`,`delta`,`langcode`),
  KEY `bundle` (`bundle`),
  KEY `revision_id` (`revision_id`)
) ENGINE=InnoDB DEFAULT CHARSET=utf8mb4 COLLATE=utf8mb4_0900_ai_ci COMMENT='Data storage for media field field_media_oembed_video.';

--
-- Dumping data for table `media__field_media_oembed_video`
--


--
-- Table structure for table `media__field_media_video_file`
--

CREATE TABLE `media__field_media_video_file` (
  `bundle` varchar(128) CHARACTER SET ascii COLLATE ascii_general_ci NOT NULL DEFAULT '' COMMENT 'The field instance bundle to which this row belongs, used when deleting a field instance',
  `deleted` tinyint NOT NULL DEFAULT '0' COMMENT 'A boolean indicating whether this data item has been deleted',
  `entity_id` int unsigned NOT NULL COMMENT 'The entity id this data is attached to',
  `revision_id` int unsigned NOT NULL COMMENT 'The entity revision id this data is attached to',
  `langcode` varchar(32) CHARACTER SET ascii COLLATE ascii_general_ci NOT NULL DEFAULT '' COMMENT 'The language code for this data item.',
  `delta` int unsigned NOT NULL COMMENT 'The sequence number for this data item, used for multi-value fields',
  `field_media_video_file_target_id` int unsigned NOT NULL COMMENT 'The ID of the file entity.',
  `field_media_video_file_display` tinyint unsigned DEFAULT '1' COMMENT 'Flag to control whether this file should be displayed when viewing content.',
  `field_media_video_file_description` text COMMENT 'A description of the file.',
  PRIMARY KEY (`entity_id`,`deleted`,`delta`,`langcode`),
  KEY `bundle` (`bundle`),
  KEY `revision_id` (`revision_id`),
  KEY `field_media_video_file_target_id` (`field_media_video_file_target_id`)
) ENGINE=InnoDB DEFAULT CHARSET=utf8mb4 COLLATE=utf8mb4_0900_ai_ci COMMENT='Data storage for media field field_media_video_file.';

--
-- Dumping data for table `media__field_media_video_file`
--


--
-- Table structure for table `media_field_data`
--

CREATE TABLE `media_field_data` (
  `mid` int unsigned NOT NULL,
  `vid` int unsigned NOT NULL,
  `bundle` varchar(32) CHARACTER SET ascii COLLATE ascii_general_ci NOT NULL COMMENT 'The ID of the target entity.',
  `langcode` varchar(12) CHARACTER SET ascii COLLATE ascii_general_ci NOT NULL,
  `status` tinyint NOT NULL,
  `uid` int unsigned NOT NULL COMMENT 'The ID of the target entity.',
  `name` varchar(255) DEFAULT NULL,
  `thumbnail__target_id` int unsigned DEFAULT NULL COMMENT 'The ID of the file entity.',
  `thumbnail__alt` varchar(512) DEFAULT NULL COMMENT 'Alternative image text, for the image''s ''alt'' attribute.',
  `thumbnail__title` varchar(1024) DEFAULT NULL COMMENT 'Image title text, for the image''s ''title'' attribute.',
  `thumbnail__width` int unsigned DEFAULT NULL COMMENT 'The width of the image in pixels.',
  `thumbnail__height` int unsigned DEFAULT NULL COMMENT 'The height of the image in pixels.',
  `created` int DEFAULT NULL,
  `changed` int DEFAULT NULL,
  `default_langcode` tinyint NOT NULL,
  `revision_translation_affected` tinyint DEFAULT NULL,
  PRIMARY KEY (`mid`,`langcode`),
  KEY `media__id__default_langcode__langcode` (`mid`,`default_langcode`,`langcode`),
  KEY `media__vid` (`vid`),
  KEY `media_field__bundle__target_id` (`bundle`),
  KEY `media_field__uid__target_id` (`uid`),
  KEY `media_field__thumbnail__target_id` (`thumbnail__target_id`),
  KEY `media__status_bundle` (`status`,`bundle`,`mid`)
) ENGINE=InnoDB DEFAULT CHARSET=utf8mb4 COLLATE=utf8mb4_0900_ai_ci COMMENT='The data table for media entities.';

--
-- Dumping data for table `media_field_data`
--

INSERT INTO `media_field_data` VALUES (1,1,'image','es',1,1,'¡SUMATE AL BANCO! (5).png',41,'Sumarse al Banco',NULL,600,200,1624421065,1624421092,1,1),(2,2,'image','es',1,1,'¡SUMATE AL BANCO! (6).png',42,'Descargar Iniciativa',NULL,600,200,1624421100,1624421113,1,1),(3,3,'image','es',1,1,'¡SUMATE AL BANCO! (7).png',43,'Ingresar al sitio',NULL,600,200,1624421121,1624421135,1,1),(4,4,'image','es',1,1,'Articular esfuerzos.png',44,'Articular esfuerzos',NULL,861,587,1624421160,1624421172,1,1),(5,5,'image','es',1,1,'Donar recursos.png',45,'Donar recursos',NULL,627,545,1624421186,1624421200,1,1),(6,6,'document','es',1,1,'Banco de Proyectos Comunitarios Rurales (Presentación resumida- Red Comunidades Rurales) (1)_compressed.pdf',47,'',NULL,180,180,1624422429,1624422495,1,1),(7,7,'image','es',1,1,'Mapas de recursos captura.png',48,'Mapa de Recursos captura',NULL,1130,816,1624423471,1624423489,1,1),(8,8,'image','es',1,1,'Infografías.png',60,'Infografías',NULL,745,603,1624432104,1624432134,1,1),(9,9,'image','es',1,1,'logored.png',61,'Logo Red',NULL,256,88,1624432191,1624432207,1,1),(10,11,'image','es',1,1,'Diseño sin título (15).png',63,'Infografias Red',NULL,1024,400,1624432855,1624433338,1,1),(11,12,'image','es',1,1,'94831949_3082793935091031_3420177660049883136_n.jpg',64,'EN ACCION',NULL,972,1278,1624434702,1624434723,1,1),(12,13,'image','es',1,1,'¡SUMATE AL BANCO! (8).png',65,'CONOCER PROYECTOS',NULL,600,200,1624436334,1624436347,1,1),(13,14,'image','es',1,1,'37488257_1944791482224621_871937309514137600_n.jpg',66,'Aportar Recursos',NULL,2910,1440,1624436958,1624436975,1,1),(14,15,'image','es',1,1,'infografía 2.png',69,'Innfografía 2',NULL,1429,573,1624439683,1624439709,1,1),(15,16,'image','es',1,1,'¡SUMATE AL BANCO! (9).png',70,'MAS INFORMACION',NULL,600,200,1624439930,1624439946,1,1),(16,28,'image','es',1,1,'Quiero Donar.png',134,'Quiero donar',NULL,558,278,1624440424,1640030602,1,1),(17,18,'image','es',1,1,'Aportar recursos.png',72,'Aportar recursos',NULL,564,282,1624440611,1624440628,1,1),(18,19,'image','es',1,1,'Quiero colaborar.png',73,'Quiero colaborar',NULL,548,268,1624440731,1624440759,1,1),(19,20,'image','es',1,1,'¡SUMATE AL BANCO! (10).png',74,'CREAR CUENTA',NULL,600,200,1624442784,1624442792,1,1),(20,21,'image','es',1,1,'183778526_4153894927980921_7085686220655383086_n.jpg',75,'Solicitar recursos',NULL,1902,1374,1624444954,1624444966,1,1),(21,22,'image','es',1,1,'19092704_1462950653742042_420044751733469101_o.jpg',76,'Quiero colaborar',NULL,2048,1365,1624447569,1624447583,1,1),(22,24,'image','es',1,1,'Diseño sin título (21).png',97,'Mapa de Poblaciones.org',NULL,1200,400,1625518274,1625518334,1,NULL),(23,25,'image','es',1,1,'foto2-1-scaled-e1594796147475.jpg',121,'Foto acompañamiento',NULL,1023,767,1631808010,1631808053,1,1),(24,26,'image','es',1,1,'¡SUMATE AL BANCO!.png',132,'Novedades',NULL,600,200,1640029701,1640029717,1,1),(25,27,'image','es',1,1,'Diseño sin título (1).png',133,'Cuadro blanco',NULL,500,500,1640030199,1640030220,1,1),(26,29,'image','es',1,1,'IAF-LogoV-Spanish-2021.png',143,'Logo de IAF',NULL,1000,1302,1641388676,1641388691,1,1),(27,30,'image','es',1,1,'Foto 5.jpg',144,'Mujer sosteniendo sandia',NULL,2183,2666,1641389818,1641389962,1,1),(28,31,'image','es',1,1,'Foto 6.jpg',145,'Foto reunión taller',NULL,3069,2237,1641389991,1641390084,1,1),(29,32,'image','es',1,1,'Foto 9.jpg',149,'Solicitar recursos - empujar carro',NULL,1218,880,1641478342,1641478789,1,1),(30,33,'image','es',1,1,'Foto 10.jpg',150,'Solicitar recursos - IPAF NOA',NULL,1460,1095,1641479122,1641479159,1,1),(31,34,'image','es',1,1,'Wunderman Thompson Argentina (Fuente FB).jpg',151,'Wunderman Thompson',NULL,1668,1668,1645211124,1645211147,1,1),(32,35,'image','es',1,1,'PwC Argentina (Fuente LinkedIn).jpg',152,'PwC',NULL,200,200,1645211233,1645211252,1,1),(33,36,'image','es',1,1,'Logo RACI.png',153,'RACI',NULL,739,398,1645211312,1645211328,1,1),(34,39,'image','es',1,1,'Logo Embajada de Australia.png',154,'Embajada',NULL,223,173,1645211392,1645211545,1,NULL),(35,38,'image','es',1,1,'ONU Mujeres Argentina.jpg',155,'ONU Mujeres',NULL,346,341,1645211477,1645211496,1,1),(36,40,'image','es',1,1,'Fundación Amalia Lacroze de Fortabat.jpg',156,'Fortabat',NULL,1772,1107,1645211557,1645211574,1,1),(37,41,'image','es',1,1,'Force for Good - JP Morgan.png',157,'Force for Good',NULL,337,227,1645211772,1645211788,1,1),(38,42,'image','es',1,1,'Globant.png',158,'Globant',NULL,1200,626,1645211813,1645211827,1,1),(39,43,'image','es',1,1,'PPD Argentina.jpg',159,'PPD',NULL,204,113,1645212093,1645212108,1,1),(40,44,'image','es',1,1,'PNUD Argentina.png',160,'PNUD Argentina',NULL,1001,399,1645212917,1645212939,1,1),(41,45,'image','es',1,1,'Ministerio de Desarrollo Social de la Nación.png',161,'Desarrollo Social',NULL,425,176,1645213252,1645213283,1,1),(42,46,'image','es',1,1,'INTA .jpg',162,'INTA',NULL,1431,1324,1645213327,1645213346,1,1),(43,47,'image','es',1,1,'Universidad Nacional de Quilmes.png',163,'UNQUI',NULL,334,151,1645213375,1645213396,1,1),(44,48,'image','es',1,1,'Wingu.png',164,'Wingu',NULL,650,222,1645214841,1645214856,1,1),(45,49,'image','es',1,1,'descarga.png',165,'chicas en tecnología',NULL,225,225,1645215238,1645215327,1,1),(46,50,'image','es',1,1,'Civic House.png',166,'CIVIC HOUSE',NULL,650,363,1645215391,1645215410,1,1),(47,51,'image','es',1,1,'Coop. Surco Diaguita.jpg',167,'Diaguita',NULL,221,191,1645215778,1645215791,1,1),(48,52,'image','es',1,1,'Coop. CAUQUEVA.png',168,'CAUQUEVA',NULL,1114,788,1645215845,1645215859,1,1),(49,53,'image','es',1,1,'Coop. Atemporal.jpg',169,'Atemporal',NULL,179,111,1645215936,1645215952,1,1),(50,54,'image','es',1,1,'Coop. Arañitas Hilanderas.jpg',170,'Arañitas hilanderas',NULL,603,578,1645215989,1645216006,1,1),(51,55,'image','es',1,1,'INCUPO.png',171,'INCUPO',NULL,225,224,1645216213,1645216226,1,1),(52,56,'image','es',1,1,'El Futuro está en el monte.png',172,'El Futuro ',NULL,490,350,1645216276,1645216287,1,1),(53,57,'image','es',1,1,'Aociación El Ceibal.jpg',173,'El Ceibal',NULL,207,177,1645216336,1645216347,1,1),(54,58,'image','es',1,1,'UOCB.png',174,'UOCB',NULL,259,194,1645216371,1645216464,1,1),(55,59,'image','es',1,1,'ACDI.png',175,'ACDI',NULL,1561,984,1645216470,1645216484,1,1),(56,60,'image','es',1,1,'Fundación SIMAS.png',176,'SiMas',NULL,223,226,1645216523,1645216536,1,1),(57,61,'image','es',1,1,'Fundación Avina.png',177,'AVINA',NULL,367,137,1645216582,1645216594,1,1),(58,62,'image','es',1,1,'PROCAYPA.jpg',178,'PROCAYPA',NULL,960,796,1645216622,1645216633,1,1),(59,63,'image','es',1,1,'SED CERO.jpg',179,'Sed Cero',NULL,220,157,1645216747,1645216759,1,1),(60,64,'image','es',1,1,'Logo Gran Chaco 2.jpg',180,'Gran Chaco',NULL,315,315,1645216786,1645216799,1,1),(61,65,'image','es',1,1,'Fundación Buena Vida.png',181,'Buena vida',NULL,315,86,1645216864,1645216877,1,1),(62,66,'image','es',1,1,'Pueblos Originales.png',182,'Pueblos originales',NULL,224,224,1645216895,1645216910,1,1),(63,67,'image','es',1,1,'Fundación Cruzada Patagónica.jpg',183,'Cruzada Patagónica',NULL,465,296,1645217000,1645217044,1,1),(64,68,'image','es',1,1,'Frente de Mujeres del Salado Norte.jpg',184,'Frente de mujeres del Salado Norte',NULL,223,226,1645217070,1645217088,1,1),(65,69,'image','es',1,1,'Red TISA.jpg',185,'RedTisa',NULL,222,98,1645217121,1645217132,1,1),(66,70,'image','es',1,1,'Fundación Niwok.jpg',186,'Niwok',NULL,207,134,1645217165,1645217177,1,1),(67,71,'image','es',1,1,'Fundación Irradia.png',187,'Irradia',NULL,600,249,1645217236,1645217248,1,1),(68,72,'image','es',1,1,'Redes Chaco.png',188,'Redes chaco',NULL,284,177,1645217292,1645217304,1,1),(69,73,'image','es',1,1,'Asociación Monte Adentro.png',189,'Monte Adentro',NULL,330,80,1645217326,1645217338,1,1),(70,74,'image','es',1,1,'Fundapaz.png',190,'FundaPaz',NULL,300,130,1645217441,1645217520,1,1),(71,75,'image','es',1,1,'Fundación Siwok.jpg',191,'Siwok',NULL,444,268,1645217526,1645217537,1,1),(72,76,'image','es',1,1,'Fundación Proyungas.jpg',192,'Proyungas',NULL,198,146,1645217568,1645217743,1,1),(73,77,'image','es',1,1,'Potenciar Comunidades.png',193,'Potenciar comunidades',NULL,585,140,1645217756,1645217768,1,1),(74,78,'image','es',1,1,'Sumatoria.png',194,'Sumatoria',NULL,2700,706,1645217803,1645217814,1,1),(75,79,'image','es',1,1,'Toyota.jpg',195,'toyota',NULL,1099,1059,1645455350,1645455373,1,1),(76,80,'image','es',1,1,'Acánohayinternet.org_.png',196,'Acanohayinternet',NULL,286,176,1645455708,1645455722,1,1),(77,81,'image','es',1,1,'SGP.jpg',197,'SGPGEF',NULL,2282,640,1645455892,1645455905,1,1),(78,82,'image','es',1,1,'CIS - UdeSA.jpg',198,'CISUDESA',NULL,215,110,1645456018,1645456031,1,1),(79,83,'image','es',1,1,'Poblaciones.org_.png',199,'Poblaciones',NULL,396,71,1645456108,1645456122,1,1),(80,84,'image','es',1,1,'IIBICRIT - CONICET.png',200,'CONICET',NULL,257,196,1645456156,1645456168,1,1),(81,85,'image','es',1,1,'ODSA.png',201,'ODSA',NULL,329,153,1645456206,1645456219,1,1),(82,86,'image','es',1,1,'Territorios en acción.png',202,'Territorios',NULL,418,120,1645456258,1645456270,1,1),(83,87,'image','es',1,1,'ACERCA.png',203,'ACERCA',NULL,336,150,1645456461,1645456474,1,1),(84,88,'image','es',1,1,'coopsol.png',204,'coopsol',NULL,312,161,1645456652,1645456668,1,1),(85,89,'image','es',1,1,'pata pila.png',205,'pata pila',NULL,378,133,1645456758,1645456770,1,1),(86,90,'image','es',1,1,'Fundación Vida Silvestre Argentina.jpg',206,'vida silvestre',NULL,1189,1757,1645456805,1645456828,1,1),(87,91,'image','es',1,1,'COMAR (1).jpg',207,'COMAR',NULL,225,225,1645456879,1645457448,1,1),(88,92,'image','es',1,1,'16. Cosecha en Aldea Mbyá-guaraní. Foto P. Sutton.jpg',208,'Cosecha',NULL,1824,1368,1645457458,1645457518,1,1),(89,93,'image','es',1,1,'Diseño sin título (12).png',209,'cosecha2',NULL,1024,700,1645457719,1645457789,1,1),(90,94,'image','es',1,1,'5. Foto Comunidad.jpg',210,'Comunidad de aprendizaje',NULL,3111,2247,1645536013,1645536037,1,1),(91,95,'document','es',1,1,'Manifiesto BPCR.pdf',47,'',NULL,180,180,1650646928,1650646941,1,1),(92,96,'document','es',1,1,'Consignas grupales.pdf',47,'',NULL,180,180,1650647085,1650647099,1,1),(93,97,'document','es',1,1,'Presentación del BPCR en el Primer Encuentro_compressed.pdf',47,'',NULL,180,180,1650647265,1650647414,1,1),(94,98,'image','es',1,1,'Imagen1.jpg',239,'Rio Blanquito',NULL,800,530,1659381162,1659381212,1,1);

--
-- Table structure for table `media_field_revision`
--

CREATE TABLE `media_field_revision` (
  `mid` int unsigned NOT NULL,
  `vid` int unsigned NOT NULL,
  `langcode` varchar(12) CHARACTER SET ascii COLLATE ascii_general_ci NOT NULL,
  `status` tinyint NOT NULL,
  `uid` int unsigned NOT NULL COMMENT 'The ID of the target entity.',
  `name` varchar(255) DEFAULT NULL,
  `thumbnail__target_id` int unsigned DEFAULT NULL COMMENT 'The ID of the file entity.',
  `thumbnail__alt` varchar(512) DEFAULT NULL COMMENT 'Alternative image text, for the image''s ''alt'' attribute.',
  `thumbnail__title` varchar(1024) DEFAULT NULL COMMENT 'Image title text, for the image''s ''title'' attribute.',
  `thumbnail__width` int unsigned DEFAULT NULL COMMENT 'The width of the image in pixels.',
  `thumbnail__height` int unsigned DEFAULT NULL COMMENT 'The height of the image in pixels.',
  `created` int DEFAULT NULL,
  `changed` int DEFAULT NULL,
  `default_langcode` tinyint NOT NULL,
  `revision_translation_affected` tinyint DEFAULT NULL,
  PRIMARY KEY (`vid`,`langcode`),
  KEY `media__id__default_langcode__langcode` (`mid`,`default_langcode`,`langcode`),
  KEY `media_field__uid__target_id` (`uid`),
  KEY `media_field__thumbnail__target_id` (`thumbnail__target_id`)
) ENGINE=InnoDB DEFAULT CHARSET=utf8mb4 COLLATE=utf8mb4_0900_ai_ci COMMENT='The revision data table for media entities.';

--
-- Dumping data for table `media_field_revision`
--

INSERT INTO `media_field_revision` VALUES (1,1,'es',1,1,'¡SUMATE AL BANCO! (5).png',41,'Sumarse al Banco',NULL,600,200,1624421065,1624421092,1,1),(2,2,'es',1,1,'¡SUMATE AL BANCO! (6).png',42,'Descargar Iniciativa',NULL,600,200,1624421100,1624421113,1,1),(3,3,'es',1,1,'¡SUMATE AL BANCO! (7).png',43,'Ingresar al sitio',NULL,600,200,1624421121,1624421135,1,1),(4,4,'es',1,1,'Articular esfuerzos.png',44,'Articular esfuerzos',NULL,861,587,1624421160,1624421172,1,1),(5,5,'es',1,1,'Donar recursos.png',45,'Donar recursos',NULL,627,545,1624421186,1624421200,1,1),(6,6,'es',1,1,'Banco de Proyectos Comunitarios Rurales (Presentación resumida- Red Comunidades Rurales) (1)_compressed.pdf',47,'',NULL,180,180,1624422429,1624422495,1,1),(7,7,'es',1,1,'Mapas de recursos captura.png',48,'Mapa de Recursos captura',NULL,1130,816,1624423471,1624423489,1,1),(8,8,'es',1,1,'Infografías.png',60,'Infografías',NULL,745,603,1624432104,1624432134,1,1),(9,9,'es',1,1,'logored.png',61,'Logo Red',NULL,256,88,1624432191,1624432207,1,1),(10,10,'es',1,1,'Diseño sin título (14).png',62,'Infografias Red',NULL,1024,400,1624432855,1624432876,1,1),(10,11,'es',1,1,'Diseño sin título (15).png',63,'Infografias Red',NULL,1024,400,1624432855,1624433338,1,1),(11,12,'es',1,1,'94831949_3082793935091031_3420177660049883136_n.jpg',64,'EN ACCION',NULL,972,1278,1624434702,1624434723,1,1),(12,13,'es',1,1,'¡SUMATE AL BANCO! (8).png',65,'CONOCER PROYECTOS',NULL,600,200,1624436334,1624436347,1,1),(13,14,'es',1,1,'37488257_1944791482224621_871937309514137600_n.jpg',66,'Aportar Recursos',NULL,2910,1440,1624436958,1624436975,1,1),(14,15,'es',1,1,'infografía 2.png',69,'Innfografía 2',NULL,1429,573,1624439683,1624439709,1,1),(15,16,'es',1,1,'¡SUMATE AL BANCO! (9).png',70,'MAS INFORMACION',NULL,600,200,1624439930,1624439946,1,1),(16,17,'es',1,1,'Quiero Donar.png',71,'Quiero donar',NULL,558,278,1624440424,1624440438,1,1),(17,18,'es',1,1,'Aportar recursos.png',72,'Aportar recursos',NULL,564,282,1624440611,1624440628,1,1),(18,19,'es',1,1,'Quiero colaborar.png',73,'Quiero colaborar',NULL,548,268,1624440731,1624440759,1,1),(19,20,'es',1,1,'¡SUMATE AL BANCO! (10).png',74,'CREAR CUENTA',NULL,600,200,1624442784,1624442792,1,1),(20,21,'es',1,1,'183778526_4153894927980921_7085686220655383086_n.jpg',75,'Solicitar recursos',NULL,1902,1374,1624444954,1624444966,1,1),(21,22,'es',1,1,'19092704_1462950653742042_420044751733469101_o.jpg',76,'Quiero colaborar',NULL,2048,1365,1624447569,1624447583,1,1),(22,23,'es',1,1,'Diseño sin título (21).png',97,'Mapa de Poblaciones.org',NULL,1200,400,1625518274,1625518305,1,1),(22,24,'es',1,1,'Diseño sin título (21).png',97,'Mapa de Poblaciones.org',NULL,1200,400,1625518274,1625518334,1,NULL),(23,25,'es',1,1,'foto2-1-scaled-e1594796147475.jpg',121,'Foto acompañamiento',NULL,1023,767,1631808010,1631808053,1,1),(24,26,'es',1,1,'¡SUMATE AL BANCO!.png',132,'Novedades',NULL,600,200,1640029701,1640029717,1,1),(25,27,'es',1,1,'Diseño sin título (1).png',133,'Cuadro blanco',NULL,500,500,1640030199,1640030220,1,1),(16,28,'es',1,1,'Quiero Donar.png',134,'Quiero donar',NULL,558,278,1624440424,1640030602,1,1),(26,29,'es',1,1,'IAF-LogoV-Spanish-2021.png',143,'Logo de IAF',NULL,1000,1302,1641388676,1641388691,1,1),(27,30,'es',1,1,'Foto 5.jpg',144,'Mujer sosteniendo sandia',NULL,2183,2666,1641389818,1641389962,1,1),(28,31,'es',1,1,'Foto 6.jpg',145,'Foto reunión taller',NULL,3069,2237,1641389991,1641390084,1,1),(29,32,'es',1,1,'Foto 9.jpg',149,'Solicitar recursos - empujar carro',NULL,1218,880,1641478342,1641478789,1,1),(30,33,'es',1,1,'Foto 10.jpg',150,'Solicitar recursos - IPAF NOA',NULL,1460,1095,1641479122,1641479159,1,1),(31,34,'es',1,1,'Wunderman Thompson Argentina (Fuente FB).jpg',151,'Wunderman Thompson',NULL,1668,1668,1645211124,1645211147,1,1),(32,35,'es',1,1,'PwC Argentina (Fuente LinkedIn).jpg',152,'PwC',NULL,200,200,1645211233,1645211252,1,1),(33,36,'es',1,1,'Logo RACI.png',153,'RACI',NULL,739,398,1645211312,1645211328,1,1),(34,37,'es',1,1,'Logo Embajada de Australia.png',154,'Embajada',NULL,223,173,1645211392,1645211423,1,1),(35,38,'es',1,1,'ONU Mujeres Argentina.jpg',155,'ONU Mujeres',NULL,346,341,1645211477,1645211496,1,1),(34,39,'es',1,1,'Logo Embajada de Australia.png',154,'Embajada',NULL,223,173,1645211392,1645211545,1,NULL),(36,40,'es',1,1,'Fundación Amalia Lacroze de Fortabat.jpg',156,'Fortabat',NULL,1772,1107,1645211557,1645211574,1,1),(37,41,'es',1,1,'Force for Good - JP Morgan.png',157,'Force for Good',NULL,337,227,1645211772,1645211788,1,1),(38,42,'es',1,1,'Globant.png',158,'Globant',NULL,1200,626,1645211813,1645211827,1,1),(39,43,'es',1,1,'PPD Argentina.jpg',159,'PPD',NULL,204,113,1645212093,1645212108,1,1),(40,44,'es',1,1,'PNUD Argentina.png',160,'PNUD Argentina',NULL,1001,399,1645212917,1645212939,1,1),(41,45,'es',1,1,'Ministerio de Desarrollo Social de la Nación.png',161,'Desarrollo Social',NULL,425,176,1645213252,1645213283,1,1),(42,46,'es',1,1,'INTA .jpg',162,'INTA',NULL,1431,1324,1645213327,1645213346,1,1),(43,47,'es',1,1,'Universidad Nacional de Quilmes.png',163,'UNQUI',NULL,334,151,1645213375,1645213396,1,1),(44,48,'es',1,1,'Wingu.png',164,'Wingu',NULL,650,222,1645214841,1645214856,1,1),(45,49,'es',1,1,'descarga.png',165,'chicas en tecnología',NULL,225,225,1645215238,1645215327,1,1),(46,50,'es',1,1,'Civic House.png',166,'CIVIC HOUSE',NULL,650,363,1645215391,1645215410,1,1),(47,51,'es',1,1,'Coop. Surco Diaguita.jpg',167,'Diaguita',NULL,221,191,1645215778,1645215791,1,1),(48,52,'es',1,1,'Coop. CAUQUEVA.png',168,'CAUQUEVA',NULL,1114,788,1645215845,1645215859,1,1),(49,53,'es',1,1,'Coop. Atemporal.jpg',169,'Atemporal',NULL,179,111,1645215936,1645215952,1,1),(50,54,'es',1,1,'Coop. Arañitas Hilanderas.jpg',170,'Arañitas hilanderas',NULL,603,578,1645215989,1645216006,1,1),(51,55,'es',1,1,'INCUPO.png',171,'INCUPO',NULL,225,224,1645216213,1645216226,1,1),(52,56,'es',1,1,'El Futuro está en el monte.png',172,'El Futuro ',NULL,490,350,1645216276,1645216287,1,1),(53,57,'es',1,1,'Aociación El Ceibal.jpg',173,'El Ceibal',NULL,207,177,1645216336,1645216347,1,1),(54,58,'es',1,1,'UOCB.png',174,'UOCB',NULL,259,194,1645216371,1645216464,1,1),(55,59,'es',1,1,'ACDI.png',175,'ACDI',NULL,1561,984,1645216470,1645216484,1,1),(56,60,'es',1,1,'Fundación SIMAS.png',176,'SiMas',NULL,223,226,1645216523,1645216536,1,1),(57,61,'es',1,1,'Fundación Avina.png',177,'AVINA',NULL,367,137,1645216582,1645216594,1,1),(58,62,'es',1,1,'PROCAYPA.jpg',178,'PROCAYPA',NULL,960,796,1645216622,1645216633,1,1),(59,63,'es',1,1,'SED CERO.jpg',179,'Sed Cero',NULL,220,157,1645216747,1645216759,1,1),(60,64,'es',1,1,'Logo Gran Chaco 2.jpg',180,'Gran Chaco',NULL,315,315,1645216786,1645216799,1,1),(61,65,'es',1,1,'Fundación Buena Vida.png',181,'Buena vida',NULL,315,86,1645216864,1645216877,1,1),(62,66,'es',1,1,'Pueblos Originales.png',182,'Pueblos originales',NULL,224,224,1645216895,1645216910,1,1),(63,67,'es',1,1,'Fundación Cruzada Patagónica.jpg',183,'Cruzada Patagónica',NULL,465,296,1645217000,1645217044,1,1),(64,68,'es',1,1,'Frente de Mujeres del Salado Norte.jpg',184,'Frente de mujeres del Salado Norte',NULL,223,226,1645217070,1645217088,1,1),(65,69,'es',1,1,'Red TISA.jpg',185,'RedTisa',NULL,222,98,1645217121,1645217132,1,1),(66,70,'es',1,1,'Fundación Niwok.jpg',186,'Niwok',NULL,207,134,1645217165,1645217177,1,1),(67,71,'es',1,1,'Fundación Irradia.png',187,'Irradia',NULL,600,249,1645217236,1645217248,1,1),(68,72,'es',1,1,'Redes Chaco.png',188,'Redes chaco',NULL,284,177,1645217292,1645217304,1,1),(69,73,'es',1,1,'Asociación Monte Adentro.png',189,'Monte Adentro',NULL,330,80,1645217326,1645217338,1,1),(70,74,'es',1,1,'Fundapaz.png',190,'FundaPaz',NULL,300,130,1645217441,1645217520,1,1),(71,75,'es',1,1,'Fundación Siwok.jpg',191,'Siwok',NULL,444,268,1645217526,1645217537,1,1),(72,76,'es',1,1,'Fundación Proyungas.jpg',192,'Proyungas',NULL,198,146,1645217568,1645217743,1,1),(73,77,'es',1,1,'Potenciar Comunidades.png',193,'Potenciar comunidades',NULL,585,140,1645217756,1645217768,1,1),(74,78,'es',1,1,'Sumatoria.png',194,'Sumatoria',NULL,2700,706,1645217803,1645217814,1,1),(75,79,'es',1,1,'Toyota.jpg',195,'toyota',NULL,1099,1059,1645455350,1645455373,1,1),(76,80,'es',1,1,'Acánohayinternet.org_.png',196,'Acanohayinternet',NULL,286,176,1645455708,1645455722,1,1),(77,81,'es',1,1,'SGP.jpg',197,'SGPGEF',NULL,2282,640,1645455892,1645455905,1,1),(78,82,'es',1,1,'CIS - UdeSA.jpg',198,'CISUDESA',NULL,215,110,1645456018,1645456031,1,1),(79,83,'es',1,1,'Poblaciones.org_.png',199,'Poblaciones',NULL,396,71,1645456108,1645456122,1,1),(80,84,'es',1,1,'IIBICRIT - CONICET.png',200,'CONICET',NULL,257,196,1645456156,1645456168,1,1),(81,85,'es',1,1,'ODSA.png',201,'ODSA',NULL,329,153,1645456206,1645456219,1,1),(82,86,'es',1,1,'Territorios en acción.png',202,'Territorios',NULL,418,120,1645456258,1645456270,1,1),(83,87,'es',1,1,'ACERCA.png',203,'ACERCA',NULL,336,150,1645456461,1645456474,1,1),(84,88,'es',1,1,'coopsol.png',204,'coopsol',NULL,312,161,1645456652,1645456668,1,1),(85,89,'es',1,1,'pata pila.png',205,'pata pila',NULL,378,133,1645456758,1645456770,1,1),(86,90,'es',1,1,'Fundación Vida Silvestre Argentina.jpg',206,'vida silvestre',NULL,1189,1757,1645456805,1645456828,1,1),(87,91,'es',1,1,'COMAR (1).jpg',207,'COMAR',NULL,225,225,1645456879,1645457448,1,1),(88,92,'es',1,1,'16. Cosecha en Aldea Mbyá-guaraní. Foto P. Sutton.jpg',208,'Cosecha',NULL,1824,1368,1645457458,1645457518,1,1),(89,93,'es',1,1,'Diseño sin título (12).png',209,'cosecha2',NULL,1024,700,1645457719,1645457789,1,1),(90,94,'es',1,1,'5. Foto Comunidad.jpg',210,'Comunidad de aprendizaje',NULL,3111,2247,1645536013,1645536037,1,1),(91,95,'es',1,1,'Manifiesto BPCR.pdf',47,'',NULL,180,180,1650646928,1650646941,1,1),(92,96,'es',1,1,'Consignas grupales.pdf',47,'',NULL,180,180,1650647085,1650647099,1,1),(93,97,'es',1,1,'Presentación del BPCR en el Primer Encuentro_compressed.pdf',47,'',NULL,180,180,1650647265,1650647414,1,1),(94,98,'es',1,1,'Imagen1.jpg',239,'Rio Blanquito',NULL,800,530,1659381162,1659381212,1,1);

--
-- Table structure for table `media_revision`
--

CREATE TABLE `media_revision` (
  `mid` int unsigned NOT NULL,
  `vid` int unsigned NOT NULL AUTO_INCREMENT,
  `langcode` varchar(12) CHARACTER SET ascii COLLATE ascii_general_ci NOT NULL,
  `revision_user` int unsigned DEFAULT NULL COMMENT 'The ID of the target entity.',
  `revision_created` int DEFAULT NULL,
  `revision_log_message` longtext,
  `revision_default` tinyint DEFAULT NULL,
  PRIMARY KEY (`vid`),
  KEY `media__mid` (`mid`),
  KEY `media_field__revision_user__target_id` (`revision_user`)
) ENGINE=InnoDB AUTO_INCREMENT=99 DEFAULT CHARSET=utf8mb4 COLLATE=utf8mb4_0900_ai_ci COMMENT='The revision table for media entities.';

--
-- Dumping data for table `media_revision`
--

INSERT INTO `media_revision` VALUES (1,1,'es',1,1624421092,NULL,1),(2,2,'es',1,1624421113,NULL,1),(3,3,'es',1,1624421135,NULL,1),(4,4,'es',1,1624421172,NULL,1),(5,5,'es',1,1624421200,NULL,1),(6,6,'es',1,1624422495,NULL,1),(7,7,'es',1,1624423489,NULL,1),(8,8,'es',1,1624432134,NULL,1),(9,9,'es',1,1624432207,NULL,1),(10,10,'es',1,1624432876,NULL,1),(10,11,'es',1,1624433338,NULL,1),(11,12,'es',1,1624434723,NULL,1),(12,13,'es',1,1624436347,NULL,1),(13,14,'es',1,1624436975,NULL,1),(14,15,'es',1,1624439709,NULL,1),(15,16,'es',1,1624439946,NULL,1),(16,17,'es',1,1624440438,NULL,1),(17,18,'es',1,1624440628,NULL,1),(18,19,'es',1,1624440759,NULL,1),(19,20,'es',1,1624442792,NULL,1),(20,21,'es',1,1624444966,NULL,1),(21,22,'es',1,1624447583,NULL,1),(22,23,'es',1,1625518305,NULL,1),(22,24,'es',1,1625518334,NULL,1),(23,25,'es',1,1631808053,NULL,1),(24,26,'es',1,1640029717,NULL,1),(25,27,'es',1,1640030220,NULL,1),(16,28,'es',1,1640030602,NULL,1),(26,29,'es',1,1641388691,NULL,1),(27,30,'es',1,1641389962,NULL,1),(28,31,'es',1,1641390084,NULL,1),(29,32,'es',1,1641478789,NULL,1),(30,33,'es',1,1641479159,NULL,1),(31,34,'es',1,1645211147,NULL,1),(32,35,'es',1,1645211252,NULL,1),(33,36,'es',1,1645211328,NULL,1),(34,37,'es',1,1645211423,NULL,1),(35,38,'es',1,1645211496,NULL,1),(34,39,'es',1,1645211545,NULL,1),(36,40,'es',1,1645211574,NULL,1),(37,41,'es',1,1645211788,NULL,1),(38,42,'es',1,1645211827,NULL,1),(39,43,'es',1,1645212108,NULL,1),(40,44,'es',1,1645212939,NULL,1),(41,45,'es',1,1645213283,NULL,1),(42,46,'es',1,1645213346,NULL,1),(43,47,'es',1,1645213396,NULL,1),(44,48,'es',1,1645214856,NULL,1),(45,49,'es',1,1645215327,NULL,1),(46,50,'es',1,1645215410,NULL,1),(47,51,'es',1,1645215791,NULL,1),(48,52,'es',1,1645215859,NULL,1),(49,53,'es',1,1645215952,NULL,1),(50,54,'es',1,1645216006,NULL,1),(51,55,'es',1,1645216226,NULL,1),(52,56,'es',1,1645216287,NULL,1),(53,57,'es',1,1645216347,NULL,1),(54,58,'es',1,1645216464,NULL,1),(55,59,'es',1,1645216484,NULL,1),(56,60,'es',1,1645216536,NULL,1),(57,61,'es',1,1645216594,NULL,1),(58,62,'es',1,1645216633,NULL,1),(59,63,'es',1,1645216759,NULL,1),(60,64,'es',1,1645216799,NULL,1),(61,65,'es',1,1645216877,NULL,1),(62,66,'es',1,1645216910,NULL,1),(63,67,'es',1,1645217044,NULL,1),(64,68,'es',1,1645217088,NULL,1),(65,69,'es',1,1645217132,NULL,1),(66,70,'es',1,1645217177,NULL,1),(67,71,'es',1,1645217248,NULL,1),(68,72,'es',1,1645217304,NULL,1),(69,73,'es',1,1645217338,NULL,1),(70,74,'es',1,1645217520,NULL,1),(71,75,'es',1,1645217537,NULL,1),(72,76,'es',1,1645217743,NULL,1),(73,77,'es',1,1645217768,NULL,1),(74,78,'es',1,1645217814,NULL,1),(75,79,'es',1,1645455373,NULL,1),(76,80,'es',1,1645455722,NULL,1),(77,81,'es',1,1645455905,NULL,1),(78,82,'es',1,1645456031,NULL,1),(79,83,'es',1,1645456122,NULL,1),(80,84,'es',1,1645456168,NULL,1),(81,85,'es',1,1645456219,NULL,1),(82,86,'es',1,1645456270,NULL,1),(83,87,'es',1,1645456474,NULL,1),(84,88,'es',1,1645456668,NULL,1),(85,89,'es',1,1645456770,NULL,1),(86,90,'es',1,1645456828,NULL,1),(87,91,'es',1,1645457448,NULL,1),(88,92,'es',1,1645457518,NULL,1),(89,93,'es',1,1645457789,NULL,1),(90,94,'es',1,1645536037,NULL,1),(91,95,'es',1,1650646941,NULL,1),(92,96,'es',1,1650647099,NULL,1),(93,97,'es',1,1650647414,NULL,1),(94,98,'es',1,1659381212,NULL,1);

--
-- Table structure for table `media_revision__field_media_audio_file`
--

CREATE TABLE `media_revision__field_media_audio_file` (
  `bundle` varchar(128) CHARACTER SET ascii COLLATE ascii_general_ci NOT NULL DEFAULT '' COMMENT 'The field instance bundle to which this row belongs, used when deleting a field instance',
  `deleted` tinyint NOT NULL DEFAULT '0' COMMENT 'A boolean indicating whether this data item has been deleted',
  `entity_id` int unsigned NOT NULL COMMENT 'The entity id this data is attached to',
  `revision_id` int unsigned NOT NULL COMMENT 'The entity revision id this data is attached to',
  `langcode` varchar(32) CHARACTER SET ascii COLLATE ascii_general_ci NOT NULL DEFAULT '' COMMENT 'The language code for this data item.',
  `delta` int unsigned NOT NULL COMMENT 'The sequence number for this data item, used for multi-value fields',
  `field_media_audio_file_target_id` int unsigned NOT NULL COMMENT 'The ID of the file entity.',
  `field_media_audio_file_display` tinyint unsigned DEFAULT '1' COMMENT 'Flag to control whether this file should be displayed when viewing content.',
  `field_media_audio_file_description` text COMMENT 'A description of the file.',
  PRIMARY KEY (`entity_id`,`revision_id`,`deleted`,`delta`,`langcode`),
  KEY `bundle` (`bundle`),
  KEY `revision_id` (`revision_id`),
  KEY `field_media_audio_file_target_id` (`field_media_audio_file_target_id`)
) ENGINE=InnoDB DEFAULT CHARSET=utf8mb4 COLLATE=utf8mb4_0900_ai_ci COMMENT='Revision archive storage for media field field_media_audio…';

--
-- Dumping data for table `media_revision__field_media_audio_file`
--


--
-- Table structure for table `media_revision__field_media_document`
--

CREATE TABLE `media_revision__field_media_document` (
  `bundle` varchar(128) CHARACTER SET ascii COLLATE ascii_general_ci NOT NULL DEFAULT '' COMMENT 'The field instance bundle to which this row belongs, used when deleting a field instance',
  `deleted` tinyint NOT NULL DEFAULT '0' COMMENT 'A boolean indicating whether this data item has been deleted',
  `entity_id` int unsigned NOT NULL COMMENT 'The entity id this data is attached to',
  `revision_id` int unsigned NOT NULL COMMENT 'The entity revision id this data is attached to',
  `langcode` varchar(32) CHARACTER SET ascii COLLATE ascii_general_ci NOT NULL DEFAULT '' COMMENT 'The language code for this data item.',
  `delta` int unsigned NOT NULL COMMENT 'The sequence number for this data item, used for multi-value fields',
  `field_media_document_target_id` int unsigned NOT NULL COMMENT 'The ID of the file entity.',
  `field_media_document_display` tinyint unsigned DEFAULT '1' COMMENT 'Flag to control whether this file should be displayed when viewing content.',
  `field_media_document_description` text COMMENT 'A description of the file.',
  PRIMARY KEY (`entity_id`,`revision_id`,`deleted`,`delta`,`langcode`),
  KEY `bundle` (`bundle`),
  KEY `revision_id` (`revision_id`),
  KEY `field_media_document_target_id` (`field_media_document_target_id`)
) ENGINE=InnoDB DEFAULT CHARSET=utf8mb4 COLLATE=utf8mb4_0900_ai_ci COMMENT='Revision archive storage for media field field_media…';

--
-- Dumping data for table `media_revision__field_media_document`
--

INSERT INTO `media_revision__field_media_document` VALUES ('document',0,6,6,'es',0,46,1,''),('document',0,91,95,'es',0,218,1,''),('document',0,92,96,'es',0,219,1,''),('document',0,93,97,'es',0,220,1,'');

--
-- Table structure for table `media_revision__field_media_image`
--

CREATE TABLE `media_revision__field_media_image` (
  `bundle` varchar(128) CHARACTER SET ascii COLLATE ascii_general_ci NOT NULL DEFAULT '' COMMENT 'The field instance bundle to which this row belongs, used when deleting a field instance',
  `deleted` tinyint NOT NULL DEFAULT '0' COMMENT 'A boolean indicating whether this data item has been deleted',
  `entity_id` int unsigned NOT NULL COMMENT 'The entity id this data is attached to',
  `revision_id` int unsigned NOT NULL COMMENT 'The entity revision id this data is attached to',
  `langcode` varchar(32) CHARACTER SET ascii COLLATE ascii_general_ci NOT NULL DEFAULT '' COMMENT 'The language code for this data item.',
  `delta` int unsigned NOT NULL COMMENT 'The sequence number for this data item, used for multi-value fields',
  `field_media_image_target_id` int unsigned NOT NULL COMMENT 'The ID of the file entity.',
  `field_media_image_alt` varchar(512) DEFAULT NULL COMMENT 'Alternative image text, for the image''s ''alt'' attribute.',
  `field_media_image_title` varchar(1024) DEFAULT NULL COMMENT 'Image title text, for the image''s ''title'' attribute.',
  `field_media_image_width` int unsigned DEFAULT NULL COMMENT 'The width of the image in pixels.',
  `field_media_image_height` int unsigned DEFAULT NULL COMMENT 'The height of the image in pixels.',
  PRIMARY KEY (`entity_id`,`revision_id`,`deleted`,`delta`,`langcode`),
  KEY `bundle` (`bundle`),
  KEY `revision_id` (`revision_id`),
  KEY `field_media_image_target_id` (`field_media_image_target_id`)
) ENGINE=InnoDB DEFAULT CHARSET=utf8mb4 COLLATE=utf8mb4_0900_ai_ci COMMENT='Revision archive storage for media field field_media_image.';

--
-- Dumping data for table `media_revision__field_media_image`
--

INSERT INTO `media_revision__field_media_image` VALUES ('image',0,1,1,'es',0,41,'Sumarse al Banco','',600,200),('image',0,2,2,'es',0,42,'Descargar Iniciativa','',600,200),('image',0,3,3,'es',0,43,'Ingresar al sitio','',600,200),('image',0,4,4,'es',0,44,'Articular esfuerzos','',861,587),('image',0,5,5,'es',0,45,'Donar recursos','',627,545),('image',0,7,7,'es',0,48,'Mapa de Recursos captura','',1130,816),('image',0,8,8,'es',0,60,'Infografías','',745,603),('image',0,9,9,'es',0,61,'Logo Red','',256,88),('image',0,10,10,'es',0,62,'Infografias Red','',1024,400),('image',0,10,11,'es',0,63,'Infografias Red','',1024,400),('image',0,11,12,'es',0,64,'EN ACCION','',972,1278),('image',0,12,13,'es',0,65,'CONOCER PROYECTOS','',600,200),('image',0,13,14,'es',0,66,'Aportar Recursos','',2910,1440),('image',0,14,15,'es',0,69,'Innfografía 2','',1429,573),('image',0,15,16,'es',0,70,'MAS INFORMACION','',600,200),('image',0,16,17,'es',0,71,'Quiero donar','',558,278),('image',0,16,28,'es',0,134,'Quiero donar','',558,278),('image',0,17,18,'es',0,72,'Aportar recursos','',564,282),('image',0,18,19,'es',0,73,'Quiero colaborar','',548,268),('image',0,19,20,'es',0,74,'CREAR CUENTA','',600,200),('image',0,20,21,'es',0,75,'Solicitar recursos','',1902,1374),('image',0,21,22,'es',0,76,'Quiero colaborar','',2048,1365),('image',0,22,23,'es',0,97,'Mapa de Poblaciones.org','',1200,400),('image',0,22,24,'es',0,97,'Mapa de Poblaciones.org','',1200,400),('image',0,23,25,'es',0,121,'Foto acompañamiento','',1023,767),('image',0,24,26,'es',0,132,'Novedades','',600,200),('image',0,25,27,'es',0,133,'Cuadro blanco','',500,500),('image',0,26,29,'es',0,143,'Logo de IAF','',1000,1302),('image',0,27,30,'es',0,144,'Mujer sosteniendo sandia','',2183,2666),('image',0,28,31,'es',0,145,'Foto reunión taller','',3069,2237),('image',0,29,32,'es',0,149,'Solicitar recursos - empujar carro','',1218,880),('image',0,30,33,'es',0,150,'Solicitar recursos - IPAF NOA','',1460,1095),('image',0,31,34,'es',0,151,'Wunderman Thompson','',1668,1668),('image',0,32,35,'es',0,152,'PwC','',200,200),('image',0,33,36,'es',0,153,'RACI','',739,398),('image',0,34,37,'es',0,154,'Embajada','',223,173),('image',0,34,39,'es',0,154,'Embajada','',223,173),('image',0,35,38,'es',0,155,'ONU Mujeres','',346,341),('image',0,36,40,'es',0,156,'Fortabat','',1772,1107),('image',0,37,41,'es',0,157,'Force for Good','',337,227),('image',0,38,42,'es',0,158,'Globant','',1200,626),('image',0,39,43,'es',0,159,'PPD','',204,113),('image',0,40,44,'es',0,160,'PNUD Argentina','',1001,399),('image',0,41,45,'es',0,161,'Desarrollo Social','',425,176),('image',0,42,46,'es',0,162,'INTA','',1431,1324),('image',0,43,47,'es',0,163,'UNQUI','',334,151),('image',0,44,48,'es',0,164,'Wingu','',650,222),('image',0,45,49,'es',0,165,'chicas en tecnología','',225,225),('image',0,46,50,'es',0,166,'CIVIC HOUSE','',650,363),('image',0,47,51,'es',0,167,'Diaguita','',221,191),('image',0,48,52,'es',0,168,'CAUQUEVA','',1114,788),('image',0,49,53,'es',0,169,'Atemporal','',179,111),('image',0,50,54,'es',0,170,'Arañitas hilanderas','',603,578),('image',0,51,55,'es',0,171,'INCUPO','',225,224),('image',0,52,56,'es',0,172,'El Futuro ','',490,350),('image',0,53,57,'es',0,173,'El Ceibal','',207,177),('image',0,54,58,'es',0,174,'UOCB','',259,194),('image',0,55,59,'es',0,175,'ACDI','',1561,984),('image',0,56,60,'es',0,176,'SiMas','',223,226),('image',0,57,61,'es',0,177,'AVINA','',367,137),('image',0,58,62,'es',0,178,'PROCAYPA','',960,796),('image',0,59,63,'es',0,179,'Sed Cero','',220,157),('image',0,60,64,'es',0,180,'Gran Chaco','',315,315),('image',0,61,65,'es',0,181,'Buena vida','',315,86),('image',0,62,66,'es',0,182,'Pueblos originales','',224,224),('image',0,63,67,'es',0,183,'Cruzada Patagónica','',465,296),('image',0,64,68,'es',0,184,'Frente de mujeres del Salado Norte','',223,226),('image',0,65,69,'es',0,185,'RedTisa','',222,98),('image',0,66,70,'es',0,186,'Niwok','',207,134),('image',0,67,71,'es',0,187,'Irradia','',600,249),('image',0,68,72,'es',0,188,'Redes chaco','',284,177),('image',0,69,73,'es',0,189,'Monte Adentro','',330,80),('image',0,70,74,'es',0,190,'FundaPaz','',300,130),('image',0,71,75,'es',0,191,'Siwok','',444,268),('image',0,72,76,'es',0,192,'Proyungas','',198,146),('image',0,73,77,'es',0,193,'Potenciar comunidades','',585,140),('image',0,74,78,'es',0,194,'Sumatoria','',2700,706),('image',0,75,79,'es',0,195,'toyota','',1099,1059),('image',0,76,80,'es',0,196,'Acanohayinternet','',286,176),('image',0,77,81,'es',0,197,'SGPGEF','',2282,640),('image',0,78,82,'es',0,198,'CISUDESA','',215,110),('image',0,79,83,'es',0,199,'Poblaciones','',396,71),('image',0,80,84,'es',0,200,'CONICET','',257,196),('image',0,81,85,'es',0,201,'ODSA','',329,153),('image',0,82,86,'es',0,202,'Territorios','',418,120),('image',0,83,87,'es',0,203,'ACERCA','',336,150),('image',0,84,88,'es',0,204,'coopsol','',312,161),('image',0,85,89,'es',0,205,'pata pila','',378,133),('image',0,86,90,'es',0,206,'vida silvestre','',1189,1757),('image',0,87,91,'es',0,207,'COMAR','',225,225),('image',0,88,92,'es',0,208,'Cosecha','',1824,1368),('image',0,89,93,'es',0,209,'cosecha2','',1024,700),('image',0,90,94,'es',0,210,'Comunidad de aprendizaje','',3111,2247),('image',0,94,98,'es',0,239,'Rio Blanquito','',800,530);

--
-- Table structure for table `media_revision__field_media_oembed_video`
--

CREATE TABLE `media_revision__field_media_oembed_video` (
  `bundle` varchar(128) CHARACTER SET ascii COLLATE ascii_general_ci NOT NULL DEFAULT '' COMMENT 'The field instance bundle to which this row belongs, used when deleting a field instance',
  `deleted` tinyint NOT NULL DEFAULT '0' COMMENT 'A boolean indicating whether this data item has been deleted',
  `entity_id` int unsigned NOT NULL COMMENT 'The entity id this data is attached to',
  `revision_id` int unsigned NOT NULL COMMENT 'The entity revision id this data is attached to',
  `langcode` varchar(32) CHARACTER SET ascii COLLATE ascii_general_ci NOT NULL DEFAULT '' COMMENT 'The language code for this data item.',
  `delta` int unsigned NOT NULL COMMENT 'The sequence number for this data item, used for multi-value fields',
  `field_media_oembed_video_value` varchar(255) NOT NULL,
  PRIMARY KEY (`entity_id`,`revision_id`,`deleted`,`delta`,`langcode`),
  KEY `bundle` (`bundle`),
  KEY `revision_id` (`revision_id`)
) ENGINE=InnoDB DEFAULT CHARSET=utf8mb4 COLLATE=utf8mb4_0900_ai_ci COMMENT='Revision archive storage for media field field_media_oembed…';

--
-- Dumping data for table `media_revision__field_media_oembed_video`
--


--
-- Table structure for table `media_revision__field_media_video_file`
--

CREATE TABLE `media_revision__field_media_video_file` (
  `bundle` varchar(128) CHARACTER SET ascii COLLATE ascii_general_ci NOT NULL DEFAULT '' COMMENT 'The field instance bundle to which this row belongs, used when deleting a field instance',
  `deleted` tinyint NOT NULL DEFAULT '0' COMMENT 'A boolean indicating whether this data item has been deleted',
  `entity_id` int unsigned NOT NULL COMMENT 'The entity id this data is attached to',
  `revision_id` int unsigned NOT NULL COMMENT 'The entity revision id this data is attached to',
  `langcode` varchar(32) CHARACTER SET ascii COLLATE ascii_general_ci NOT NULL DEFAULT '' COMMENT 'The language code for this data item.',
  `delta` int unsigned NOT NULL COMMENT 'The sequence number for this data item, used for multi-value fields',
  `field_media_video_file_target_id` int unsigned NOT NULL COMMENT 'The ID of the file entity.',
  `field_media_video_file_display` tinyint unsigned DEFAULT '1' COMMENT 'Flag to control whether this file should be displayed when viewing content.',
  `field_media_video_file_description` text COMMENT 'A description of the file.',
  PRIMARY KEY (`entity_id`,`revision_id`,`deleted`,`delta`,`langcode`),
  KEY `bundle` (`bundle`),
  KEY `revision_id` (`revision_id`),
  KEY `field_media_video_file_target_id` (`field_media_video_file_target_id`)
) ENGINE=InnoDB DEFAULT CHARSET=utf8mb4 COLLATE=utf8mb4_0900_ai_ci COMMENT='Revision archive storage for media field field_media_video…';

--
-- Dumping data for table `media_revision__field_media_video_file`
--


--
-- Table structure for table `menu_link_content`
--

CREATE TABLE `menu_link_content` (
  `id` int unsigned NOT NULL AUTO_INCREMENT,
  `revision_id` int unsigned DEFAULT NULL,
  `bundle` varchar(32) CHARACTER SET ascii COLLATE ascii_general_ci NOT NULL,
  `uuid` varchar(128) CHARACTER SET ascii COLLATE ascii_general_ci NOT NULL,
  `langcode` varchar(12) CHARACTER SET ascii COLLATE ascii_general_ci NOT NULL,
  PRIMARY KEY (`id`),
  UNIQUE KEY `menu_link_content_field__uuid__value` (`uuid`),
  UNIQUE KEY `menu_link_content__revision_id` (`revision_id`)
) ENGINE=InnoDB AUTO_INCREMENT=26 DEFAULT CHARSET=utf8mb4 COLLATE=utf8mb4_0900_ai_ci COMMENT='The base table for menu_link_content entities.';

--
-- Dumping data for table `menu_link_content`
--

INSERT INTO `menu_link_content` VALUES (1,1,'menu_link_content','1e0cc979-2f8b-4007-9903-8b6255103937','es'),(2,2,'menu_link_content','55ef24be-3218-41dd-8974-e56f4e285126','es'),(3,3,'menu_link_content','b1850c8c-6a1b-4275-b8ee-1dfcde35d05e','es'),(4,4,'menu_link_content','8963cef4-f31f-494f-9ffc-266b27664bd7','es'),(5,5,'menu_link_content','7283f9ff-932b-4c9a-a90c-2a5f9e7aa954','es'),(6,6,'menu_link_content','c042594d-74cb-4837-96ee-04e7998468b8','es'),(7,7,'menu_link_content','86a95aa9-fdc9-4f59-9740-4e3264d4bcc1','es'),(8,8,'menu_link_content','65639bff-9a33-4b70-b1f8-69d5d9f47fff','es'),(9,9,'menu_link_content','4d1f5f05-a897-4fb6-b2dc-1218f1810515','es'),(10,10,'menu_link_content','ba5780ec-a61c-4c9a-b16f-78ceca660a54','es'),(11,11,'menu_link_content','eb58b881-5d61-4b02-92fe-fd9625eb82ec','es'),(12,12,'menu_link_content','21feaa7f-8b64-4bb5-88cd-bb63b1c6bb21','es'),(13,13,'menu_link_content','1a6790de-f145-40d0-8561-451d49bb71bb','es'),(14,14,'menu_link_content','58dea996-fbc7-44cb-8afe-077f4a073028','es'),(15,15,'menu_link_content','d7ca7620-6d0e-4deb-9836-b10455f2f111','es'),(16,16,'menu_link_content','0a22f9b8-ca0b-43b2-a15d-2c161d77fd1c','es'),(18,18,'menu_link_content','b9119e8d-4692-4858-b07d-3090416ee431','es'),(19,19,'menu_link_content','3aabe38f-9ff8-4587-aa70-72c48d68ecbd','es'),(20,20,'menu_link_content','48ee8747-cb3d-4c34-99d9-ed6861461a38','es'),(21,21,'menu_link_content','548d2ae7-77bb-48e2-9a5a-4e488e76dedc','es'),(22,22,'menu_link_content','c29accfe-3009-4d74-8548-5364127003c4','es'),(23,23,'menu_link_content','a24caab6-9ba1-43d9-8a43-1df6241a23af','es'),(24,24,'menu_link_content','9ba05b98-9b00-4d87-a5ef-5d26ff83ebaf','es'),(25,25,'menu_link_content','3aba4f67-7f6c-47b9-af25-77833935b889','es');

--
-- Table structure for table `menu_link_content_data`
--

CREATE TABLE `menu_link_content_data` (
  `id` int unsigned NOT NULL,
  `revision_id` int unsigned NOT NULL,
  `bundle` varchar(32) CHARACTER SET ascii COLLATE ascii_general_ci NOT NULL,
  `langcode` varchar(12) CHARACTER SET ascii COLLATE ascii_general_ci NOT NULL,
  `enabled` tinyint NOT NULL,
  `title` varchar(255) DEFAULT NULL,
  `description` varchar(255) DEFAULT NULL,
  `menu_name` varchar(255) CHARACTER SET ascii COLLATE ascii_general_ci DEFAULT NULL,
  `link__uri` varchar(2048) DEFAULT NULL COMMENT 'The URI of the link.',
  `link__title` varchar(255) DEFAULT NULL COMMENT 'The link text.',
  `link__options` longblob COMMENT 'Serialized array of options for the link.',
  `external` tinyint DEFAULT NULL,
  `rediscover` tinyint DEFAULT NULL,
  `weight` int DEFAULT NULL,
  `expanded` tinyint DEFAULT NULL,
  `parent` varchar(255) DEFAULT NULL,
  `changed` int DEFAULT NULL,
  `default_langcode` tinyint NOT NULL,
  `revision_translation_affected` tinyint DEFAULT NULL,
  PRIMARY KEY (`id`,`langcode`),
  KEY `menu_link_content__id__default_langcode__langcode` (`id`,`default_langcode`,`langcode`),
  KEY `menu_link_content__revision_id` (`revision_id`),
  KEY `menu_link_content_field__link__uri` (`link__uri`(30)),
  KEY `menu_link_content__enabled_bundle` (`enabled`,`bundle`,`id`)
) ENGINE=InnoDB DEFAULT CHARSET=utf8mb4 COLLATE=utf8mb4_0900_ai_ci COMMENT='The data table for menu_link_content entities.';

--
-- Dumping data for table `menu_link_content_data`
--

INSERT INTO `menu_link_content_data` VALUES (1,1,'menu_link_content','es',0,'Identificación',NULL,'account','internal:/registracion/registro_identificacion','',_binary 'a:0:{}',0,1,-49,0,NULL,1623349040,1,1),(2,2,'menu_link_content','es',0,'Iniciativas',NULL,'account','internal:/iniciativas','',_binary 'a:0:{}',0,1,-45,0,NULL,1623349040,1,1),(3,3,'menu_link_content','es',0,'Web',NULL,'account','internal:/registracion/registro_web','',_binary 'a:0:{}',0,1,-47,0,NULL,1623349040,1,1),(4,4,'menu_link_content','es',0,'Ubicación',NULL,'account','internal:/registracion/registro_ubicacion','',_binary 'a:0:{}',0,1,-48,0,NULL,1623368021,1,1),(5,5,'menu_link_content','es',0,'RECURSOS',NULL,'account','internal:/registracion/registro_recursos','',_binary 'a:0:{}',0,1,-46,0,NULL,1623349531,1,1),(6,6,'menu_link_content','es',0,'Proyectos',NULL,'account','internal:/proyectos','',_binary 'a:0:{}',0,1,-44,0,NULL,1623349040,1,1),(7,7,'menu_link_content','es',1,'Contacto','Contenido describiendo formas de contacto','footer','internal:/contacto','',_binary 'a:0:{}',0,1,0,0,NULL,1623337541,1,1),(8,8,'menu_link_content','es',1,'Política de Privacidad','Contenido describiendo las políticas de privacidad','footer','internal:/politica-privacidad','',_binary 'a:0:{}',0,1,0,0,NULL,1623337589,1,1),(9,9,'menu_link_content','es',1,'Política de cookies','Contenido describiendo las políticas acerca de las cookies','footer','internal:/politica-cookies','',_binary 'a:0:{}',0,1,0,0,NULL,1623337709,1,1),(10,10,'menu_link_content','es',1,'Términos y condiciones de uso','Contenido describiendo las términos y condiciones','footer','internal:/terminos-condiciones','',_binary 'a:0:{}',0,1,0,0,NULL,1623337755,1,1),(11,11,'menu_link_content','es',1,'Identificación',NULL,'registracion','internal:/registracion/registro_identificacion','',_binary 'a:0:{}',0,1,-50,0,NULL,1625357543,1,1),(12,12,'menu_link_content','es',1,'Ubicación',NULL,'registracion','internal:/registracion/registro_ubicacion','',_binary 'a:0:{}',0,1,-49,0,NULL,1625357561,1,1),(13,13,'menu_link_content','es',1,'Web',NULL,'registracion','internal:/registracion/registro_web','',_binary 'a:0:{}',0,1,-48,0,NULL,1625357572,1,1),(14,14,'menu_link_content','es',1,'Solicitar recursos',NULL,'registracion','internal:/registracion/registro_recursos','',_binary 'a:0:{}',0,1,-46,0,NULL,1625357602,1,1),(15,15,'menu_link_content','es',1,'Iniciativas',NULL,'registracion','internal:/iniciativas','',_binary 'a:0:{}',0,1,-45,0,NULL,1625357614,1,1),(16,16,'menu_link_content','es',1,'Proyectos',NULL,'registracion','internal:/proyectos','',_binary 'a:0:{}',0,1,-44,0,NULL,1625357633,1,1),(18,18,'menu_link_content','es',1,'Conocenos',NULL,'main','internal:/conocenos','',_binary 'a:0:{}',0,1,-49,1,NULL,1640101530,1,1),(19,19,'menu_link_content','es',1,'Acciones',NULL,'main','internal:/en-accion','',_binary 'a:0:{}',0,1,-47,0,NULL,1640788631,1,1),(20,20,'menu_link_content','es',1,'Aportar recursos',NULL,'main','https://form.jotform.com/213493442346052','',_binary 'a:0:{}',0,0,-46,0,NULL,1644935461,1,1),(21,21,'menu_link_content','es',1,'Solicitar recursos',NULL,'main','https://form.jotform.com/213535493208658','',_binary 'a:0:{}',0,0,-45,0,NULL,1644935490,1,1),(22,22,'menu_link_content','es',1,'Aportar recursos',NULL,'registracion','internal:/registracion/registro_recursos_para_aportar','',_binary 'a:0:{}',0,1,-47,0,NULL,1625357589,1,1),(23,23,'menu_link_content','es',1,'Suscribite',NULL,'account','https://form.jotform.com/220523559042652','',_binary 'a:0:{}',0,0,0,0,NULL,1645534571,1,1),(24,24,'menu_link_content','es',1,'Colaboradores','Colaboradores','main','internal:/node/70','',_binary 'a:0:{}',0,1,-50,1,'menu_link_content:b9119e8d-4692-4858-b07d-3090416ee431',1640101064,1,1),(25,25,'menu_link_content','es',1,'Comunidad',NULL,'main','https://www.bancodeproyectos.org.ar/node/73','',_binary 'a:0:{}',0,0,0,0,NULL,1645536150,1,1);

--
-- Table structure for table `menu_link_content_field_revision`
--

CREATE TABLE `menu_link_content_field_revision` (
  `id` int unsigned NOT NULL,
  `revision_id` int unsigned NOT NULL,
  `langcode` varchar(12) CHARACTER SET ascii COLLATE ascii_general_ci NOT NULL,
  `enabled` tinyint NOT NULL,
  `title` varchar(255) DEFAULT NULL,
  `description` varchar(255) DEFAULT NULL,
  `link__uri` varchar(2048) DEFAULT NULL COMMENT 'The URI of the link.',
  `link__title` varchar(255) DEFAULT NULL COMMENT 'The link text.',
  `link__options` longblob COMMENT 'Serialized array of options for the link.',
  `external` tinyint DEFAULT NULL,
  `changed` int DEFAULT NULL,
  `default_langcode` tinyint NOT NULL,
  `revision_translation_affected` tinyint DEFAULT NULL,
  PRIMARY KEY (`revision_id`,`langcode`),
  KEY `menu_link_content__id__default_langcode__langcode` (`id`,`default_langcode`,`langcode`),
  KEY `menu_link_content_field__link__uri` (`link__uri`(30))
) ENGINE=InnoDB DEFAULT CHARSET=utf8mb4 COLLATE=utf8mb4_0900_ai_ci COMMENT='The revision data table for menu_link_content entities.';

--
-- Dumping data for table `menu_link_content_field_revision`
--

INSERT INTO `menu_link_content_field_revision` VALUES (1,1,'es',0,'Identificación',NULL,'internal:/registracion/registro_identificacion','',_binary 'a:0:{}',0,1623349040,1,1),(2,2,'es',0,'Iniciativas',NULL,'internal:/iniciativas','',_binary 'a:0:{}',0,1623349040,1,1),(3,3,'es',0,'Web',NULL,'internal:/registracion/registro_web','',_binary 'a:0:{}',0,1623349040,1,1),(4,4,'es',0,'Ubicación',NULL,'internal:/registracion/registro_ubicacion','',_binary 'a:0:{}',0,1623368021,1,1),(5,5,'es',0,'RECURSOS',NULL,'internal:/registracion/registro_recursos','',_binary 'a:0:{}',0,1623349531,1,1),(6,6,'es',0,'Proyectos',NULL,'internal:/proyectos','',_binary 'a:0:{}',0,1623349040,1,1),(7,7,'es',1,'Contacto','Contenido describiendo formas de contacto','internal:/contacto','',_binary 'a:0:{}',0,1623337541,1,1),(8,8,'es',1,'Política de Privacidad','Contenido describiendo las políticas de privacidad','internal:/politica-privacidad','',_binary 'a:0:{}',0,1623337589,1,1),(9,9,'es',1,'Política de cookies','Contenido describiendo las políticas acerca de las cookies','internal:/politica-cookies','',_binary 'a:0:{}',0,1623337709,1,1),(10,10,'es',1,'Términos y condiciones de uso','Contenido describiendo las términos y condiciones','internal:/terminos-condiciones','',_binary 'a:0:{}',0,1623337755,1,1),(11,11,'es',1,'Identificación',NULL,'internal:/registracion/registro_identificacion','',_binary 'a:0:{}',0,1625357543,1,1),(12,12,'es',1,'Ubicación',NULL,'internal:/registracion/registro_ubicacion','',_binary 'a:0:{}',0,1625357561,1,1),(13,13,'es',1,'Web',NULL,'internal:/registracion/registro_web','',_binary 'a:0:{}',0,1625357572,1,1),(14,14,'es',1,'Solicitar recursos',NULL,'internal:/registracion/registro_recursos','',_binary 'a:0:{}',0,1625357602,1,1),(15,15,'es',1,'Iniciativas',NULL,'internal:/iniciativas','',_binary 'a:0:{}',0,1625357614,1,1),(16,16,'es',1,'Proyectos',NULL,'internal:/proyectos','',_binary 'a:0:{}',0,1625357633,1,1),(18,18,'es',1,'Conocenos',NULL,'internal:/conocenos','',_binary 'a:0:{}',0,1640101530,1,1),(19,19,'es',1,'Acciones',NULL,'internal:/en-accion','',_binary 'a:0:{}',0,1640788631,1,1),(20,20,'es',1,'Aportar recursos',NULL,'https://form.jotform.com/213493442346052','',_binary 'a:0:{}',0,1644935461,1,1),(21,21,'es',1,'Solicitar recursos',NULL,'https://form.jotform.com/213535493208658','',_binary 'a:0:{}',0,1644935490,1,1),(22,22,'es',1,'Aportar recursos',NULL,'internal:/registracion/registro_recursos_para_aportar','',_binary 'a:0:{}',0,1625357589,1,1),(23,23,'es',1,'Suscribite',NULL,'https://form.jotform.com/220523559042652','',_binary 'a:0:{}',0,1645534571,1,1),(24,24,'es',1,'Colaboradores','Colaboradores','internal:/node/70','',_binary 'a:0:{}',0,1640101064,1,1),(25,25,'es',1,'Comunidad',NULL,'https://www.bancodeproyectos.org.ar/node/73','',_binary 'a:0:{}',0,1645536150,1,1);

--
-- Table structure for table `menu_link_content_revision`
--

CREATE TABLE `menu_link_content_revision` (
  `id` int unsigned NOT NULL,
  `revision_id` int unsigned NOT NULL AUTO_INCREMENT,
  `langcode` varchar(12) CHARACTER SET ascii COLLATE ascii_general_ci NOT NULL,
  `revision_user` int unsigned DEFAULT NULL COMMENT 'The ID of the target entity.',
  `revision_created` int DEFAULT NULL,
  `revision_log_message` longtext,
  `revision_default` tinyint DEFAULT NULL,
  PRIMARY KEY (`revision_id`),
  KEY `menu_link_content__id` (`id`),
  KEY `menu_link_content__ef029a1897` (`revision_user`)
) ENGINE=InnoDB AUTO_INCREMENT=26 DEFAULT CHARSET=utf8mb4 COLLATE=utf8mb4_0900_ai_ci COMMENT='The revision table for menu_link_content entities.';

--
-- Dumping data for table `menu_link_content_revision`
--

INSERT INTO `menu_link_content_revision` VALUES (1,1,'es',NULL,1615314820,NULL,1),(2,2,'es',NULL,1620709745,NULL,1),(3,3,'es',NULL,1620709825,NULL,1),(4,4,'es',NULL,1620709858,NULL,1),(5,5,'es',NULL,1620793503,NULL,1),(6,6,'es',NULL,1623125810,NULL,1),(7,7,'es',NULL,1623337541,NULL,1),(8,8,'es',NULL,1623337589,NULL,1),(9,9,'es',NULL,1623337709,NULL,1),(10,10,'es',NULL,1623337755,NULL,1),(11,11,'es',NULL,1623348815,NULL,1),(12,12,'es',NULL,1623348859,NULL,1),(13,13,'es',NULL,1623348909,NULL,1),(14,14,'es',NULL,1623348941,NULL,1),(15,15,'es',NULL,1623348968,NULL,1),(16,16,'es',NULL,1623348997,NULL,1),(18,18,'es',NULL,1623388876,NULL,1),(19,19,'es',NULL,1623388904,NULL,1),(20,20,'es',NULL,1624431122,NULL,1),(21,21,'es',NULL,1624431276,NULL,1),(22,22,'es',NULL,1625025509,NULL,1),(23,23,'es',NULL,1639663006,NULL,1),(24,24,'es',NULL,1640028735,NULL,1),(25,25,'es',NULL,1640788862,NULL,1);

--
-- Table structure for table `menu_tree`
--

CREATE TABLE `menu_tree` (
  `menu_name` varchar(32) CHARACTER SET ascii COLLATE ascii_general_ci NOT NULL DEFAULT '' COMMENT 'The menu name. All links with the same menu name (such as ''tools'') are part of the same menu.',
  `mlid` int unsigned NOT NULL AUTO_INCREMENT COMMENT 'The menu link ID (mlid) is the integer primary key.',
  `id` varchar(255) CHARACTER SET ascii COLLATE ascii_general_ci NOT NULL COMMENT 'Unique machine name: the plugin ID.',
  `parent` varchar(255) CHARACTER SET ascii COLLATE ascii_general_ci NOT NULL DEFAULT '' COMMENT 'The plugin ID for the parent of this link.',
  `route_name` varchar(255) CHARACTER SET ascii COLLATE ascii_general_ci DEFAULT NULL COMMENT 'The machine name of a defined Symfony Route this menu link represents.',
  `route_param_key` varchar(255) DEFAULT NULL COMMENT 'An encoded string of route parameters for loading by route.',
  `route_parameters` longblob COMMENT 'Serialized array of route parameters of this menu link.',
  `url` varchar(255) NOT NULL DEFAULT '' COMMENT 'The external path this link points to (when not using a route).',
  `title` longblob COMMENT 'The serialized title for the link. May be a TranslatableMarkup.',
  `description` longblob COMMENT 'The serialized description of this link - used for admin pages and title attribute. May be a TranslatableMarkup.',
  `class` text COMMENT 'The class for this link plugin.',
  `options` longblob COMMENT 'A serialized array of URL options, such as a query string or HTML attributes.',
  `provider` varchar(50) CHARACTER SET ascii COLLATE ascii_general_ci NOT NULL DEFAULT 'system' COMMENT 'The name of the module that generated this link.',
  `enabled` smallint NOT NULL DEFAULT '1' COMMENT 'A flag for whether the link should be rendered in menus. (0 = a disabled menu link that may be shown on admin screens, 1 = a normal, visible link)',
  `discovered` smallint NOT NULL DEFAULT '0' COMMENT 'A flag for whether the link was discovered, so can be purged on rebuild',
  `expanded` smallint NOT NULL DEFAULT '0' COMMENT 'Flag for whether this link should be rendered as expanded in menus - expanded links always have their child links displayed, instead of only when the link is in the active trail (1 = expanded, 0 = not expanded)',
  `weight` int NOT NULL DEFAULT '0' COMMENT 'Link weight among links in the same menu at the same depth.',
  `metadata` longblob COMMENT 'A serialized array of data that may be used by the plugin instance.',
  `has_children` smallint NOT NULL DEFAULT '0' COMMENT 'Flag indicating whether any enabled links have this link as a parent (1 = enabled children exist, 0 = no enabled children).',
  `depth` smallint NOT NULL DEFAULT '0' COMMENT 'The depth relative to the top level. A link with empty parent will have depth == 1.',
  `p1` int unsigned NOT NULL DEFAULT '0' COMMENT 'The first mlid in the materialized path. If N = depth, then pN must equal the mlid. If depth > 1 then p(N-1) must equal the parent link mlid. All pX where X > depth must equal zero. The columns p1 .. p9 are also called the parents.',
  `p2` int unsigned NOT NULL DEFAULT '0' COMMENT 'The second mlid in the materialized path. See p1.',
  `p3` int unsigned NOT NULL DEFAULT '0' COMMENT 'The third mlid in the materialized path. See p1.',
  `p4` int unsigned NOT NULL DEFAULT '0' COMMENT 'The fourth mlid in the materialized path. See p1.',
  `p5` int unsigned NOT NULL DEFAULT '0' COMMENT 'The fifth mlid in the materialized path. See p1.',
  `p6` int unsigned NOT NULL DEFAULT '0' COMMENT 'The sixth mlid in the materialized path. See p1.',
  `p7` int unsigned NOT NULL DEFAULT '0' COMMENT 'The seventh mlid in the materialized path. See p1.',
  `p8` int unsigned NOT NULL DEFAULT '0' COMMENT 'The eighth mlid in the materialized path. See p1.',
  `p9` int unsigned NOT NULL DEFAULT '0' COMMENT 'The ninth mlid in the materialized path. See p1.',
  `form_class` varchar(255) DEFAULT NULL COMMENT 'meh',
  PRIMARY KEY (`mlid`),
  UNIQUE KEY `id` (`id`),
  KEY `menu_parents` (`menu_name`,`p1`,`p2`,`p3`,`p4`,`p5`,`p6`,`p7`,`p8`,`p9`),
  KEY `menu_parent_expand_child` (`menu_name`,`expanded`,`has_children`,`parent`(16)),
  KEY `route_values` (`route_name`(32),`route_param_key`(16))
) ENGINE=InnoDB AUTO_INCREMENT=361 DEFAULT CHARSET=utf8mb4 COLLATE=utf8mb4_0900_ai_ci COMMENT='Contains the menu tree hierarchy.';

--
-- Dumping data for table `menu_tree`
--

INSERT INTO `menu_tree` VALUES ('footer',1,'contact.site_page','','contact.site_page','',_binary 'a:0:{}','',_binary 'O:48:\"Drupal\\Core\\StringTranslation\\TranslatableMarkup\":3:{s:9:\"\0*\0string\";s:7:\"Contact\";s:12:\"\0*\0arguments\";a:0:{}s:10:\"\0*\0options\";a:0:{}}',_binary 's:0:\"\";','Drupal\\Core\\Menu\\MenuLinkDefault',_binary 'a:0:{}','contact',0,1,0,0,_binary 'a:0:{}',0,1,1,0,0,0,0,0,0,0,0,'Drupal\\Core\\Menu\\Form\\MenuLinkDefaultForm'),('tools',2,'filter.tips_all','','filter.tips_all','',_binary 'a:0:{}','',_binary 'O:48:\"Drupal\\Core\\StringTranslation\\TranslatableMarkup\":3:{s:9:\"\0*\0string\";s:12:\"Compose tips\";s:12:\"\0*\0arguments\";a:0:{}s:10:\"\0*\0options\";a:0:{}}',_binary 's:0:\"\";','Drupal\\Core\\Menu\\MenuLinkDefault',_binary 'a:0:{}','filter',0,1,0,0,_binary 'a:0:{}',0,1,2,0,0,0,0,0,0,0,0,'Drupal\\Core\\Menu\\Form\\MenuLinkDefaultForm'),('tools',3,'node.add_page','','node.add_page','',_binary 'a:0:{}','',_binary 'O:48:\"Drupal\\Core\\StringTranslation\\TranslatableMarkup\":3:{s:9:\"\0*\0string\";s:11:\"Add content\";s:12:\"\0*\0arguments\";a:0:{}s:10:\"\0*\0options\";a:0:{}}',_binary 's:0:\"\";','Drupal\\Core\\Menu\\MenuLinkDefault',_binary 'a:0:{}','node',1,1,0,0,_binary 'a:0:{}',0,1,3,0,0,0,0,0,0,0,0,'Drupal\\Core\\Menu\\Form\\MenuLinkDefaultForm'),('tools',4,'search.view','','search.view','',_binary 'a:0:{}','',_binary 'O:48:\"Drupal\\Core\\StringTranslation\\TranslatableMarkup\":3:{s:9:\"\0*\0string\";s:6:\"Search\";s:12:\"\0*\0arguments\";a:0:{}s:10:\"\0*\0options\";a:0:{}}',_binary 's:0:\"\";','Drupal\\Core\\Menu\\MenuLinkDefault',_binary 'a:0:{}','search',0,1,0,0,_binary 'a:0:{}',0,1,4,0,0,0,0,0,0,0,0,'Drupal\\Core\\Menu\\Form\\MenuLinkDefaultForm'),('main',5,'standard.front_page','','<front>','',_binary 'a:0:{}','',_binary 'O:48:\"Drupal\\Core\\StringTranslation\\TranslatableMarkup\":3:{s:9:\"\0*\0string\";s:4:\"Home\";s:12:\"\0*\0arguments\";a:0:{}s:10:\"\0*\0options\";a:0:{}}',_binary 's:0:\"\";','Drupal\\Core\\Menu\\MenuLinkDefault',_binary 'a:0:{}','standard',0,1,0,-50,_binary 'a:0:{}',0,1,5,0,0,0,0,0,0,0,0,'Drupal\\Core\\Menu\\Form\\MenuLinkDefaultForm'),('admin',6,'system.admin','','system.admin','',_binary 'a:0:{}','',_binary 'O:48:\"Drupal\\Core\\StringTranslation\\TranslatableMarkup\":3:{s:9:\"\0*\0string\";s:14:\"Administration\";s:12:\"\0*\0arguments\";a:0:{}s:10:\"\0*\0options\";a:0:{}}',_binary 's:0:\"\";','Drupal\\Core\\Menu\\MenuLinkDefault',_binary 'a:0:{}','system',1,1,0,9,_binary 'a:0:{}',1,1,6,0,0,0,0,0,0,0,0,'Drupal\\Core\\Menu\\Form\\MenuLinkDefaultForm'),('admin',7,'help.main','system.admin','help.main','',_binary 'a:0:{}','',_binary 'O:48:\"Drupal\\Core\\StringTranslation\\TranslatableMarkup\":3:{s:9:\"\0*\0string\";s:4:\"Help\";s:12:\"\0*\0arguments\";a:0:{}s:10:\"\0*\0options\";a:0:{}}',_binary 'O:48:\"Drupal\\Core\\StringTranslation\\TranslatableMarkup\":3:{s:9:\"\0*\0string\";s:48:\"Reference for usage, configuration, and modules.\";s:12:\"\0*\0arguments\";a:0:{}s:10:\"\0*\0options\";a:0:{}}','Drupal\\Core\\Menu\\MenuLinkDefault',_binary 'a:0:{}','help',1,1,0,9,_binary 'a:0:{}',0,2,6,7,0,0,0,0,0,0,0,'Drupal\\Core\\Menu\\Form\\MenuLinkDefaultForm'),('admin',8,'system.admin_content','system.admin','system.admin_content','',_binary 'a:0:{}','',_binary 'O:48:\"Drupal\\Core\\StringTranslation\\TranslatableMarkup\":3:{s:9:\"\0*\0string\";s:7:\"Content\";s:12:\"\0*\0arguments\";a:0:{}s:10:\"\0*\0options\";a:0:{}}',_binary 'O:48:\"Drupal\\Core\\StringTranslation\\TranslatableMarkup\":3:{s:9:\"\0*\0string\";s:24:\"Find and manage content.\";s:12:\"\0*\0arguments\";a:0:{}s:10:\"\0*\0options\";a:0:{}}','Drupal\\Core\\Menu\\MenuLinkDefault',_binary 'a:0:{}','system',1,1,0,-10,_binary 'a:0:{}',1,2,6,8,0,0,0,0,0,0,0,'Drupal\\Core\\Menu\\Form\\MenuLinkDefaultForm'),('admin',9,'comment.admin','system.admin_content','comment.admin','',_binary 'a:0:{}','',_binary 'O:48:\"Drupal\\Core\\StringTranslation\\TranslatableMarkup\":3:{s:9:\"\0*\0string\";s:8:\"Comments\";s:12:\"\0*\0arguments\";a:0:{}s:10:\"\0*\0options\";a:0:{}}',_binary 'O:48:\"Drupal\\Core\\StringTranslation\\TranslatableMarkup\":3:{s:9:\"\0*\0string\";s:59:\"List and edit site comments and the comment approval queue.\";s:12:\"\0*\0arguments\";a:0:{}s:10:\"\0*\0options\";a:0:{}}','Drupal\\Core\\Menu\\MenuLinkDefault',_binary 'a:0:{}','comment',1,1,0,0,_binary 'a:0:{}',0,3,6,8,9,0,0,0,0,0,0,'Drupal\\Core\\Menu\\Form\\MenuLinkDefaultForm'),('admin',10,'system.admin_structure','system.admin','system.admin_structure','',_binary 'a:0:{}','',_binary 'O:48:\"Drupal\\Core\\StringTranslation\\TranslatableMarkup\":3:{s:9:\"\0*\0string\";s:9:\"Structure\";s:12:\"\0*\0arguments\";a:0:{}s:10:\"\0*\0options\";a:0:{}}',_binary 'O:48:\"Drupal\\Core\\StringTranslation\\TranslatableMarkup\":3:{s:9:\"\0*\0string\";s:45:\"Administer blocks, content types, menus, etc.\";s:12:\"\0*\0arguments\";a:0:{}s:10:\"\0*\0options\";a:0:{}}','Drupal\\Core\\Menu\\MenuLinkDefault',_binary 'a:0:{}','system',1,1,0,-8,_binary 'a:0:{}',1,2,6,10,0,0,0,0,0,0,0,'Drupal\\Core\\Menu\\Form\\MenuLinkDefaultForm'),('admin',11,'block.admin_display','system.admin_structure','block.admin_display','',_binary 'a:0:{}','',_binary 'O:48:\"Drupal\\Core\\StringTranslation\\TranslatableMarkup\":3:{s:9:\"\0*\0string\";s:12:\"Block layout\";s:12:\"\0*\0arguments\";a:0:{}s:10:\"\0*\0options\";a:0:{}}',_binary 'O:48:\"Drupal\\Core\\StringTranslation\\TranslatableMarkup\":3:{s:9:\"\0*\0string\";s:79:\"Configure what block content appears in your site\'s sidebars and other regions.\";s:12:\"\0*\0arguments\";a:0:{}s:10:\"\0*\0options\";a:0:{}}','Drupal\\Core\\Menu\\MenuLinkDefault',_binary 'a:0:{}','block',1,1,0,0,_binary 'a:0:{}',1,3,6,10,11,0,0,0,0,0,0,'Drupal\\Core\\Menu\\Form\\MenuLinkDefaultForm'),('admin',12,'entity.comment_type.collection','system.admin_structure','entity.comment_type.collection','',_binary 'a:0:{}','',_binary 'O:48:\"Drupal\\Core\\StringTranslation\\TranslatableMarkup\":3:{s:9:\"\0*\0string\";s:13:\"Comment types\";s:12:\"\0*\0arguments\";a:0:{}s:10:\"\0*\0options\";a:0:{}}',_binary 'O:48:\"Drupal\\Core\\StringTranslation\\TranslatableMarkup\":3:{s:9:\"\0*\0string\";s:46:\"Manage form and displays settings of comments.\";s:12:\"\0*\0arguments\";a:0:{}s:10:\"\0*\0options\";a:0:{}}','Drupal\\Core\\Menu\\MenuLinkDefault',_binary 'a:0:{}','comment',1,1,0,0,_binary 'a:0:{}',1,3,6,10,12,0,0,0,0,0,0,'Drupal\\Core\\Menu\\Form\\MenuLinkDefaultForm'),('admin',13,'entity.contact_form.collection','system.admin_structure','entity.contact_form.collection','',_binary 'a:0:{}','',_binary 'O:48:\"Drupal\\Core\\StringTranslation\\TranslatableMarkup\":3:{s:9:\"\0*\0string\";s:13:\"Contact forms\";s:12:\"\0*\0arguments\";a:0:{}s:10:\"\0*\0options\";a:0:{}}',_binary 'O:48:\"Drupal\\Core\\StringTranslation\\TranslatableMarkup\":3:{s:9:\"\0*\0string\";s:32:\"Create and manage contact forms.\";s:12:\"\0*\0arguments\";a:0:{}s:10:\"\0*\0options\";a:0:{}}','Drupal\\Core\\Menu\\MenuLinkDefault',_binary 'a:0:{}','contact',1,1,0,0,_binary 'a:0:{}',1,3,6,10,13,0,0,0,0,0,0,'Drupal\\Core\\Menu\\Form\\MenuLinkDefaultForm'),('admin',14,'field_ui.display_mode','system.admin_structure','field_ui.display_mode','',_binary 'a:0:{}','',_binary 'O:48:\"Drupal\\Core\\StringTranslation\\TranslatableMarkup\":3:{s:9:\"\0*\0string\";s:13:\"Display modes\";s:12:\"\0*\0arguments\";a:0:{}s:10:\"\0*\0options\";a:0:{}}',_binary 'O:48:\"Drupal\\Core\\StringTranslation\\TranslatableMarkup\":3:{s:9:\"\0*\0string\";s:65:\"Configure what displays are available for your content and forms.\";s:12:\"\0*\0arguments\";a:0:{}s:10:\"\0*\0options\";a:0:{}}','Drupal\\Core\\Menu\\MenuLinkDefault',_binary 'a:0:{}','field_ui',1,1,0,0,_binary 'a:0:{}',1,3,6,10,14,0,0,0,0,0,0,'Drupal\\Core\\Menu\\Form\\MenuLinkDefaultForm'),('admin',15,'entity.entity_view_mode.collection','field_ui.display_mode','entity.entity_view_mode.collection','',_binary 'a:0:{}','',_binary 'O:48:\"Drupal\\Core\\StringTranslation\\TranslatableMarkup\":3:{s:9:\"\0*\0string\";s:10:\"View modes\";s:12:\"\0*\0arguments\";a:0:{}s:10:\"\0*\0options\";a:0:{}}',_binary 'O:48:\"Drupal\\Core\\StringTranslation\\TranslatableMarkup\":3:{s:9:\"\0*\0string\";s:25:\"Manage custom view modes.\";s:12:\"\0*\0arguments\";a:0:{}s:10:\"\0*\0options\";a:0:{}}','Drupal\\Core\\Menu\\MenuLinkDefault',_binary 'a:0:{}','field_ui',1,1,0,0,_binary 'a:0:{}',1,4,6,10,14,15,0,0,0,0,0,'Drupal\\Core\\Menu\\Form\\MenuLinkDefaultForm'),('admin',16,'entity.entity_form_mode.collection','field_ui.display_mode','entity.entity_form_mode.collection','',_binary 'a:0:{}','',_binary 'O:48:\"Drupal\\Core\\StringTranslation\\TranslatableMarkup\":3:{s:9:\"\0*\0string\";s:10:\"Form modes\";s:12:\"\0*\0arguments\";a:0:{}s:10:\"\0*\0options\";a:0:{}}',_binary 'O:48:\"Drupal\\Core\\StringTranslation\\TranslatableMarkup\":3:{s:9:\"\0*\0string\";s:25:\"Manage custom form modes.\";s:12:\"\0*\0arguments\";a:0:{}s:10:\"\0*\0options\";a:0:{}}','Drupal\\Core\\Menu\\MenuLinkDefault',_binary 'a:0:{}','field_ui',1,1,0,0,_binary 'a:0:{}',1,4,6,10,14,16,0,0,0,0,0,'Drupal\\Core\\Menu\\Form\\MenuLinkDefaultForm'),('admin',17,'entity.menu.collection','system.admin_structure','entity.menu.collection','',_binary 'a:0:{}','',_binary 'O:48:\"Drupal\\Core\\StringTranslation\\TranslatableMarkup\":3:{s:9:\"\0*\0string\";s:5:\"Menus\";s:12:\"\0*\0arguments\";a:0:{}s:10:\"\0*\0options\";a:0:{}}',_binary 'O:48:\"Drupal\\Core\\StringTranslation\\TranslatableMarkup\":3:{s:9:\"\0*\0string\";s:28:\"Manage menus and menu links.\";s:12:\"\0*\0arguments\";a:0:{}s:10:\"\0*\0options\";a:0:{}}','Drupal\\Core\\Menu\\MenuLinkDefault',_binary 'a:0:{}','menu_ui',1,1,0,0,_binary 'a:0:{}',1,3,6,10,17,0,0,0,0,0,0,'Drupal\\Core\\Menu\\Form\\MenuLinkDefaultForm'),('admin',18,'entity.node_type.collection','system.admin_structure','entity.node_type.collection','',_binary 'a:0:{}','',_binary 'O:48:\"Drupal\\Core\\StringTranslation\\TranslatableMarkup\":3:{s:9:\"\0*\0string\";s:13:\"Content types\";s:12:\"\0*\0arguments\";a:0:{}s:10:\"\0*\0options\";a:0:{}}',_binary 'O:48:\"Drupal\\Core\\StringTranslation\\TranslatableMarkup\":3:{s:9:\"\0*\0string\";s:71:\"Create and manage fields, forms, and display settings for your content.\";s:12:\"\0*\0arguments\";a:0:{}s:10:\"\0*\0options\";a:0:{}}','Drupal\\Core\\Menu\\MenuLinkDefault',_binary 'a:0:{}','node',1,1,0,0,_binary 'a:0:{}',1,3,6,10,18,0,0,0,0,0,0,'Drupal\\Core\\Menu\\Form\\MenuLinkDefaultForm'),('admin',19,'entity.taxonomy_vocabulary.collection','system.admin_structure','entity.taxonomy_vocabulary.collection','',_binary 'a:0:{}','',_binary 'O:48:\"Drupal\\Core\\StringTranslation\\TranslatableMarkup\":3:{s:9:\"\0*\0string\";s:8:\"Taxonomy\";s:12:\"\0*\0arguments\";a:0:{}s:10:\"\0*\0options\";a:0:{}}',_binary 'O:48:\"Drupal\\Core\\StringTranslation\\TranslatableMarkup\":3:{s:9:\"\0*\0string\";s:67:\"Manage tagging, categorization, and classification of your content.\";s:12:\"\0*\0arguments\";a:0:{}s:10:\"\0*\0options\";a:0:{}}','Drupal\\Core\\Menu\\MenuLinkDefault',_binary 'a:0:{}','taxonomy',1,1,0,0,_binary 'a:0:{}',1,3,6,10,19,0,0,0,0,0,0,'Drupal\\Core\\Menu\\Form\\MenuLinkDefaultForm'),('admin',20,'entity.view.collection','system.admin_structure','entity.view.collection','',_binary 'a:0:{}','',_binary 'O:48:\"Drupal\\Core\\StringTranslation\\TranslatableMarkup\":3:{s:9:\"\0*\0string\";s:5:\"Views\";s:12:\"\0*\0arguments\";a:0:{}s:10:\"\0*\0options\";a:0:{}}',_binary 'O:48:\"Drupal\\Core\\StringTranslation\\TranslatableMarkup\":3:{s:9:\"\0*\0string\";s:35:\"Manage customized lists of content.\";s:12:\"\0*\0arguments\";a:0:{}s:10:\"\0*\0options\";a:0:{}}','Drupal\\Core\\Menu\\MenuLinkDefault',_binary 'a:0:{}','views_ui',1,1,0,0,_binary 'a:0:{}',1,3,6,10,20,0,0,0,0,0,0,'Drupal\\Core\\Menu\\Form\\MenuLinkDefaultForm'),('admin',21,'system.themes_page','system.admin','system.themes_page','',_binary 'a:0:{}','',_binary 'O:48:\"Drupal\\Core\\StringTranslation\\TranslatableMarkup\":3:{s:9:\"\0*\0string\";s:10:\"Appearance\";s:12:\"\0*\0arguments\";a:0:{}s:10:\"\0*\0options\";a:0:{}}',_binary 'O:48:\"Drupal\\Core\\StringTranslation\\TranslatableMarkup\":3:{s:9:\"\0*\0string\";s:28:\"Select and configure themes.\";s:12:\"\0*\0arguments\";a:0:{}s:10:\"\0*\0options\";a:0:{}}','Drupal\\Core\\Menu\\MenuLinkDefault',_binary 'a:0:{}','system',1,1,0,-6,_binary 'a:0:{}',1,2,6,21,0,0,0,0,0,0,0,'Drupal\\Core\\Menu\\Form\\MenuLinkDefaultForm'),('admin',22,'system.modules_list','system.admin','system.modules_list','',_binary 'a:0:{}','',_binary 'O:48:\"Drupal\\Core\\StringTranslation\\TranslatableMarkup\":3:{s:9:\"\0*\0string\";s:6:\"Extend\";s:12:\"\0*\0arguments\";a:0:{}s:10:\"\0*\0options\";a:0:{}}',_binary 'O:48:\"Drupal\\Core\\StringTranslation\\TranslatableMarkup\":3:{s:9:\"\0*\0string\";s:52:\"Add and enable modules to extend site functionality.\";s:12:\"\0*\0arguments\";a:0:{}s:10:\"\0*\0options\";a:0:{}}','Drupal\\Core\\Menu\\MenuLinkDefault',_binary 'a:0:{}','system',1,1,0,-2,_binary 'a:0:{}',1,2,6,22,0,0,0,0,0,0,0,'Drupal\\Core\\Menu\\Form\\MenuLinkDefaultForm'),('admin',23,'system.admin_config','system.admin','system.admin_config','',_binary 'a:0:{}','',_binary 'O:48:\"Drupal\\Core\\StringTranslation\\TranslatableMarkup\":3:{s:9:\"\0*\0string\";s:13:\"Configuration\";s:12:\"\0*\0arguments\";a:0:{}s:10:\"\0*\0options\";a:0:{}}',_binary 'O:48:\"Drupal\\Core\\StringTranslation\\TranslatableMarkup\":3:{s:9:\"\0*\0string\";s:20:\"Administer settings.\";s:12:\"\0*\0arguments\";a:0:{}s:10:\"\0*\0options\";a:0:{}}','Drupal\\Core\\Menu\\MenuLinkDefault',_binary 'a:0:{}','system',1,1,0,0,_binary 'a:0:{}',1,2,6,23,0,0,0,0,0,0,0,'Drupal\\Core\\Menu\\Form\\MenuLinkDefaultForm'),('admin',24,'system.admin_config_media','system.admin_config','system.admin_config_media','',_binary 'a:0:{}','',_binary 'O:48:\"Drupal\\Core\\StringTranslation\\TranslatableMarkup\":3:{s:9:\"\0*\0string\";s:5:\"Media\";s:12:\"\0*\0arguments\";a:0:{}s:10:\"\0*\0options\";a:0:{}}',_binary 's:0:\"\";','Drupal\\Core\\Menu\\MenuLinkDefault',_binary 'a:0:{}','system',1,1,0,-10,_binary 'a:0:{}',1,3,6,23,24,0,0,0,0,0,0,'Drupal\\Core\\Menu\\Form\\MenuLinkDefaultForm'),('admin',25,'entity.image_style.collection','system.admin_config_media','entity.image_style.collection','',_binary 'a:0:{}','',_binary 'O:48:\"Drupal\\Core\\StringTranslation\\TranslatableMarkup\":3:{s:9:\"\0*\0string\";s:12:\"Image styles\";s:12:\"\0*\0arguments\";a:0:{}s:10:\"\0*\0options\";a:0:{}}',_binary 'O:48:\"Drupal\\Core\\StringTranslation\\TranslatableMarkup\":3:{s:9:\"\0*\0string\";s:78:\"Configure styles that can be used for resizing or adjusting images on display.\";s:12:\"\0*\0arguments\";a:0:{}s:10:\"\0*\0options\";a:0:{}}','Drupal\\Core\\Menu\\MenuLinkDefault',_binary 'a:0:{}','image',1,1,0,0,_binary 'a:0:{}',0,4,6,23,24,25,0,0,0,0,0,'Drupal\\Core\\Menu\\Form\\MenuLinkDefaultForm'),('admin',26,'system.file_system_settings','system.admin_config_media','system.file_system_settings','',_binary 'a:0:{}','',_binary 'O:48:\"Drupal\\Core\\StringTranslation\\TranslatableMarkup\":3:{s:9:\"\0*\0string\";s:11:\"File system\";s:12:\"\0*\0arguments\";a:0:{}s:10:\"\0*\0options\";a:0:{}}',_binary 'O:48:\"Drupal\\Core\\StringTranslation\\TranslatableMarkup\":3:{s:9:\"\0*\0string\";s:67:\"Configure the location of uploaded files and how they are accessed.\";s:12:\"\0*\0arguments\";a:0:{}s:10:\"\0*\0options\";a:0:{}}','Drupal\\Core\\Menu\\MenuLinkDefault',_binary 'a:0:{}','system',1,1,0,0,_binary 'a:0:{}',0,4,6,23,24,26,0,0,0,0,0,'Drupal\\Core\\Menu\\Form\\MenuLinkDefaultForm'),('admin',27,'system.image_toolkit_settings','system.admin_config_media','system.image_toolkit_settings','',_binary 'a:0:{}','',_binary 'O:48:\"Drupal\\Core\\StringTranslation\\TranslatableMarkup\":3:{s:9:\"\0*\0string\";s:13:\"Image toolkit\";s:12:\"\0*\0arguments\";a:0:{}s:10:\"\0*\0options\";a:0:{}}',_binary 'O:48:\"Drupal\\Core\\StringTranslation\\TranslatableMarkup\":3:{s:9:\"\0*\0string\";s:74:\"Choose which image toolkit to use if you have installed optional toolkits.\";s:12:\"\0*\0arguments\";a:0:{}s:10:\"\0*\0options\";a:0:{}}','Drupal\\Core\\Menu\\MenuLinkDefault',_binary 'a:0:{}','system',1,1,0,20,_binary 'a:0:{}',0,4,6,23,24,27,0,0,0,0,0,'Drupal\\Core\\Menu\\Form\\MenuLinkDefaultForm'),('admin',28,'system.admin_config_services','system.admin_config','system.admin_config_services','',_binary 'a:0:{}','',_binary 'O:48:\"Drupal\\Core\\StringTranslation\\TranslatableMarkup\":3:{s:9:\"\0*\0string\";s:12:\"Web services\";s:12:\"\0*\0arguments\";a:0:{}s:10:\"\0*\0options\";a:0:{}}',_binary 's:0:\"\";','Drupal\\Core\\Menu\\MenuLinkDefault',_binary 'a:0:{}','system',1,1,0,0,_binary 'a:0:{}',1,3,6,23,28,0,0,0,0,0,0,'Drupal\\Core\\Menu\\Form\\MenuLinkDefaultForm'),('admin',29,'system.rss_feeds_settings','system.admin_config_services','system.rss_feeds_settings','',_binary 'a:0:{}','',_binary 'O:48:\"Drupal\\Core\\StringTranslation\\TranslatableMarkup\":3:{s:9:\"\0*\0string\";s:14:\"RSS publishing\";s:12:\"\0*\0arguments\";a:0:{}s:10:\"\0*\0options\";a:0:{}}',_binary 'O:48:\"Drupal\\Core\\StringTranslation\\TranslatableMarkup\":3:{s:9:\"\0*\0string\";s:115:\"Configure the site description, the number of items per feed, and whether feeds should be titles/teasers/full-text.\";s:12:\"\0*\0arguments\";a:0:{}s:10:\"\0*\0options\";a:0:{}}','Drupal\\Core\\Menu\\MenuLinkDefault',_binary 'a:0:{}','system',1,1,0,0,_binary 'a:0:{}',0,4,6,23,28,29,0,0,0,0,0,'Drupal\\Core\\Menu\\Form\\MenuLinkDefaultForm'),('admin',30,'system.admin_config_development','system.admin_config','system.admin_config_development','',_binary 'a:0:{}','',_binary 'O:48:\"Drupal\\Core\\StringTranslation\\TranslatableMarkup\":3:{s:9:\"\0*\0string\";s:11:\"Development\";s:12:\"\0*\0arguments\";a:0:{}s:10:\"\0*\0options\";a:0:{}}',_binary 'O:48:\"Drupal\\Core\\StringTranslation\\TranslatableMarkup\":3:{s:9:\"\0*\0string\";s:36:\"Configure and use development tools.\";s:12:\"\0*\0arguments\";a:0:{}s:10:\"\0*\0options\";a:0:{}}','Drupal\\Core\\Menu\\MenuLinkDefault',_binary 'a:0:{}','system',1,1,0,-10,_binary 'a:0:{}',1,3,6,23,30,0,0,0,0,0,0,'Drupal\\Core\\Menu\\Form\\MenuLinkDefaultForm'),('admin',31,'config.sync','system.admin_config_development','config.sync','',_binary 'a:0:{}','',_binary 'O:48:\"Drupal\\Core\\StringTranslation\\TranslatableMarkup\":3:{s:9:\"\0*\0string\";s:29:\"Configuration synchronization\";s:12:\"\0*\0arguments\";a:0:{}s:10:\"\0*\0options\";a:0:{}}',_binary 'O:48:\"Drupal\\Core\\StringTranslation\\TranslatableMarkup\":3:{s:9:\"\0*\0string\";s:37:\"Import and export your configuration.\";s:12:\"\0*\0arguments\";a:0:{}s:10:\"\0*\0options\";a:0:{}}','Drupal\\Core\\Menu\\MenuLinkDefault',_binary 'a:0:{}','config',1,1,0,0,_binary 'a:0:{}',1,4,6,23,30,31,0,0,0,0,0,'Drupal\\Core\\Menu\\Form\\MenuLinkDefaultForm'),('admin',32,'system.site_maintenance_mode','system.admin_config_development','system.site_maintenance_mode','',_binary 'a:0:{}','',_binary 'O:48:\"Drupal\\Core\\StringTranslation\\TranslatableMarkup\":3:{s:9:\"\0*\0string\";s:16:\"Maintenance mode\";s:12:\"\0*\0arguments\";a:0:{}s:10:\"\0*\0options\";a:0:{}}',_binary 'O:48:\"Drupal\\Core\\StringTranslation\\TranslatableMarkup\":3:{s:9:\"\0*\0string\";s:62:\"Take the site offline for updates and other maintenance tasks.\";s:12:\"\0*\0arguments\";a:0:{}s:10:\"\0*\0options\";a:0:{}}','Drupal\\Core\\Menu\\MenuLinkDefault',_binary 'a:0:{}','system',1,1,0,-10,_binary 'a:0:{}',0,4,6,23,30,32,0,0,0,0,0,'Drupal\\Core\\Menu\\Form\\MenuLinkDefaultForm'),('admin',33,'system.performance_settings','system.admin_config_development','system.performance_settings','',_binary 'a:0:{}','',_binary 'O:48:\"Drupal\\Core\\StringTranslation\\TranslatableMarkup\":3:{s:9:\"\0*\0string\";s:11:\"Performance\";s:12:\"\0*\0arguments\";a:0:{}s:10:\"\0*\0options\";a:0:{}}',_binary 'O:48:\"Drupal\\Core\\StringTranslation\\TranslatableMarkup\":3:{s:9:\"\0*\0string\";s:45:\"Configure caching and bandwidth optimization.\";s:12:\"\0*\0arguments\";a:0:{}s:10:\"\0*\0options\";a:0:{}}','Drupal\\Core\\Menu\\MenuLinkDefault',_binary 'a:0:{}','system',1,1,0,-20,_binary 'a:0:{}',0,4,6,23,30,33,0,0,0,0,0,'Drupal\\Core\\Menu\\Form\\MenuLinkDefaultForm'),('admin',34,'system.logging_settings','system.admin_config_development','system.logging_settings','',_binary 'a:0:{}','',_binary 'O:48:\"Drupal\\Core\\StringTranslation\\TranslatableMarkup\":3:{s:9:\"\0*\0string\";s:18:\"Logging and errors\";s:12:\"\0*\0arguments\";a:0:{}s:10:\"\0*\0options\";a:0:{}}',_binary 'O:48:\"Drupal\\Core\\StringTranslation\\TranslatableMarkup\":3:{s:9:\"\0*\0string\";s:61:\"Configure the display of error messages and database logging.\";s:12:\"\0*\0arguments\";a:0:{}s:10:\"\0*\0options\";a:0:{}}','Drupal\\Core\\Menu\\MenuLinkDefault',_binary 'a:0:{}','system',1,1,0,-15,_binary 'a:0:{}',0,4,6,23,30,34,0,0,0,0,0,'Drupal\\Core\\Menu\\Form\\MenuLinkDefaultForm'),('admin',35,'system.admin_config_regional','system.admin_config','system.admin_config_regional','',_binary 'a:0:{}','',_binary 'O:48:\"Drupal\\Core\\StringTranslation\\TranslatableMarkup\":3:{s:9:\"\0*\0string\";s:21:\"Regional and language\";s:12:\"\0*\0arguments\";a:0:{}s:10:\"\0*\0options\";a:0:{}}',_binary 'O:48:\"Drupal\\Core\\StringTranslation\\TranslatableMarkup\":3:{s:9:\"\0*\0string\";s:59:\"Configure regional settings, localization, and translation.\";s:12:\"\0*\0arguments\";a:0:{}s:10:\"\0*\0options\";a:0:{}}','Drupal\\Core\\Menu\\MenuLinkDefault',_binary 'a:0:{}','system',1,1,0,-5,_binary 'a:0:{}',1,3,6,23,35,0,0,0,0,0,0,'Drupal\\Core\\Menu\\Form\\MenuLinkDefaultForm'),('admin',36,'entity.configurable_language.collection','system.admin_config_regional','entity.configurable_language.collection','',_binary 'a:0:{}','',_binary 'O:48:\"Drupal\\Core\\StringTranslation\\TranslatableMarkup\":3:{s:9:\"\0*\0string\";s:9:\"Languages\";s:12:\"\0*\0arguments\";a:0:{}s:10:\"\0*\0options\";a:0:{}}',_binary 'O:48:\"Drupal\\Core\\StringTranslation\\TranslatableMarkup\":3:{s:9:\"\0*\0string\";s:62:\"Configure languages for content, interface, and configuration.\";s:12:\"\0*\0arguments\";a:0:{}s:10:\"\0*\0options\";a:0:{}}','Drupal\\Core\\Menu\\MenuLinkDefault',_binary 'a:0:{}','language',1,1,0,0,_binary 'a:0:{}',1,4,6,23,35,36,0,0,0,0,0,'Drupal\\Core\\Menu\\Form\\MenuLinkDefaultForm'),('admin',37,'language.content_settings_page','system.admin_config_regional','language.content_settings_page','',_binary 'a:0:{}','',_binary 'O:48:\"Drupal\\Core\\StringTranslation\\TranslatableMarkup\":3:{s:9:\"\0*\0string\";s:16:\"Content language\";s:12:\"\0*\0arguments\";a:0:{}s:10:\"\0*\0options\";a:0:{}}',_binary 'O:48:\"Drupal\\Core\\StringTranslation\\TranslatableMarkup\":3:{s:9:\"\0*\0string\";s:39:\"Configure language support for content.\";s:12:\"\0*\0arguments\";a:0:{}s:10:\"\0*\0options\";a:0:{}}','Drupal\\Core\\Menu\\MenuLinkDefault',_binary 'a:0:{}','language',1,1,0,10,_binary 'a:0:{}',0,4,6,23,35,37,0,0,0,0,0,'Drupal\\Core\\Menu\\Form\\MenuLinkDefaultForm'),('admin',38,'locale.translate_page','system.admin_config_regional','locale.translate_page','',_binary 'a:0:{}','',_binary 'O:48:\"Drupal\\Core\\StringTranslation\\TranslatableMarkup\":3:{s:9:\"\0*\0string\";s:26:\"User interface translation\";s:12:\"\0*\0arguments\";a:0:{}s:10:\"\0*\0options\";a:0:{}}',_binary 'O:48:\"Drupal\\Core\\StringTranslation\\TranslatableMarkup\":3:{s:9:\"\0*\0string\";s:87:\"Configure the import of translation files, and add or customize interface translations.\";s:12:\"\0*\0arguments\";a:0:{}s:10:\"\0*\0options\";a:0:{}}','Drupal\\Core\\Menu\\MenuLinkDefault',_binary 'a:0:{}','locale',1,1,0,15,_binary 'a:0:{}',0,4,6,23,35,38,0,0,0,0,0,'Drupal\\Core\\Menu\\Form\\MenuLinkDefaultForm'),('admin',39,'system.regional_settings','system.admin_config_regional','system.regional_settings','',_binary 'a:0:{}','',_binary 'O:48:\"Drupal\\Core\\StringTranslation\\TranslatableMarkup\":3:{s:9:\"\0*\0string\";s:17:\"Regional settings\";s:12:\"\0*\0arguments\";a:0:{}s:10:\"\0*\0options\";a:0:{}}',_binary 'O:48:\"Drupal\\Core\\StringTranslation\\TranslatableMarkup\":3:{s:9:\"\0*\0string\";s:43:\"Configure the locale and timezone settings.\";s:12:\"\0*\0arguments\";a:0:{}s:10:\"\0*\0options\";a:0:{}}','Drupal\\Core\\Menu\\MenuLinkDefault',_binary 'a:0:{}','system',1,1,0,-20,_binary 'a:0:{}',0,4,6,23,35,39,0,0,0,0,0,'Drupal\\Core\\Menu\\Form\\MenuLinkDefaultForm'),('admin',40,'entity.date_format.collection','system.admin_config_regional','entity.date_format.collection','',_binary 'a:0:{}','',_binary 'O:48:\"Drupal\\Core\\StringTranslation\\TranslatableMarkup\":3:{s:9:\"\0*\0string\";s:21:\"Date and time formats\";s:12:\"\0*\0arguments\";a:0:{}s:10:\"\0*\0options\";a:0:{}}',_binary 'O:48:\"Drupal\\Core\\StringTranslation\\TranslatableMarkup\":3:{s:9:\"\0*\0string\";s:44:\"Configure how dates and times are displayed.\";s:12:\"\0*\0arguments\";a:0:{}s:10:\"\0*\0options\";a:0:{}}','Drupal\\Core\\Menu\\MenuLinkDefault',_binary 'a:0:{}','system',1,1,0,-9,_binary 'a:0:{}',0,4,6,23,35,40,0,0,0,0,0,'Drupal\\Core\\Menu\\Form\\MenuLinkDefaultForm'),('admin',41,'system.admin_config_search','system.admin_config','system.admin_config_search','',_binary 'a:0:{}','',_binary 'O:48:\"Drupal\\Core\\StringTranslation\\TranslatableMarkup\":3:{s:9:\"\0*\0string\";s:19:\"Search and metadata\";s:12:\"\0*\0arguments\";a:0:{}s:10:\"\0*\0options\";a:0:{}}',_binary 'O:48:\"Drupal\\Core\\StringTranslation\\TranslatableMarkup\":3:{s:9:\"\0*\0string\";s:64:\"Configure site search, metadata, and search engine optimization.\";s:12:\"\0*\0arguments\";a:0:{}s:10:\"\0*\0options\";a:0:{}}','Drupal\\Core\\Menu\\MenuLinkDefault',_binary 'a:0:{}','system',1,1,0,-10,_binary 'a:0:{}',1,3,6,23,41,0,0,0,0,0,0,'Drupal\\Core\\Menu\\Form\\MenuLinkDefaultForm'),('admin',42,'entity.path_alias.collection','system.admin_config_search','entity.path_alias.collection','',_binary 'a:0:{}','',_binary 'O:48:\"Drupal\\Core\\StringTranslation\\TranslatableMarkup\":3:{s:9:\"\0*\0string\";s:11:\"URL aliases\";s:12:\"\0*\0arguments\";a:0:{}s:10:\"\0*\0options\";a:0:{}}',_binary 'O:48:\"Drupal\\Core\\StringTranslation\\TranslatableMarkup\":3:{s:9:\"\0*\0string\";s:34:\"Add custom URLs to existing paths.\";s:12:\"\0*\0arguments\";a:0:{}s:10:\"\0*\0options\";a:0:{}}','Drupal\\Core\\Menu\\MenuLinkDefault',_binary 'a:0:{}','path',1,1,0,-5,_binary 'a:0:{}',0,4,6,23,41,42,0,0,0,0,0,'Drupal\\Core\\Menu\\Form\\MenuLinkDefaultForm'),('admin',43,'entity.search_page.collection','system.admin_config_search','entity.search_page.collection','',_binary 'a:0:{}','',_binary 'O:48:\"Drupal\\Core\\StringTranslation\\TranslatableMarkup\":3:{s:9:\"\0*\0string\";s:12:\"Search pages\";s:12:\"\0*\0arguments\";a:0:{}s:10:\"\0*\0options\";a:0:{}}',_binary 'O:48:\"Drupal\\Core\\StringTranslation\\TranslatableMarkup\":3:{s:9:\"\0*\0string\";s:51:\"Configure search pages and search indexing options.\";s:12:\"\0*\0arguments\";a:0:{}s:10:\"\0*\0options\";a:0:{}}','Drupal\\Core\\Menu\\MenuLinkDefault',_binary 'a:0:{}','search',1,1,0,-10,_binary 'a:0:{}',0,4,6,23,41,43,0,0,0,0,0,'Drupal\\Core\\Menu\\Form\\MenuLinkDefaultForm'),('admin',44,'system.admin_config_system','system.admin_config','system.admin_config_system','',_binary 'a:0:{}','',_binary 'O:48:\"Drupal\\Core\\StringTranslation\\TranslatableMarkup\":3:{s:9:\"\0*\0string\";s:6:\"System\";s:12:\"\0*\0arguments\";a:0:{}s:10:\"\0*\0options\";a:0:{}}',_binary 'O:48:\"Drupal\\Core\\StringTranslation\\TranslatableMarkup\":3:{s:9:\"\0*\0string\";s:49:\"Configure basic site settings, actions, and cron.\";s:12:\"\0*\0arguments\";a:0:{}s:10:\"\0*\0options\";a:0:{}}','Drupal\\Core\\Menu\\MenuLinkDefault',_binary 'a:0:{}','system',1,1,0,-20,_binary 'a:0:{}',1,3,6,23,44,0,0,0,0,0,0,'Drupal\\Core\\Menu\\Form\\MenuLinkDefaultForm'),('admin',45,'system.site_information_settings','system.admin_config_system','system.site_information_settings','',_binary 'a:0:{}','',_binary 'O:48:\"Drupal\\Core\\StringTranslation\\TranslatableMarkup\":3:{s:9:\"\0*\0string\";s:19:\"Basic site settings\";s:12:\"\0*\0arguments\";a:0:{}s:10:\"\0*\0options\";a:0:{}}',_binary 'O:48:\"Drupal\\Core\\StringTranslation\\TranslatableMarkup\":3:{s:9:\"\0*\0string\";s:77:\"Change site name, email address, slogan, default front page, and error pages.\";s:12:\"\0*\0arguments\";a:0:{}s:10:\"\0*\0options\";a:0:{}}','Drupal\\Core\\Menu\\MenuLinkDefault',_binary 'a:0:{}','system',1,1,0,-20,_binary 'a:0:{}',0,4,6,23,44,45,0,0,0,0,0,'Drupal\\Core\\Menu\\Form\\MenuLinkDefaultForm'),('admin',46,'system.cron_settings','system.admin_config_system','system.cron_settings','',_binary 'a:0:{}','',_binary 'O:48:\"Drupal\\Core\\StringTranslation\\TranslatableMarkup\":3:{s:9:\"\0*\0string\";s:4:\"Cron\";s:12:\"\0*\0arguments\";a:0:{}s:10:\"\0*\0options\";a:0:{}}',_binary 'O:48:\"Drupal\\Core\\StringTranslation\\TranslatableMarkup\":3:{s:9:\"\0*\0string\";s:40:\"Manage automatic site maintenance tasks.\";s:12:\"\0*\0arguments\";a:0:{}s:10:\"\0*\0options\";a:0:{}}','Drupal\\Core\\Menu\\MenuLinkDefault',_binary 'a:0:{}','system',1,1,0,20,_binary 'a:0:{}',0,4,6,23,44,46,0,0,0,0,0,'Drupal\\Core\\Menu\\Form\\MenuLinkDefaultForm'),('admin',47,'system.admin_config_ui','system.admin_config','system.admin_config_ui','',_binary 'a:0:{}','',_binary 'O:48:\"Drupal\\Core\\StringTranslation\\TranslatableMarkup\":3:{s:9:\"\0*\0string\";s:14:\"User interface\";s:12:\"\0*\0arguments\";a:0:{}s:10:\"\0*\0options\";a:0:{}}',_binary 'O:48:\"Drupal\\Core\\StringTranslation\\TranslatableMarkup\":3:{s:9:\"\0*\0string\";s:44:\"Configure the administrative user interface.\";s:12:\"\0*\0arguments\";a:0:{}s:10:\"\0*\0options\";a:0:{}}','Drupal\\Core\\Menu\\MenuLinkDefault',_binary 'a:0:{}','system',1,1,0,-15,_binary 'a:0:{}',1,3,6,23,47,0,0,0,0,0,0,'Drupal\\Core\\Menu\\Form\\MenuLinkDefaultForm'),('admin',48,'entity.shortcut_set.collection','system.admin_config_ui','entity.shortcut_set.collection','',_binary 'a:0:{}','',_binary 'O:48:\"Drupal\\Core\\StringTranslation\\TranslatableMarkup\":3:{s:9:\"\0*\0string\";s:9:\"Shortcuts\";s:12:\"\0*\0arguments\";a:0:{}s:10:\"\0*\0options\";a:0:{}}',_binary 'O:48:\"Drupal\\Core\\StringTranslation\\TranslatableMarkup\":3:{s:9:\"\0*\0string\";s:29:\"Add and modify shortcut sets.\";s:12:\"\0*\0arguments\";a:0:{}s:10:\"\0*\0options\";a:0:{}}','Drupal\\Core\\Menu\\MenuLinkDefault',_binary 'a:0:{}','shortcut',1,1,0,0,_binary 'a:0:{}',0,4,6,23,47,48,0,0,0,0,0,'Drupal\\Core\\Menu\\Form\\MenuLinkDefaultForm'),('admin',49,'system.admin_config_workflow','system.admin_config','system.admin_config_workflow','',_binary 'a:0:{}','',_binary 'O:48:\"Drupal\\Core\\StringTranslation\\TranslatableMarkup\":3:{s:9:\"\0*\0string\";s:8:\"Workflow\";s:12:\"\0*\0arguments\";a:0:{}s:10:\"\0*\0options\";a:0:{}}',_binary 'O:48:\"Drupal\\Core\\StringTranslation\\TranslatableMarkup\":3:{s:9:\"\0*\0string\";s:28:\"Manage the content workflow.\";s:12:\"\0*\0arguments\";a:0:{}s:10:\"\0*\0options\";a:0:{}}','Drupal\\Core\\Menu\\MenuLinkDefault',_binary 'a:0:{}','system',1,1,0,5,_binary 'a:0:{}',0,3,6,23,49,0,0,0,0,0,0,'Drupal\\Core\\Menu\\Form\\MenuLinkDefaultForm'),('admin',50,'system.admin_config_content','system.admin_config','system.admin_config_content','',_binary 'a:0:{}','',_binary 'O:48:\"Drupal\\Core\\StringTranslation\\TranslatableMarkup\":3:{s:9:\"\0*\0string\";s:17:\"Content authoring\";s:12:\"\0*\0arguments\";a:0:{}s:10:\"\0*\0options\";a:0:{}}',_binary 'O:48:\"Drupal\\Core\\StringTranslation\\TranslatableMarkup\":3:{s:9:\"\0*\0string\";s:43:\"Configure content formatting and authoring.\";s:12:\"\0*\0arguments\";a:0:{}s:10:\"\0*\0options\";a:0:{}}','Drupal\\Core\\Menu\\MenuLinkDefault',_binary 'a:0:{}','system',1,1,0,-15,_binary 'a:0:{}',1,3,6,23,50,0,0,0,0,0,0,'Drupal\\Core\\Menu\\Form\\MenuLinkDefaultForm'),('admin',51,'filter.admin_overview','system.admin_config_content','filter.admin_overview','',_binary 'a:0:{}','',_binary 'O:48:\"Drupal\\Core\\StringTranslation\\TranslatableMarkup\":3:{s:9:\"\0*\0string\";s:24:\"Text formats and editors\";s:12:\"\0*\0arguments\";a:0:{}s:10:\"\0*\0options\";a:0:{}}',_binary 'O:48:\"Drupal\\Core\\StringTranslation\\TranslatableMarkup\":3:{s:9:\"\0*\0string\";s:78:\"Select and configure text editors, and how content is filtered when displayed.\";s:12:\"\0*\0arguments\";a:0:{}s:10:\"\0*\0options\";a:0:{}}','Drupal\\Core\\Menu\\MenuLinkDefault',_binary 'a:0:{}','filter',1,1,0,0,_binary 'a:0:{}',0,4,6,23,50,51,0,0,0,0,0,'Drupal\\Core\\Menu\\Form\\MenuLinkDefaultForm'),('admin',52,'user.admin_index','system.admin_config','user.admin_index','',_binary 'a:0:{}','',_binary 'O:48:\"Drupal\\Core\\StringTranslation\\TranslatableMarkup\":3:{s:9:\"\0*\0string\";s:6:\"People\";s:12:\"\0*\0arguments\";a:0:{}s:10:\"\0*\0options\";a:0:{}}',_binary 'O:48:\"Drupal\\Core\\StringTranslation\\TranslatableMarkup\":3:{s:9:\"\0*\0string\";s:24:\"Configure user accounts.\";s:12:\"\0*\0arguments\";a:0:{}s:10:\"\0*\0options\";a:0:{}}','Drupal\\Core\\Menu\\MenuLinkDefault',_binary 'a:0:{}','user',1,1,0,-20,_binary 'a:0:{}',1,3,6,23,52,0,0,0,0,0,0,'Drupal\\Core\\Menu\\Form\\MenuLinkDefaultForm'),('admin',53,'entity.user.admin_form','user.admin_index','entity.user.admin_form','',_binary 'a:0:{}','',_binary 'O:48:\"Drupal\\Core\\StringTranslation\\TranslatableMarkup\":3:{s:9:\"\0*\0string\";s:16:\"Account settings\";s:12:\"\0*\0arguments\";a:0:{}s:10:\"\0*\0options\";a:0:{}}',_binary 'O:48:\"Drupal\\Core\\StringTranslation\\TranslatableMarkup\":3:{s:9:\"\0*\0string\";s:105:\"Configure default user account settings, including fields, registration requirements, and email messages.\";s:12:\"\0*\0arguments\";a:0:{}s:10:\"\0*\0options\";a:0:{}}','Drupal\\Core\\Menu\\MenuLinkDefault',_binary 'a:0:{}','user',1,1,0,-10,_binary 'a:0:{}',1,4,6,23,52,53,0,0,0,0,0,'Drupal\\Core\\Menu\\Form\\MenuLinkDefaultForm'),('admin',54,'system.admin_reports','system.admin','system.admin_reports','',_binary 'a:0:{}','',_binary 'O:48:\"Drupal\\Core\\StringTranslation\\TranslatableMarkup\":3:{s:9:\"\0*\0string\";s:7:\"Reports\";s:12:\"\0*\0arguments\";a:0:{}s:10:\"\0*\0options\";a:0:{}}',_binary 'O:48:\"Drupal\\Core\\StringTranslation\\TranslatableMarkup\":3:{s:9:\"\0*\0string\";s:34:\"View reports, updates, and errors.\";s:12:\"\0*\0arguments\";a:0:{}s:10:\"\0*\0options\";a:0:{}}','Drupal\\Core\\Menu\\MenuLinkDefault',_binary 'a:0:{}','system',1,1,0,5,_binary 'a:0:{}',1,2,6,54,0,0,0,0,0,0,0,'Drupal\\Core\\Menu\\Form\\MenuLinkDefaultForm'),('admin',55,'dblog.overview','system.admin_reports','dblog.overview','',_binary 'a:0:{}','',_binary 'O:48:\"Drupal\\Core\\StringTranslation\\TranslatableMarkup\":3:{s:9:\"\0*\0string\";s:19:\"Recent log messages\";s:12:\"\0*\0arguments\";a:0:{}s:10:\"\0*\0options\";a:0:{}}',_binary 'O:48:\"Drupal\\Core\\StringTranslation\\TranslatableMarkup\":3:{s:9:\"\0*\0string\";s:43:\"View events that have recently been logged.\";s:12:\"\0*\0arguments\";a:0:{}s:10:\"\0*\0options\";a:0:{}}','Drupal\\Core\\Menu\\MenuLinkDefault',_binary 'a:0:{}','dblog',1,1,0,-1,_binary 'a:0:{}',0,3,6,54,55,0,0,0,0,0,0,'Drupal\\Core\\Menu\\Form\\MenuLinkDefaultForm'),('admin',56,'dblog.page_not_found','system.admin_reports','dblog.page_not_found','',_binary 'a:0:{}','',_binary 'O:48:\"Drupal\\Core\\StringTranslation\\TranslatableMarkup\":3:{s:9:\"\0*\0string\";s:27:\"Top \'page not found\' errors\";s:12:\"\0*\0arguments\";a:0:{}s:10:\"\0*\0options\";a:0:{}}',_binary 'O:48:\"Drupal\\Core\\StringTranslation\\TranslatableMarkup\":3:{s:9:\"\0*\0string\";s:36:\"View \'page not found\' errors (404s).\";s:12:\"\0*\0arguments\";a:0:{}s:10:\"\0*\0options\";a:0:{}}','Drupal\\Core\\Menu\\MenuLinkDefault',_binary 'a:0:{}','dblog',1,1,0,0,_binary 'a:0:{}',0,3,6,54,56,0,0,0,0,0,0,'Drupal\\Core\\Menu\\Form\\MenuLinkDefaultForm'),('admin',57,'dblog.access_denied','system.admin_reports','dblog.access_denied','',_binary 'a:0:{}','',_binary 'O:48:\"Drupal\\Core\\StringTranslation\\TranslatableMarkup\":3:{s:9:\"\0*\0string\";s:26:\"Top \'access denied\' errors\";s:12:\"\0*\0arguments\";a:0:{}s:10:\"\0*\0options\";a:0:{}}',_binary 'O:48:\"Drupal\\Core\\StringTranslation\\TranslatableMarkup\":3:{s:9:\"\0*\0string\";s:35:\"View \'access denied\' errors (403s).\";s:12:\"\0*\0arguments\";a:0:{}s:10:\"\0*\0options\";a:0:{}}','Drupal\\Core\\Menu\\MenuLinkDefault',_binary 'a:0:{}','dblog',1,1,0,0,_binary 'a:0:{}',0,3,6,54,57,0,0,0,0,0,0,'Drupal\\Core\\Menu\\Form\\MenuLinkDefaultForm'),('admin',58,'entity.field_storage_config.collection','system.admin_reports','entity.field_storage_config.collection','',_binary 'a:0:{}','',_binary 'O:48:\"Drupal\\Core\\StringTranslation\\TranslatableMarkup\":3:{s:9:\"\0*\0string\";s:10:\"Field list\";s:12:\"\0*\0arguments\";a:0:{}s:10:\"\0*\0options\";a:0:{}}',_binary 'O:48:\"Drupal\\Core\\StringTranslation\\TranslatableMarkup\":3:{s:9:\"\0*\0string\";s:39:\"Overview of fields on all entity types.\";s:12:\"\0*\0arguments\";a:0:{}s:10:\"\0*\0options\";a:0:{}}','Drupal\\Core\\Menu\\MenuLinkDefault',_binary 'a:0:{}','field_ui',1,1,0,0,_binary 'a:0:{}',1,3,6,54,58,0,0,0,0,0,0,'Drupal\\Core\\Menu\\Form\\MenuLinkDefaultForm'),('admin',59,'locale.translate_status','system.admin_reports','locale.translate_status','',_binary 'a:0:{}','',_binary 'O:48:\"Drupal\\Core\\StringTranslation\\TranslatableMarkup\":3:{s:9:\"\0*\0string\";s:29:\"Available translation updates\";s:12:\"\0*\0arguments\";a:0:{}s:10:\"\0*\0options\";a:0:{}}',_binary 'O:48:\"Drupal\\Core\\StringTranslation\\TranslatableMarkup\":3:{s:9:\"\0*\0string\";s:97:\"Get a status report about available interface translations for your installed modules and themes.\";s:12:\"\0*\0arguments\";a:0:{}s:10:\"\0*\0options\";a:0:{}}','Drupal\\Core\\Menu\\MenuLinkDefault',_binary 'a:0:{}','locale',1,1,0,0,_binary 'a:0:{}',0,3,6,54,59,0,0,0,0,0,0,'Drupal\\Core\\Menu\\Form\\MenuLinkDefaultForm'),('admin',60,'system.status','system.admin_reports','system.status','',_binary 'a:0:{}','',_binary 'O:48:\"Drupal\\Core\\StringTranslation\\TranslatableMarkup\":3:{s:9:\"\0*\0string\";s:13:\"Status report\";s:12:\"\0*\0arguments\";a:0:{}s:10:\"\0*\0options\";a:0:{}}',_binary 'O:48:\"Drupal\\Core\\StringTranslation\\TranslatableMarkup\":3:{s:9:\"\0*\0string\";s:48:\"Get a status report about your site\'s operation.\";s:12:\"\0*\0arguments\";a:0:{}s:10:\"\0*\0options\";a:0:{}}','Drupal\\Core\\Menu\\MenuLinkDefault',_binary 'a:0:{}','system',1,1,0,0,_binary 'a:0:{}',0,3,6,54,60,0,0,0,0,0,0,'Drupal\\Core\\Menu\\Form\\MenuLinkDefaultForm'),('admin',61,'views_ui.reports_plugins','system.admin_reports','views_ui.reports_plugins','',_binary 'a:0:{}','',_binary 'O:48:\"Drupal\\Core\\StringTranslation\\TranslatableMarkup\":3:{s:9:\"\0*\0string\";s:13:\"Views plugins\";s:12:\"\0*\0arguments\";a:0:{}s:10:\"\0*\0options\";a:0:{}}',_binary 'O:48:\"Drupal\\Core\\StringTranslation\\TranslatableMarkup\":3:{s:9:\"\0*\0string\";s:38:\"Overview of plugins used in all views.\";s:12:\"\0*\0arguments\";a:0:{}s:10:\"\0*\0options\";a:0:{}}','Drupal\\Core\\Menu\\MenuLinkDefault',_binary 'a:0:{}','views_ui',1,1,0,0,_binary 'a:0:{}',0,3,6,54,61,0,0,0,0,0,0,'Drupal\\Core\\Menu\\Form\\MenuLinkDefaultForm'),('admin',62,'dblog.search','system.admin_reports','dblog.search','',_binary 'a:0:{}','',_binary 'O:48:\"Drupal\\Core\\StringTranslation\\TranslatableMarkup\":3:{s:9:\"\0*\0string\";s:18:\"Top search phrases\";s:12:\"\0*\0arguments\";a:0:{}s:10:\"\0*\0options\";a:0:{}}',_binary 'O:48:\"Drupal\\Core\\StringTranslation\\TranslatableMarkup\":3:{s:9:\"\0*\0string\";s:33:\"View most popular search phrases.\";s:12:\"\0*\0arguments\";a:0:{}s:10:\"\0*\0options\";a:0:{}}','Drupal\\Core\\Menu\\MenuLinkDefault',_binary 'a:0:{}','',1,1,0,0,_binary 'a:0:{}',0,3,6,54,62,0,0,0,0,0,0,'Drupal\\Core\\Menu\\Form\\MenuLinkDefaultForm'),('admin',63,'entity.user.collection','system.admin','entity.user.collection','',_binary 'a:0:{}','',_binary 'O:48:\"Drupal\\Core\\StringTranslation\\TranslatableMarkup\":3:{s:9:\"\0*\0string\";s:6:\"People\";s:12:\"\0*\0arguments\";a:0:{}s:10:\"\0*\0options\";a:0:{}}',_binary 'O:48:\"Drupal\\Core\\StringTranslation\\TranslatableMarkup\":3:{s:9:\"\0*\0string\";s:45:\"Manage user accounts, roles, and permissions.\";s:12:\"\0*\0arguments\";a:0:{}s:10:\"\0*\0options\";a:0:{}}','Drupal\\Core\\Menu\\MenuLinkDefault',_binary 'a:0:{}','user',1,1,0,4,_binary 'a:0:{}',1,2,6,63,0,0,0,0,0,0,0,'Drupal\\Core\\Menu\\Form\\MenuLinkDefaultForm'),('account',64,'user.page','','user.page','',_binary 'a:0:{}','',_binary 'O:48:\"Drupal\\Core\\StringTranslation\\TranslatableMarkup\":3:{s:9:\"\0*\0string\";s:10:\"My account\";s:12:\"\0*\0arguments\";a:0:{}s:10:\"\0*\0options\";a:0:{}}',_binary 's:0:\"\";','Drupal\\Core\\Menu\\MenuLinkDefault',_binary 'a:0:{}','user',0,1,0,-50,_binary 'a:0:{}',0,1,64,0,0,0,0,0,0,0,0,'Drupal\\Core\\Menu\\Form\\MenuLinkDefaultForm'),('account',65,'user.logout','','','',_binary 'a:0:{}','',_binary 's:0:\"\";',_binary 's:0:\"\";','Drupal\\user\\Plugin\\Menu\\LoginLogoutMenuLink',_binary 'a:0:{}','user',0,1,0,-43,_binary 'a:0:{}',0,1,65,0,0,0,0,0,0,0,0,'Drupal\\Core\\Menu\\Form\\MenuLinkDefaultForm'),('admin',66,'update.status','system.admin_reports','update.status','',_binary 'a:0:{}','',_binary 'O:48:\"Drupal\\Core\\StringTranslation\\TranslatableMarkup\":3:{s:9:\"\0*\0string\";s:17:\"Available updates\";s:12:\"\0*\0arguments\";a:0:{}s:10:\"\0*\0options\";a:0:{}}',_binary 'O:48:\"Drupal\\Core\\StringTranslation\\TranslatableMarkup\":3:{s:9:\"\0*\0string\";s:82:\"Get a status report about available updates for your installed modules and themes.\";s:12:\"\0*\0arguments\";a:0:{}s:10:\"\0*\0options\";a:0:{}}','Drupal\\Core\\Menu\\MenuLinkDefault',_binary 'a:0:{}','update',1,1,0,-50,_binary 'a:0:{}',0,3,6,54,66,0,0,0,0,0,0,'Drupal\\Core\\Menu\\Form\\MenuLinkDefaultForm'),('account',67,'menu_link_content:1e0cc979-2f8b-4007-9903-8b6255103937','','banco_proyectos_registracion.registracion_form','nombre_seccion=registro_identificacion',_binary 'a:1:{s:14:\"nombre_seccion\";s:23:\"registro_identificacion\";}','',_binary 's:15:\"Identificación\";',NULL,'Drupal\\menu_link_content\\Plugin\\Menu\\MenuLinkContent',_binary 'a:1:{s:5:\"query\";a:0:{}}','menu_link_content',0,1,0,-49,_binary 'a:1:{s:9:\"entity_id\";s:1:\"1\";}',0,1,67,0,0,0,0,0,0,0,0,'\\Drupal\\menu_link_content\\Form\\MenuLinkContentForm'),('admin',68,'geofield_map.settings','system.admin_config_system','geofield_map.settings','',_binary 'a:0:{}','',_binary 'O:48:\"Drupal\\Core\\StringTranslation\\TranslatableMarkup\":3:{s:9:\"\0*\0string\";s:21:\"Geofield Map settings\";s:12:\"\0*\0arguments\";a:0:{}s:10:\"\0*\0options\";a:0:{}}',_binary 'O:48:\"Drupal\\Core\\StringTranslation\\TranslatableMarkup\":3:{s:9:\"\0*\0string\";s:69:\"Configure Geofield Map Settings (such as Google Maps API key, etc...)\";s:12:\"\0*\0arguments\";a:0:{}s:10:\"\0*\0options\";a:0:{}}','Drupal\\Core\\Menu\\MenuLinkDefault',_binary 'a:0:{}','geofield_map',1,1,0,0,_binary 'a:0:{}',0,4,6,23,44,68,0,0,0,0,0,'Drupal\\Core\\Menu\\Form\\MenuLinkDefaultForm'),('admin',69,'entity.media_type.collection','system.admin_structure','entity.media_type.collection','',_binary 'a:0:{}','',_binary 'O:48:\"Drupal\\Core\\StringTranslation\\TranslatableMarkup\":3:{s:9:\"\0*\0string\";s:11:\"Media types\";s:12:\"\0*\0arguments\";a:0:{}s:10:\"\0*\0options\";a:0:{}}',_binary 'O:48:\"Drupal\\Core\\StringTranslation\\TranslatableMarkup\":3:{s:9:\"\0*\0string\";s:19:\"Manage media types.\";s:12:\"\0*\0arguments\";a:0:{}s:10:\"\0*\0options\";a:0:{}}','Drupal\\Core\\Menu\\MenuLinkDefault',_binary 'a:0:{}','media',1,1,0,0,_binary 'a:0:{}',1,3,6,10,69,0,0,0,0,0,0,'Drupal\\Core\\Menu\\Form\\MenuLinkDefaultForm'),('admin',70,'media.settings','system.admin_config_media','media.settings','',_binary 'a:0:{}','',_binary 'O:48:\"Drupal\\Core\\StringTranslation\\TranslatableMarkup\":3:{s:9:\"\0*\0string\";s:14:\"Media settings\";s:12:\"\0*\0arguments\";a:0:{}s:10:\"\0*\0options\";a:0:{}}',_binary 'O:48:\"Drupal\\Core\\StringTranslation\\TranslatableMarkup\":3:{s:9:\"\0*\0string\";s:22:\"Manage media settings.\";s:12:\"\0*\0arguments\";a:0:{}s:10:\"\0*\0options\";a:0:{}}','Drupal\\Core\\Menu\\MenuLinkDefault',_binary 'a:0:{}','media',1,1,0,0,_binary 'a:0:{}',0,4,6,23,24,70,0,0,0,0,0,'Drupal\\Core\\Menu\\Form\\MenuLinkDefaultForm'),('admin',71,'media_library.settings','system.admin_config_media','media_library.settings','',_binary 'a:0:{}','',_binary 'O:48:\"Drupal\\Core\\StringTranslation\\TranslatableMarkup\":3:{s:9:\"\0*\0string\";s:22:\"Media Library settings\";s:12:\"\0*\0arguments\";a:0:{}s:10:\"\0*\0options\";a:0:{}}',_binary 'O:48:\"Drupal\\Core\\StringTranslation\\TranslatableMarkup\":3:{s:9:\"\0*\0string\";s:30:\"Manage Media Library settings.\";s:12:\"\0*\0arguments\";a:0:{}s:10:\"\0*\0options\";a:0:{}}','Drupal\\Core\\Menu\\MenuLinkDefault',_binary 'a:0:{}','media_library',1,1,0,0,_binary 'a:0:{}',0,4,6,23,24,71,0,0,0,0,0,'Drupal\\Core\\Menu\\Form\\MenuLinkDefaultForm'),('admin',72,'gmap.field.admin','system.admin_config_services','gmap.field.settings','',_binary 'a:0:{}','',_binary 'O:48:\"Drupal\\Core\\StringTranslation\\TranslatableMarkup\":3:{s:9:\"\0*\0string\";s:33:\"Google Maps API Key configuration\";s:12:\"\0*\0arguments\";a:0:{}s:10:\"\0*\0options\";a:0:{}}',_binary 'O:48:\"Drupal\\Core\\StringTranslation\\TranslatableMarkup\":3:{s:9:\"\0*\0string\";s:49:\"Manage the api key for the google maps field type\";s:12:\"\0*\0arguments\";a:0:{}s:10:\"\0*\0options\";a:0:{}}','Drupal\\Core\\Menu\\MenuLinkDefault',_binary 'a:0:{}','google_map_field',1,1,0,0,_binary 'a:0:{}',0,4,6,23,28,72,0,0,0,0,0,'Drupal\\Core\\Menu\\Form\\MenuLinkDefaultForm'),('account',73,'menu_link_content:55ef24be-3218-41dd-8974-e56f4e285126','','entity.node.canonical','node=43',_binary 'a:1:{s:4:\"node\";s:2:\"43\";}','',_binary 's:11:\"Iniciativas\";',NULL,'Drupal\\menu_link_content\\Plugin\\Menu\\MenuLinkContent',_binary 'a:1:{s:5:\"query\";a:0:{}}','menu_link_content',0,1,0,-45,_binary 'a:1:{s:9:\"entity_id\";s:1:\"2\";}',0,1,73,0,0,0,0,0,0,0,0,'\\Drupal\\menu_link_content\\Form\\MenuLinkContentForm'),('account',74,'menu_link_content:b1850c8c-6a1b-4275-b8ee-1dfcde35d05e','','banco_proyectos_registracion.registracion_form','nombre_seccion=registro_web',_binary 'a:1:{s:14:\"nombre_seccion\";s:12:\"registro_web\";}','',_binary 's:3:\"Web\";',NULL,'Drupal\\menu_link_content\\Plugin\\Menu\\MenuLinkContent',_binary 'a:1:{s:5:\"query\";a:0:{}}','menu_link_content',0,1,0,-47,_binary 'a:1:{s:9:\"entity_id\";s:1:\"3\";}',0,1,74,0,0,0,0,0,0,0,0,'\\Drupal\\menu_link_content\\Form\\MenuLinkContentForm'),('account',75,'menu_link_content:8963cef4-f31f-494f-9ffc-266b27664bd7','','banco_proyectos_registracion.registracion_form','nombre_seccion=registro_ubicacion',_binary 'a:1:{s:14:\"nombre_seccion\";s:18:\"registro_ubicacion\";}','',_binary 's:10:\"Ubicación\";',NULL,'Drupal\\menu_link_content\\Plugin\\Menu\\MenuLinkContent',_binary 'a:1:{s:5:\"query\";a:0:{}}','menu_link_content',0,1,0,-48,_binary 'a:1:{s:9:\"entity_id\";s:1:\"4\";}',0,1,75,0,0,0,0,0,0,0,0,'\\Drupal\\menu_link_content\\Form\\MenuLinkContentForm'),('account',76,'menu_link_content:7283f9ff-932b-4c9a-a90c-2a5f9e7aa954','','banco_proyectos_registracion.registracion_form','nombre_seccion=registro_recursos',_binary 'a:1:{s:14:\"nombre_seccion\";s:17:\"registro_recursos\";}','',_binary 's:8:\"RECURSOS\";',NULL,'Drupal\\menu_link_content\\Plugin\\Menu\\MenuLinkContent',_binary 'a:1:{s:5:\"query\";a:0:{}}','menu_link_content',0,1,0,-46,_binary 'a:1:{s:9:\"entity_id\";s:1:\"5\";}',0,1,76,0,0,0,0,0,0,0,0,'\\Drupal\\menu_link_content\\Form\\MenuLinkContentForm'),('admin',77,'social_api.admin_config','system.admin_config','social_api.admin_config','',_binary 'a:0:{}','',_binary 'O:48:\"Drupal\\Core\\StringTranslation\\TranslatableMarkup\":3:{s:9:\"\0*\0string\";s:19:\"Social API settings\";s:12:\"\0*\0arguments\";a:0:{}s:10:\"\0*\0options\";a:0:{}}',_binary 's:0:\"\";','Drupal\\Core\\Menu\\MenuLinkDefault',_binary 'a:0:{}','social_api',1,1,0,0,_binary 'a:0:{}',1,3,6,23,77,0,0,0,0,0,0,'Drupal\\Core\\Menu\\Form\\MenuLinkDefaultForm'),('admin',78,'social_auth.integrations','social_api.admin_config','social_auth.integrations','',_binary 'a:0:{}','',_binary 'O:48:\"Drupal\\Core\\StringTranslation\\TranslatableMarkup\":3:{s:9:\"\0*\0string\";s:19:\"User authentication\";s:12:\"\0*\0arguments\";a:0:{}s:10:\"\0*\0options\";a:0:{}}',_binary 'O:48:\"Drupal\\Core\\StringTranslation\\TranslatableMarkup\":3:{s:9:\"\0*\0string\";s:38:\"Configure user authentication settings\";s:12:\"\0*\0arguments\";a:0:{}s:10:\"\0*\0options\";a:0:{}}','Drupal\\Core\\Menu\\MenuLinkDefault',_binary 'a:0:{}','social_auth',1,1,0,-10,_binary 'a:0:{}',0,4,6,23,77,78,0,0,0,0,0,'Drupal\\Core\\Menu\\Form\\MenuLinkDefaultForm'),('account',79,'menu_link_content:c042594d-74cb-4837-96ee-04e7998468b8','','entity.node.canonical','node=65',_binary 'a:1:{s:4:\"node\";s:2:\"65\";}','',_binary 's:9:\"Proyectos\";',NULL,'Drupal\\menu_link_content\\Plugin\\Menu\\MenuLinkContent',_binary 'a:1:{s:5:\"query\";a:0:{}}','menu_link_content',0,1,0,-44,_binary 'a:1:{s:9:\"entity_id\";s:1:\"6\";}',0,1,79,0,0,0,0,0,0,0,0,'\\Drupal\\menu_link_content\\Form\\MenuLinkContentForm'),('admin',80,'buttons_login.admin','user.admin_index','buttons_login.settings','',_binary 'a:0:{}','',_binary 'O:48:\"Drupal\\Core\\StringTranslation\\TranslatableMarkup\":3:{s:9:\"\0*\0string\";s:22:\"Buttons Login Settings\";s:12:\"\0*\0arguments\";a:0:{}s:10:\"\0*\0options\";a:0:{}}',_binary 'O:48:\"Drupal\\Core\\StringTranslation\\TranslatableMarkup\":3:{s:9:\"\0*\0string\";s:64:\"Configure options and text strings for the Buttons Login module.\";s:12:\"\0*\0arguments\";a:0:{}s:10:\"\0*\0options\";a:0:{}}','Drupal\\Core\\Menu\\MenuLinkDefault',_binary 'a:0:{}','buttons_login',1,1,0,100,_binary 'a:0:{}',0,4,6,23,52,80,0,0,0,0,0,'Drupal\\Core\\Menu\\Form\\MenuLinkDefaultForm'),('footer',81,'menu_link_content:86a95aa9-fdc9-4f59-9740-4e3264d4bcc1','','entity.node.canonical','node=19',_binary 'a:1:{s:4:\"node\";s:2:\"19\";}','',_binary 's:8:\"Contacto\";',_binary 's:41:\"Contenido describiendo formas de contacto\";','Drupal\\menu_link_content\\Plugin\\Menu\\MenuLinkContent',_binary 'a:1:{s:5:\"query\";a:0:{}}','menu_link_content',1,1,0,0,_binary 'a:1:{s:9:\"entity_id\";s:1:\"7\";}',0,1,81,0,0,0,0,0,0,0,0,'\\Drupal\\menu_link_content\\Form\\MenuLinkContentForm'),('footer',82,'menu_link_content:65639bff-9a33-4b70-b1f8-69d5d9f47fff','','entity.node.canonical','node=20',_binary 'a:1:{s:4:\"node\";s:2:\"20\";}','',_binary 's:23:\"Política de Privacidad\";',_binary 's:51:\"Contenido describiendo las políticas de privacidad\";','Drupal\\menu_link_content\\Plugin\\Menu\\MenuLinkContent',_binary 'a:1:{s:5:\"query\";a:0:{}}','menu_link_content',1,1,0,0,_binary 'a:1:{s:9:\"entity_id\";s:1:\"8\";}',0,1,82,0,0,0,0,0,0,0,0,'\\Drupal\\menu_link_content\\Form\\MenuLinkContentForm'),('footer',83,'menu_link_content:4d1f5f05-a897-4fb6-b2dc-1218f1810515','','entity.node.canonical','node=21',_binary 'a:1:{s:4:\"node\";s:2:\"21\";}','',_binary 's:20:\"Política de cookies\";',_binary '[binary data, 68 characters]','Drupal\\menu_link_content\\Plugin\\Menu\\MenuLinkContent',_binary 'a:1:{s:5:\"query\";a:0:{}}','menu_link_content',1,1,0,0,_binary 'a:1:{s:9:\"entity_id\";s:1:\"9\";}',0,1,83,0,0,0,0,0,0,0,0,'\\Drupal\\menu_link_content\\Form\\MenuLinkContentForm'),('footer',84,'menu_link_content:ba5780ec-a61c-4c9a-b16f-78ceca660a54','','entity.node.canonical','node=22',_binary 'a:1:{s:4:\"node\";s:2:\"22\";}','',_binary 's:30:\"Términos y condiciones de uso\";',_binary 's:50:\"Contenido describiendo las términos y condiciones\";','Drupal\\menu_link_content\\Plugin\\Menu\\MenuLinkContent',_binary 'a:1:{s:5:\"query\";a:0:{}}','menu_link_content',1,1,0,0,_binary 'a:1:{s:9:\"entity_id\";s:2:\"10\";}',0,1,84,0,0,0,0,0,0,0,0,'\\Drupal\\menu_link_content\\Form\\MenuLinkContentForm'),('registracion',85,'menu_link_content:eb58b881-5d61-4b02-92fe-fd9625eb82ec','','banco_proyectos_registracion.registracion_form','nombre_seccion=registro_identificacion',_binary 'a:1:{s:14:\"nombre_seccion\";s:23:\"registro_identificacion\";}','',_binary 's:15:\"Identificación\";',NULL,'Drupal\\menu_link_content\\Plugin\\Menu\\MenuLinkContent',_binary 'a:1:{s:5:\"query\";a:0:{}}','menu_link_content',1,1,0,-50,_binary 'a:1:{s:9:\"entity_id\";s:2:\"11\";}',0,1,85,0,0,0,0,0,0,0,0,'\\Drupal\\menu_link_content\\Form\\MenuLinkContentForm'),('registracion',86,'menu_link_content:21feaa7f-8b64-4bb5-88cd-bb63b1c6bb21','','banco_proyectos_registracion.registracion_form','nombre_seccion=registro_ubicacion',_binary 'a:1:{s:14:\"nombre_seccion\";s:18:\"registro_ubicacion\";}','',_binary 's:10:\"Ubicación\";',NULL,'Drupal\\menu_link_content\\Plugin\\Menu\\MenuLinkContent',_binary 'a:1:{s:5:\"query\";a:0:{}}','menu_link_content',1,1,0,-49,_binary 'a:1:{s:9:\"entity_id\";s:2:\"12\";}',0,1,86,0,0,0,0,0,0,0,0,'\\Drupal\\menu_link_content\\Form\\MenuLinkContentForm'),('registracion',87,'menu_link_content:1a6790de-f145-40d0-8561-451d49bb71bb','','banco_proyectos_registracion.registracion_form','nombre_seccion=registro_web',_binary 'a:1:{s:14:\"nombre_seccion\";s:12:\"registro_web\";}','',_binary 's:3:\"Web\";',NULL,'Drupal\\menu_link_content\\Plugin\\Menu\\MenuLinkContent',_binary 'a:1:{s:5:\"query\";a:0:{}}','menu_link_content',1,1,0,-48,_binary 'a:1:{s:9:\"entity_id\";s:2:\"13\";}',0,1,87,0,0,0,0,0,0,0,0,'\\Drupal\\menu_link_content\\Form\\MenuLinkContentForm'),('registracion',88,'menu_link_content:58dea996-fbc7-44cb-8afe-077f4a073028','','banco_proyectos_registracion.registracion_form','nombre_seccion=registro_recursos',_binary 'a:1:{s:14:\"nombre_seccion\";s:17:\"registro_recursos\";}','',_binary 's:18:\"Solicitar recursos\";',NULL,'Drupal\\menu_link_content\\Plugin\\Menu\\MenuLinkContent',_binary 'a:1:{s:5:\"query\";a:0:{}}','menu_link_content',1,1,0,-46,_binary 'a:1:{s:9:\"entity_id\";s:2:\"14\";}',0,1,88,0,0,0,0,0,0,0,0,'\\Drupal\\menu_link_content\\Form\\MenuLinkContentForm'),('registracion',89,'menu_link_content:d7ca7620-6d0e-4deb-9836-b10455f2f111','','entity.node.canonical','node=43',_binary 'a:1:{s:4:\"node\";s:2:\"43\";}','',_binary 's:11:\"Iniciativas\";',NULL,'Drupal\\menu_link_content\\Plugin\\Menu\\MenuLinkContent',_binary 'a:1:{s:5:\"query\";a:0:{}}','menu_link_content',1,1,0,-45,_binary 'a:1:{s:9:\"entity_id\";s:2:\"15\";}',0,1,89,0,0,0,0,0,0,0,0,'\\Drupal\\menu_link_content\\Form\\MenuLinkContentForm'),('registracion',90,'menu_link_content:0a22f9b8-ca0b-43b2-a15d-2c161d77fd1c','','entity.node.canonical','node=65',_binary 'a:1:{s:4:\"node\";s:2:\"65\";}','',_binary 's:9:\"Proyectos\";',NULL,'Drupal\\menu_link_content\\Plugin\\Menu\\MenuLinkContent',_binary 'a:1:{s:5:\"query\";a:0:{}}','menu_link_content',1,1,0,-44,_binary 'a:1:{s:9:\"entity_id\";s:2:\"16\";}',0,1,90,0,0,0,0,0,0,0,0,'\\Drupal\\menu_link_content\\Form\\MenuLinkContentForm'),('main',92,'menu_link_content:b9119e8d-4692-4858-b07d-3090416ee431','','entity.node.canonical','node=24',_binary 'a:1:{s:4:\"node\";s:2:\"24\";}','',_binary 's:9:\"Conocenos\";',NULL,'Drupal\\menu_link_content\\Plugin\\Menu\\MenuLinkContent',_binary 'a:1:{s:5:\"query\";a:0:{}}','menu_link_content',1,1,1,-49,_binary 'a:1:{s:9:\"entity_id\";s:2:\"18\";}',1,1,92,0,0,0,0,0,0,0,0,'\\Drupal\\menu_link_content\\Form\\MenuLinkContentForm'),('main',93,'menu_link_content:3aabe38f-9ff8-4587-aa70-72c48d68ecbd','','entity.node.canonical','node=25',_binary 'a:1:{s:4:\"node\";s:2:\"25\";}','',_binary 's:8:\"Acciones\";',NULL,'Drupal\\menu_link_content\\Plugin\\Menu\\MenuLinkContent',_binary 'a:1:{s:5:\"query\";a:0:{}}','menu_link_content',1,1,0,-47,_binary 'a:1:{s:9:\"entity_id\";s:2:\"19\";}',0,1,93,0,0,0,0,0,0,0,0,'\\Drupal\\menu_link_content\\Form\\MenuLinkContentForm'),('main',94,'menu_link_content:48ee8747-cb3d-4c34-99d9-ed6861461a38','',NULL,'',_binary 'a:0:{}','https://form.jotform.com/213493442346052',_binary 's:16:\"Aportar recursos\";',NULL,'Drupal\\menu_link_content\\Plugin\\Menu\\MenuLinkContent',_binary 'a:1:{s:8:\"external\";b:1;}','menu_link_content',1,0,0,-46,_binary 'a:1:{s:9:\"entity_id\";s:2:\"20\";}',0,1,94,0,0,0,0,0,0,0,0,'\\Drupal\\menu_link_content\\Form\\MenuLinkContentForm'),('main',95,'menu_link_content:548d2ae7-77bb-48e2-9a5a-4e488e76dedc','',NULL,'',_binary 'a:0:{}','https://form.jotform.com/213535493208658',_binary 's:18:\"Solicitar recursos\";',NULL,'Drupal\\menu_link_content\\Plugin\\Menu\\MenuLinkContent',_binary 'a:1:{s:8:\"external\";b:1;}','menu_link_content',1,0,0,-45,_binary 'a:1:{s:9:\"entity_id\";s:2:\"21\";}',0,1,95,0,0,0,0,0,0,0,0,'\\Drupal\\menu_link_content\\Form\\MenuLinkContentForm'),('registracion',100,'menu_link_content:c29accfe-3009-4d74-8548-5364127003c4','','banco_proyectos_registracion.registracion_form','nombre_seccion=registro_recursos_para_aportar',_binary 'a:1:{s:14:\"nombre_seccion\";s:30:\"registro_recursos_para_aportar\";}','',_binary 's:16:\"Aportar recursos\";',NULL,'Drupal\\menu_link_content\\Plugin\\Menu\\MenuLinkContent',_binary 'a:1:{s:5:\"query\";a:0:{}}','menu_link_content',1,1,0,-47,_binary 'a:1:{s:9:\"entity_id\";s:2:\"22\";}',0,1,100,0,0,0,0,0,0,0,0,'\\Drupal\\menu_link_content\\Form\\MenuLinkContentForm'),('admin',103,'mailsystem.settings','system.admin_config_system','mailsystem.settings','',_binary 'a:0:{}','',_binary 'O:48:\"Drupal\\Core\\StringTranslation\\TranslatableMarkup\":3:{s:9:\"\0*\0string\";s:11:\"Mail System\";s:12:\"\0*\0arguments\";a:0:{}s:10:\"\0*\0options\";a:0:{}}',_binary 'O:48:\"Drupal\\Core\\StringTranslation\\TranslatableMarkup\":3:{s:9:\"\0*\0string\";s:33:\"Global Mail System configuration.\";s:12:\"\0*\0arguments\";a:0:{}s:10:\"\0*\0options\";a:0:{}}','Drupal\\Core\\Menu\\MenuLinkDefault',_binary 'a:0:{}','mailsystem',1,1,0,-20,_binary 'a:0:{}',0,4,6,23,44,103,0,0,0,0,0,'Drupal\\Core\\Menu\\Form\\MenuLinkDefaultForm'),('admin',104,'sendgrid_integration.settings_form','system.admin_config_services','sendgrid_integration.settings_form','',_binary 'a:0:{}','',_binary 'O:48:\"Drupal\\Core\\StringTranslation\\TranslatableMarkup\":3:{s:9:\"\0*\0string\";s:17:\"SendGrid Settings\";s:12:\"\0*\0arguments\";a:0:{}s:10:\"\0*\0options\";a:0:{}}',_binary 'O:48:\"Drupal\\Core\\StringTranslation\\TranslatableMarkup\":3:{s:9:\"\0*\0string\";s:40:\"Configure SendGrid Integration settings.\";s:12:\"\0*\0arguments\";a:0:{}s:10:\"\0*\0options\";a:0:{}}','Drupal\\Core\\Menu\\MenuLinkDefault',_binary 'a:0:{}','sendgrid_integration',1,1,0,0,_binary 'a:0:{}',0,4,6,23,28,104,0,0,0,0,0,'Drupal\\Core\\Menu\\Form\\MenuLinkDefaultForm'),('admin',105,'banco_proyectos_registracion.admin_settings_form','system.admin_config_system','banco_proyectos_registracion.admin_settings_form','',_binary 'a:0:{}','',_binary '[binary data, 181 characters]',_binary '[binary data, 218 characters]','Drupal\\Core\\Menu\\MenuLinkDefault',_binary 'a:0:{}','banco_proyectos_registracion',1,1,0,99,_binary 'a:0:{}',0,4,6,23,44,105,0,0,0,0,0,'Drupal\\Core\\Menu\\Form\\MenuLinkDefaultForm'),('account',106,'menu_link_content:a24caab6-9ba1-43d9-8a43-1df6241a23af','',NULL,'',_binary 'a:0:{}','https://form.jotform.com/220523559042652',_binary 's:10:\"Suscribite\";',NULL,'Drupal\\menu_link_content\\Plugin\\Menu\\MenuLinkContent',_binary 'a:1:{s:8:\"external\";b:1;}','menu_link_content',1,0,0,0,_binary 'a:1:{s:9:\"entity_id\";s:2:\"23\";}',0,1,106,0,0,0,0,0,0,0,0,'\\Drupal\\menu_link_content\\Form\\MenuLinkContentForm'),('main',107,'menu_link_content:9ba05b98-9b00-4d87-a5ef-5d26ff83ebaf','menu_link_content:b9119e8d-4692-4858-b07d-3090416ee431','entity.node.canonical','node=70',_binary 'a:1:{s:4:\"node\";s:2:\"70\";}','',_binary 's:13:\"Colaboradores\";',_binary 's:13:\"Colaboradores\";','Drupal\\menu_link_content\\Plugin\\Menu\\MenuLinkContent',_binary 'a:1:{s:5:\"query\";a:0:{}}','menu_link_content',1,1,1,-50,_binary 'a:1:{s:9:\"entity_id\";s:2:\"24\";}',0,2,92,107,0,0,0,0,0,0,0,'\\Drupal\\menu_link_content\\Form\\MenuLinkContentForm'),('admin',108,'whatsapp_bubble.whatsapp_bubble_config_form','system.admin_config_system','whatsapp_bubble.whatsapp_bubble_config_form','',_binary 'a:0:{}','',_binary 'O:48:\"Drupal\\Core\\StringTranslation\\TranslatableMarkup\":3:{s:9:\"\0*\0string\";s:22:\"Whatsapp Bubble Config\";s:12:\"\0*\0arguments\";a:0:{}s:10:\"\0*\0options\";a:0:{}}',_binary 'O:48:\"Drupal\\Core\\StringTranslation\\TranslatableMarkup\":3:{s:9:\"\0*\0string\";s:29:\"Whatsapp button configuration\";s:12:\"\0*\0arguments\";a:0:{}s:10:\"\0*\0options\";a:0:{}}','Drupal\\Core\\Menu\\MenuLinkDefault',_binary 'a:0:{}','whatsapp_bubble',1,1,0,99,_binary 'a:0:{}',0,4,6,23,44,108,0,0,0,0,0,'Drupal\\Core\\Menu\\Form\\MenuLinkDefaultForm'),('admin',109,'admin_toolbar_tools.help','system.admin','<front>','',_binary 'a:0:{}','',_binary 'O:48:\"Drupal\\Core\\StringTranslation\\TranslatableMarkup\":3:{s:9:\"\0*\0string\";s:5:\"Tools\";s:12:\"\0*\0arguments\";a:0:{}s:10:\"\0*\0options\";a:0:{}}',_binary 's:0:\"\";','Drupal\\Core\\Menu\\MenuLinkDefault',_binary 'a:0:{}','admin_toolbar_tools',1,1,0,-100,_binary 'a:0:{}',1,2,6,109,0,0,0,0,0,0,0,'Drupal\\Core\\Menu\\Form\\MenuLinkDefaultForm'),('admin',110,'system.admin_index','admin_toolbar_tools.help','system.admin_index','',_binary 'a:0:{}','',_binary 'O:48:\"Drupal\\Core\\StringTranslation\\TranslatableMarkup\":3:{s:9:\"\0*\0string\";s:5:\"Index\";s:12:\"\0*\0arguments\";a:0:{}s:10:\"\0*\0options\";a:0:{}}',_binary 's:0:\"\";','Drupal\\Core\\Menu\\MenuLinkDefault',_binary 'a:0:{}','admin_toolbar_tools',1,1,0,-100,_binary 'a:0:{}',0,3,6,109,110,0,0,0,0,0,0,'Drupal\\Core\\Menu\\Form\\MenuLinkDefaultForm'),('admin',111,'system.run_cron','admin_toolbar_tools.help','admin_toolbar.run.cron','',_binary 'a:0:{}','',_binary 'O:48:\"Drupal\\Core\\StringTranslation\\TranslatableMarkup\":3:{s:9:\"\0*\0string\";s:8:\"Run cron\";s:12:\"\0*\0arguments\";a:0:{}s:10:\"\0*\0options\";a:0:{}}',_binary 's:0:\"\";','Drupal\\Core\\Menu\\MenuLinkDefault',_binary 'a:0:{}','admin_toolbar_tools',1,1,0,-8,_binary 'a:0:{}',0,3,6,109,111,0,0,0,0,0,0,'Drupal\\Core\\Menu\\Form\\MenuLinkDefaultForm'),('admin',112,'system.db_update','admin_toolbar_tools.help','system.db_update','',_binary 'a:0:{}','',_binary 'O:48:\"Drupal\\Core\\StringTranslation\\TranslatableMarkup\":3:{s:9:\"\0*\0string\";s:11:\"Run updates\";s:12:\"\0*\0arguments\";a:0:{}s:10:\"\0*\0options\";a:0:{}}',_binary 's:0:\"\";','Drupal\\Core\\Menu\\MenuLinkDefault',_binary 'a:0:{}','admin_toolbar_tools',1,1,0,-6,_binary 'a:0:{}',0,3,6,109,112,0,0,0,0,0,0,'Drupal\\Core\\Menu\\Form\\MenuLinkDefaultForm'),('admin',113,'admin_toolbar_tools.flush','admin_toolbar_tools.help','admin_toolbar_tools.flush','',_binary 'a:0:{}','',_binary 'O:48:\"Drupal\\Core\\StringTranslation\\TranslatableMarkup\":3:{s:9:\"\0*\0string\";s:16:\"Flush all caches\";s:12:\"\0*\0arguments\";a:0:{}s:10:\"\0*\0options\";a:0:{}}',_binary 's:0:\"\";','Drupal\\Core\\Menu\\MenuLinkDefault',_binary 'a:0:{}','admin_toolbar_tools',1,1,0,-9,_binary 'a:0:{}',1,3,6,109,113,0,0,0,0,0,0,'Drupal\\Core\\Menu\\Form\\MenuLinkDefaultForm'),('admin',114,'admin_toolbar_tools.cssjs','admin_toolbar_tools.flush','admin_toolbar_tools.cssjs','',_binary 'a:0:{}','',_binary 'O:48:\"Drupal\\Core\\StringTranslation\\TranslatableMarkup\":3:{s:9:\"\0*\0string\";s:24:\"Flush CSS and JavaScript\";s:12:\"\0*\0arguments\";a:0:{}s:10:\"\0*\0options\";a:0:{}}',_binary 's:0:\"\";','Drupal\\Core\\Menu\\MenuLinkDefault',_binary 'a:0:{}','admin_toolbar_tools',1,1,0,0,_binary 'a:0:{}',0,4,6,109,113,114,0,0,0,0,0,'Drupal\\Core\\Menu\\Form\\MenuLinkDefaultForm'),('admin',115,'admin_toolbar_tools.plugin','admin_toolbar_tools.flush','admin_toolbar_tools.plugin','',_binary 'a:0:{}','',_binary 'O:48:\"Drupal\\Core\\StringTranslation\\TranslatableMarkup\":3:{s:9:\"\0*\0string\";s:19:\"Flush plugins cache\";s:12:\"\0*\0arguments\";a:0:{}s:10:\"\0*\0options\";a:0:{}}',_binary 's:0:\"\";','Drupal\\Core\\Menu\\MenuLinkDefault',_binary 'a:0:{}','admin_toolbar_tools',1,1,0,0,_binary 'a:0:{}',0,4,6,109,113,115,0,0,0,0,0,'Drupal\\Core\\Menu\\Form\\MenuLinkDefaultForm'),('admin',116,'admin_toolbar_tools.flush_static','admin_toolbar_tools.flush','admin_toolbar_tools.flush_static','',_binary 'a:0:{}','',_binary 'O:48:\"Drupal\\Core\\StringTranslation\\TranslatableMarkup\":3:{s:9:\"\0*\0string\";s:18:\"Flush static cache\";s:12:\"\0*\0arguments\";a:0:{}s:10:\"\0*\0options\";a:0:{}}',_binary 's:0:\"\";','Drupal\\Core\\Menu\\MenuLinkDefault',_binary 'a:0:{}','admin_toolbar_tools',1,1,0,0,_binary 'a:0:{}',0,4,6,109,113,116,0,0,0,0,0,'Drupal\\Core\\Menu\\Form\\MenuLinkDefaultForm'),('admin',117,'admin_toolbar_tools.flush_menu','admin_toolbar_tools.flush','admin_toolbar_tools.flush_menu','',_binary 'a:0:{}','',_binary 'O:48:\"Drupal\\Core\\StringTranslation\\TranslatableMarkup\":3:{s:9:\"\0*\0string\";s:29:\"Flush routing and links cache\";s:12:\"\0*\0arguments\";a:0:{}s:10:\"\0*\0options\";a:0:{}}',_binary 's:0:\"\";','Drupal\\Core\\Menu\\MenuLinkDefault',_binary 'a:0:{}','admin_toolbar_tools',1,1,0,0,_binary 'a:0:{}',0,4,6,109,113,117,0,0,0,0,0,'Drupal\\Core\\Menu\\Form\\MenuLinkDefaultForm'),('admin',118,'admin_toolbar_tools.flush_twig','admin_toolbar_tools.flush','admin_toolbar_tools.flush_twig','',_binary 'a:0:{}','',_binary 'O:48:\"Drupal\\Core\\StringTranslation\\TranslatableMarkup\":3:{s:9:\"\0*\0string\";s:16:\"Flush twig cache\";s:12:\"\0*\0arguments\";a:0:{}s:10:\"\0*\0options\";a:0:{}}',_binary 's:0:\"\";','Drupal\\Core\\Menu\\MenuLinkDefault',_binary 'a:0:{}','admin_toolbar_tools',1,1,0,0,_binary 'a:0:{}',0,4,6,109,113,118,0,0,0,0,0,'Drupal\\Core\\Menu\\Form\\MenuLinkDefaultForm'),('admin',119,'admin_toolbar_tools.flush_rendercache','admin_toolbar_tools.flush','admin_toolbar_tools.flush_rendercache','',_binary 'a:0:{}','',_binary 'O:48:\"Drupal\\Core\\StringTranslation\\TranslatableMarkup\":3:{s:9:\"\0*\0string\";s:18:\"Flush render cache\";s:12:\"\0*\0arguments\";a:0:{}s:10:\"\0*\0options\";a:0:{}}',_binary 's:0:\"\";','Drupal\\Core\\Menu\\MenuLinkDefault',_binary 'a:0:{}','admin_toolbar_tools',1,1,0,0,_binary 'a:0:{}',0,4,6,109,113,119,0,0,0,0,0,'Drupal\\Core\\Menu\\Form\\MenuLinkDefaultForm'),('admin',120,'admin_toolbar_tools.theme_rebuild','admin_toolbar_tools.flush','admin_toolbar_tools.theme_rebuild','',_binary 'a:0:{}','',_binary 'O:48:\"Drupal\\Core\\StringTranslation\\TranslatableMarkup\":3:{s:9:\"\0*\0string\";s:22:\"Rebuild theme registry\";s:12:\"\0*\0arguments\";a:0:{}s:10:\"\0*\0options\";a:0:{}}',_binary 's:0:\"\";','Drupal\\Core\\Menu\\MenuLinkDefault',_binary 'a:0:{}','admin_toolbar_tools',1,1,0,0,_binary 'a:0:{}',0,4,6,109,113,120,0,0,0,0,0,'Drupal\\Core\\Menu\\Form\\MenuLinkDefaultForm'),('admin',121,'admin_toolbar_tools.extra_links:flush_views','admin_toolbar_tools.flush','admin_toolbar_tools.flush_views','',_binary 'a:0:{}','',_binary 'O:48:\"Drupal\\Core\\StringTranslation\\TranslatableMarkup\":3:{s:9:\"\0*\0string\";s:17:\"Flush views cache\";s:12:\"\0*\0arguments\";a:0:{}s:10:\"\0*\0options\";a:0:{}}',_binary 's:0:\"\";','Drupal\\Core\\Menu\\MenuLinkDefault',_binary 'a:0:{}','admin_toolbar_tools',1,1,0,0,_binary 'a:0:{}',0,4,6,109,113,121,0,0,0,0,0,'Drupal\\Core\\Menu\\Form\\MenuLinkDefaultForm'),('admin',122,'admin_toolbar_tools.extra_links:user.logout','admin_toolbar_tools.help','user.logout','',_binary 'a:0:{}','',_binary 'O:48:\"Drupal\\Core\\StringTranslation\\TranslatableMarkup\":3:{s:9:\"\0*\0string\";s:6:\"Logout\";s:12:\"\0*\0arguments\";a:0:{}s:10:\"\0*\0options\";a:0:{}}',_binary 's:0:\"\";','Drupal\\Core\\Menu\\MenuLinkDefault',_binary 'a:0:{}','admin_toolbar_tools',1,1,0,10,_binary 'a:0:{}',0,3,6,109,122,0,0,0,0,0,0,'Drupal\\Core\\Menu\\Form\\MenuLinkDefaultForm'),('admin',123,'admin_toolbar_tools.extra_links:node.add','system.admin_content','node.add_page','',_binary 'a:0:{}','',_binary 'O:48:\"Drupal\\Core\\StringTranslation\\TranslatableMarkup\":3:{s:9:\"\0*\0string\";s:11:\"Add content\";s:12:\"\0*\0arguments\";a:0:{}s:10:\"\0*\0options\";a:0:{}}',_binary 's:0:\"\";','Drupal\\Core\\Menu\\MenuLinkDefault',_binary 'a:0:{}','admin_toolbar_tools',1,1,0,0,_binary 'a:0:{}',1,3,6,8,123,0,0,0,0,0,0,'Drupal\\Core\\Menu\\Form\\MenuLinkDefaultForm'),('admin',124,'admin_toolbar_tools.extra_links:node.add.article','admin_toolbar_tools.extra_links:node.add','node.add','node_type=article',_binary 'a:1:{s:9:\"node_type\";s:7:\"article\";}','',_binary 's:0:\"\";',_binary 's:0:\"\";','Drupal\\admin_toolbar_tools\\Plugin\\Menu\\MenuLinkEntity',_binary 'a:0:{}','admin_toolbar_tools',1,1,0,0,_binary 'a:2:{s:11:\"entity_type\";s:9:\"node_type\";s:9:\"entity_id\";s:7:\"article\";}',0,4,6,8,123,124,0,0,0,0,0,'Drupal\\Core\\Menu\\Form\\MenuLinkDefaultForm'),('admin',125,'admin_toolbar_tools.extra_links:node.add.articulo_de_proyecto','admin_toolbar_tools.extra_links:node.add','node.add','node_type=articulo_de_proyecto',_binary 'a:1:{s:9:\"node_type\";s:20:\"articulo_de_proyecto\";}','',_binary 's:0:\"\";',_binary 's:0:\"\";','Drupal\\admin_toolbar_tools\\Plugin\\Menu\\MenuLinkEntity',_binary 'a:0:{}','admin_toolbar_tools',1,1,0,0,_binary 'a:2:{s:11:\"entity_type\";s:9:\"node_type\";s:9:\"entity_id\";s:20:\"articulo_de_proyecto\";}',0,4,6,8,123,125,0,0,0,0,0,'Drupal\\Core\\Menu\\Form\\MenuLinkDefaultForm'),('admin',126,'admin_toolbar_tools.extra_links:node.add.novedades','admin_toolbar_tools.extra_links:node.add','node.add','node_type=novedades',_binary 'a:1:{s:9:\"node_type\";s:9:\"novedades\";}','',_binary 's:0:\"\";',_binary 's:0:\"\";','Drupal\\admin_toolbar_tools\\Plugin\\Menu\\MenuLinkEntity',_binary 'a:0:{}','admin_toolbar_tools',1,1,0,0,_binary 'a:2:{s:11:\"entity_type\";s:9:\"node_type\";s:9:\"entity_id\";s:9:\"novedades\";}',0,4,6,8,123,126,0,0,0,0,0,'Drupal\\Core\\Menu\\Form\\MenuLinkDefaultForm'),('admin',127,'admin_toolbar_tools.extra_links:node.add.page','admin_toolbar_tools.extra_links:node.add','node.add','node_type=page',_binary 'a:1:{s:9:\"node_type\";s:4:\"page\";}','',_binary 's:0:\"\";',_binary 's:0:\"\";','Drupal\\admin_toolbar_tools\\Plugin\\Menu\\MenuLinkEntity',_binary 'a:0:{}','admin_toolbar_tools',1,1,0,0,_binary 'a:2:{s:11:\"entity_type\";s:9:\"node_type\";s:9:\"entity_id\";s:4:\"page\";}',0,4,6,8,123,127,0,0,0,0,0,'Drupal\\Core\\Menu\\Form\\MenuLinkDefaultForm'),('admin',128,'admin_toolbar_tools.extra_links:node.add.proyecto','admin_toolbar_tools.extra_links:node.add','node.add','node_type=proyecto',_binary 'a:1:{s:9:\"node_type\";s:8:\"proyecto\";}','',_binary 's:0:\"\";',_binary 's:0:\"\";','Drupal\\admin_toolbar_tools\\Plugin\\Menu\\MenuLinkEntity',_binary 'a:0:{}','admin_toolbar_tools',1,1,0,0,_binary 'a:2:{s:11:\"entity_type\";s:9:\"node_type\";s:9:\"entity_id\";s:8:\"proyecto\";}',0,4,6,8,123,128,0,0,0,0,0,'Drupal\\Core\\Menu\\Form\\MenuLinkDefaultForm'),('admin',129,'admin_toolbar_tools.extra_links:node.add.proyecto_a_realizar','admin_toolbar_tools.extra_links:node.add','node.add','node_type=proyecto_a_realizar',_binary 'a:1:{s:9:\"node_type\";s:19:\"proyecto_a_realizar\";}','',_binary 's:0:\"\";',_binary 's:0:\"\";','Drupal\\admin_toolbar_tools\\Plugin\\Menu\\MenuLinkEntity',_binary 'a:0:{}','admin_toolbar_tools',1,1,0,0,_binary 'a:2:{s:11:\"entity_type\";s:9:\"node_type\";s:9:\"entity_id\";s:19:\"proyecto_a_realizar\";}',0,4,6,8,123,129,0,0,0,0,0,'Drupal\\Core\\Menu\\Form\\MenuLinkDefaultForm'),('admin',130,'admin_toolbar_tools.extra_links:node.add.registro_de_organizacion','admin_toolbar_tools.extra_links:node.add','node.add','node_type=registro_de_organizacion',_binary 'a:1:{s:9:\"node_type\";s:24:\"registro_de_organizacion\";}','',_binary 's:0:\"\";',_binary 's:0:\"\";','Drupal\\admin_toolbar_tools\\Plugin\\Menu\\MenuLinkEntity',_binary 'a:0:{}','admin_toolbar_tools',1,1,0,0,_binary 'a:2:{s:11:\"entity_type\";s:9:\"node_type\";s:9:\"entity_id\";s:24:\"registro_de_organizacion\";}',0,4,6,8,123,130,0,0,0,0,0,'Drupal\\Core\\Menu\\Form\\MenuLinkDefaultForm'),('admin',131,'admin_toolbar_tools.extra_links:node.add.slides','admin_toolbar_tools.extra_links:node.add','node.add','node_type=slides',_binary 'a:1:{s:9:\"node_type\";s:6:\"slides\";}','',_binary 's:0:\"\";',_binary 's:0:\"\";','Drupal\\admin_toolbar_tools\\Plugin\\Menu\\MenuLinkEntity',_binary 'a:0:{}','admin_toolbar_tools',1,1,0,0,_binary 'a:2:{s:11:\"entity_type\";s:9:\"node_type\";s:9:\"entity_id\";s:6:\"slides\";}',0,4,6,8,123,131,0,0,0,0,0,'Drupal\\Core\\Menu\\Form\\MenuLinkDefaultForm'),('admin',132,'admin_toolbar_tools.extra_links:media_page','system.admin_content','entity.media.collection','',_binary 'a:0:{}','',_binary 'O:48:\"Drupal\\Core\\StringTranslation\\TranslatableMarkup\":3:{s:9:\"\0*\0string\";s:5:\"Media\";s:12:\"\0*\0arguments\";a:0:{}s:10:\"\0*\0options\";a:0:{}}',_binary 's:0:\"\";','Drupal\\Core\\Menu\\MenuLinkDefault',_binary 'a:0:{}','admin_toolbar_tools',1,1,0,0,_binary 'a:0:{}',1,3,6,8,132,0,0,0,0,0,0,'Drupal\\Core\\Menu\\Form\\MenuLinkDefaultForm'),('admin',133,'admin_toolbar_tools.extra_links:media_library','admin_toolbar_tools.extra_links:media_page','view.media_library.page','',_binary 'a:0:{}','',_binary 'O:48:\"Drupal\\Core\\StringTranslation\\TranslatableMarkup\":3:{s:9:\"\0*\0string\";s:13:\"Media library\";s:12:\"\0*\0arguments\";a:0:{}s:10:\"\0*\0options\";a:0:{}}',_binary 's:0:\"\";','Drupal\\Core\\Menu\\MenuLinkDefault',_binary 'a:0:{}','admin_toolbar_tools',1,1,0,0,_binary 'a:0:{}',0,4,6,8,132,133,0,0,0,0,0,'Drupal\\Core\\Menu\\Form\\MenuLinkDefaultForm'),('admin',134,'admin_toolbar_tools.extra_links:add_media','admin_toolbar_tools.extra_links:media_page','entity.media.add_page','',_binary 'a:0:{}','',_binary 'O:48:\"Drupal\\Core\\StringTranslation\\TranslatableMarkup\":3:{s:9:\"\0*\0string\";s:9:\"Add media\";s:12:\"\0*\0arguments\";a:0:{}s:10:\"\0*\0options\";a:0:{}}',_binary 's:0:\"\";','Drupal\\Core\\Menu\\MenuLinkDefault',_binary 'a:0:{}','admin_toolbar_tools',1,1,0,0,_binary 'a:0:{}',1,4,6,8,132,134,0,0,0,0,0,'Drupal\\Core\\Menu\\Form\\MenuLinkDefaultForm'),('admin',135,'admin_toolbar_tools.extra_links:media.add.audio','admin_toolbar_tools.extra_links:add_media','entity.media.add_form','media_type=audio',_binary 'a:1:{s:10:\"media_type\";s:5:\"audio\";}','',_binary 's:0:\"\";',_binary 's:0:\"\";','Drupal\\admin_toolbar_tools\\Plugin\\Menu\\MenuLinkEntity',_binary 'a:0:{}','admin_toolbar_tools',1,1,0,0,_binary 'a:2:{s:11:\"entity_type\";s:10:\"media_type\";s:9:\"entity_id\";s:5:\"audio\";}',0,5,6,8,132,134,135,0,0,0,0,'Drupal\\Core\\Menu\\Form\\MenuLinkDefaultForm'),('admin',136,'admin_toolbar_tools.extra_links:media.add.document','admin_toolbar_tools.extra_links:add_media','entity.media.add_form','media_type=document',_binary 'a:1:{s:10:\"media_type\";s:8:\"document\";}','',_binary 's:0:\"\";',_binary 's:0:\"\";','Drupal\\admin_toolbar_tools\\Plugin\\Menu\\MenuLinkEntity',_binary 'a:0:{}','admin_toolbar_tools',1,1,0,0,_binary 'a:2:{s:11:\"entity_type\";s:10:\"media_type\";s:9:\"entity_id\";s:8:\"document\";}',0,5,6,8,132,134,136,0,0,0,0,'Drupal\\Core\\Menu\\Form\\MenuLinkDefaultForm'),('admin',137,'admin_toolbar_tools.extra_links:media.add.image','admin_toolbar_tools.extra_links:add_media','entity.media.add_form','media_type=image',_binary 'a:1:{s:10:\"media_type\";s:5:\"image\";}','',_binary 's:0:\"\";',_binary 's:0:\"\";','Drupal\\admin_toolbar_tools\\Plugin\\Menu\\MenuLinkEntity',_binary 'a:0:{}','admin_toolbar_tools',1,1,0,0,_binary 'a:2:{s:11:\"entity_type\";s:10:\"media_type\";s:9:\"entity_id\";s:5:\"image\";}',0,5,6,8,132,134,137,0,0,0,0,'Drupal\\Core\\Menu\\Form\\MenuLinkDefaultForm'),('admin',138,'admin_toolbar_tools.extra_links:media.add.remote_video','admin_toolbar_tools.extra_links:add_media','entity.media.add_form','media_type=remote_video',_binary 'a:1:{s:10:\"media_type\";s:12:\"remote_video\";}','',_binary 's:0:\"\";',_binary 's:0:\"\";','Drupal\\admin_toolbar_tools\\Plugin\\Menu\\MenuLinkEntity',_binary 'a:0:{}','admin_toolbar_tools',1,1,0,0,_binary 'a:2:{s:11:\"entity_type\";s:10:\"media_type\";s:9:\"entity_id\";s:12:\"remote_video\";}',0,5,6,8,132,134,138,0,0,0,0,'Drupal\\Core\\Menu\\Form\\MenuLinkDefaultForm'),('admin',139,'admin_toolbar_tools.extra_links:media.add.video','admin_toolbar_tools.extra_links:add_media','entity.media.add_form','media_type=video',_binary 'a:1:{s:10:\"media_type\";s:5:\"video\";}','',_binary 's:0:\"\";',_binary 's:0:\"\";','Drupal\\admin_toolbar_tools\\Plugin\\Menu\\MenuLinkEntity',_binary 'a:0:{}','admin_toolbar_tools',1,1,0,0,_binary 'a:2:{s:11:\"entity_type\";s:10:\"media_type\";s:9:\"entity_id\";s:5:\"video\";}',0,5,6,8,132,134,139,0,0,0,0,'Drupal\\Core\\Menu\\Form\\MenuLinkDefaultForm'),('admin',140,'admin_toolbar_tools.extra_links:view.files','system.admin_content','view.files.page_1','',_binary 'a:0:{}','',_binary 'O:48:\"Drupal\\Core\\StringTranslation\\TranslatableMarkup\":3:{s:9:\"\0*\0string\";s:5:\"Files\";s:12:\"\0*\0arguments\";a:0:{}s:10:\"\0*\0options\";a:0:{}}',_binary 's:0:\"\";','Drupal\\Core\\Menu\\MenuLinkDefault',_binary 'a:0:{}','admin_toolbar_tools',1,1,0,0,_binary 'a:0:{}',0,3,6,8,140,0,0,0,0,0,0,'Drupal\\Core\\Menu\\Form\\MenuLinkDefaultForm'),('admin',141,'admin_toolbar_tools.extra_links:block_content.add_page','block.admin_display','block_content.add_page','',_binary 'a:0:{}','',_binary 'O:48:\"Drupal\\Core\\StringTranslation\\TranslatableMarkup\":3:{s:9:\"\0*\0string\";s:16:\"Add custom block\";s:12:\"\0*\0arguments\";a:0:{}s:10:\"\0*\0options\";a:0:{}}',_binary 's:0:\"\";','Drupal\\Core\\Menu\\MenuLinkDefault',_binary 'a:0:{}','admin_toolbar_tools',1,1,0,0,_binary 'a:0:{}',0,4,6,10,11,141,0,0,0,0,0,'Drupal\\Core\\Menu\\Form\\MenuLinkDefaultForm'),('admin',142,'admin_toolbar_tools.extra_links:entity.block_content.collection','block.admin_display','entity.block_content.collection','',_binary 'a:0:{}','',_binary 'O:48:\"Drupal\\Core\\StringTranslation\\TranslatableMarkup\":3:{s:9:\"\0*\0string\";s:20:\"Custom block library\";s:12:\"\0*\0arguments\";a:0:{}s:10:\"\0*\0options\";a:0:{}}',_binary 's:0:\"\";','Drupal\\Core\\Menu\\MenuLinkDefault',_binary 'a:0:{}','admin_toolbar_tools',1,1,0,0,_binary 'a:0:{}',0,4,6,10,11,142,0,0,0,0,0,'Drupal\\Core\\Menu\\Form\\MenuLinkDefaultForm'),('admin',143,'admin_toolbar_tools.extra_links:entity.block_content_type.collection','block.admin_display','entity.block_content_type.collection','',_binary 'a:0:{}','',_binary 'O:48:\"Drupal\\Core\\StringTranslation\\TranslatableMarkup\":3:{s:9:\"\0*\0string\";s:11:\"Block types\";s:12:\"\0*\0arguments\";a:0:{}s:10:\"\0*\0options\";a:0:{}}',_binary 's:0:\"\";','Drupal\\Core\\Menu\\MenuLinkDefault',_binary 'a:0:{}','admin_toolbar_tools',1,1,0,0,_binary 'a:0:{}',0,4,6,10,11,143,0,0,0,0,0,'Drupal\\Core\\Menu\\Form\\MenuLinkDefaultForm'),('admin',144,'admin_toolbar_tools.extra_links:entity.comment_type.edit_form.comment','entity.comment_type.collection','entity.comment_type.edit_form','comment_type=comment',_binary 'a:1:{s:12:\"comment_type\";s:7:\"comment\";}','',_binary 's:0:\"\";',_binary 's:0:\"\";','Drupal\\admin_toolbar_tools\\Plugin\\Menu\\MenuLinkEntity',_binary 'a:0:{}','admin_toolbar_tools',1,1,0,0,_binary 'a:2:{s:11:\"entity_type\";s:12:\"comment_type\";s:9:\"entity_id\";s:7:\"comment\";}',1,4,6,10,12,144,0,0,0,0,0,'Drupal\\Core\\Menu\\Form\\MenuLinkDefaultForm'),('admin',145,'admin_toolbar_tools.extra_links:entity.comment.field_ui_fieldscomment','admin_toolbar_tools.extra_links:entity.comment_type.edit_form.comment','entity.comment.field_ui_fields','comment_type=comment',_binary 'a:1:{s:12:\"comment_type\";s:7:\"comment\";}','',_binary 'O:48:\"Drupal\\Core\\StringTranslation\\TranslatableMarkup\":3:{s:9:\"\0*\0string\";s:13:\"Manage fields\";s:12:\"\0*\0arguments\";a:0:{}s:10:\"\0*\0options\";a:0:{}}',_binary 's:0:\"\";','Drupal\\Core\\Menu\\MenuLinkDefault',_binary 'a:0:{}','admin_toolbar_tools',1,1,0,1,_binary 'a:0:{}',0,5,6,10,12,144,145,0,0,0,0,'Drupal\\Core\\Menu\\Form\\MenuLinkDefaultForm'),('admin',146,'admin_toolbar_tools.extra_links:entity.entity_form_display.comment.defaultcomment','admin_toolbar_tools.extra_links:entity.comment_type.edit_form.comment','entity.entity_form_display.comment.default','comment_type=comment',_binary 'a:1:{s:12:\"comment_type\";s:7:\"comment\";}','',_binary 'O:48:\"Drupal\\Core\\StringTranslation\\TranslatableMarkup\":3:{s:9:\"\0*\0string\";s:19:\"Manage form display\";s:12:\"\0*\0arguments\";a:0:{}s:10:\"\0*\0options\";a:0:{}}',_binary 's:0:\"\";','Drupal\\Core\\Menu\\MenuLinkDefault',_binary 'a:0:{}','admin_toolbar_tools',1,1,0,2,_binary 'a:0:{}',0,5,6,10,12,144,146,0,0,0,0,'Drupal\\Core\\Menu\\Form\\MenuLinkDefaultForm'),('admin',147,'admin_toolbar_tools.extra_links:entity.entity_view_display.comment.default.comment','admin_toolbar_tools.extra_links:entity.comment_type.edit_form.comment','entity.entity_view_display.comment.default','comment_type=comment',_binary 'a:1:{s:12:\"comment_type\";s:7:\"comment\";}','',_binary 'O:48:\"Drupal\\Core\\StringTranslation\\TranslatableMarkup\":3:{s:9:\"\0*\0string\";s:14:\"Manage display\";s:12:\"\0*\0arguments\";a:0:{}s:10:\"\0*\0options\";a:0:{}}',_binary 's:0:\"\";','Drupal\\Core\\Menu\\MenuLinkDefault',_binary 'a:0:{}','admin_toolbar_tools',1,1,0,3,_binary 'a:0:{}',0,5,6,10,12,144,147,0,0,0,0,'Drupal\\Core\\Menu\\Form\\MenuLinkDefaultForm'),('admin',148,'admin_toolbar_tools.extra_links:entity.comment_type.delete_form.comment','admin_toolbar_tools.extra_links:entity.comment_type.edit_form.comment','entity.comment_type.delete_form','comment_type=comment',_binary 'a:1:{s:12:\"comment_type\";s:7:\"comment\";}','',_binary 'O:48:\"Drupal\\Core\\StringTranslation\\TranslatableMarkup\":3:{s:9:\"\0*\0string\";s:6:\"Delete\";s:12:\"\0*\0arguments\";a:0:{}s:10:\"\0*\0options\";a:0:{}}',_binary 's:0:\"\";','Drupal\\Core\\Menu\\MenuLinkDefault',_binary 'a:0:{}','admin_toolbar_tools',1,1,0,5,_binary 'a:0:{}',0,5,6,10,12,144,148,0,0,0,0,'Drupal\\Core\\Menu\\Form\\MenuLinkDefaultForm'),('admin',149,'admin_toolbar_tools.extra_links:entity.contact_form.edit_form.feedback','entity.contact_form.collection','entity.contact_form.edit_form','contact_form=feedback',_binary 'a:1:{s:12:\"contact_form\";s:8:\"feedback\";}','',_binary 's:0:\"\";',_binary 's:0:\"\";','Drupal\\admin_toolbar_tools\\Plugin\\Menu\\MenuLinkEntity',_binary 'a:0:{}','admin_toolbar_tools',1,1,0,0,_binary 'a:2:{s:11:\"entity_type\";s:12:\"contact_form\";s:9:\"entity_id\";s:8:\"feedback\";}',1,4,6,10,13,149,0,0,0,0,0,'Drupal\\Core\\Menu\\Form\\MenuLinkDefaultForm'),('admin',150,'admin_toolbar_tools.extra_links:entity.contact_message.field_ui_fieldsfeedback','admin_toolbar_tools.extra_links:entity.contact_form.edit_form.feedback','entity.contact_message.field_ui_fields','contact_form=feedback',_binary 'a:1:{s:12:\"contact_form\";s:8:\"feedback\";}','',_binary 'O:48:\"Drupal\\Core\\StringTranslation\\TranslatableMarkup\":3:{s:9:\"\0*\0string\";s:13:\"Manage fields\";s:12:\"\0*\0arguments\";a:0:{}s:10:\"\0*\0options\";a:0:{}}',_binary 's:0:\"\";','Drupal\\Core\\Menu\\MenuLinkDefault',_binary 'a:0:{}','admin_toolbar_tools',1,1,0,1,_binary 'a:0:{}',0,5,6,10,13,149,150,0,0,0,0,'Drupal\\Core\\Menu\\Form\\MenuLinkDefaultForm'),('admin',151,'admin_toolbar_tools.extra_links:entity.entity_form_display.contact_message.defaultfeedback','admin_toolbar_tools.extra_links:entity.contact_form.edit_form.feedback','entity.entity_form_display.contact_message.default','contact_form=feedback',_binary 'a:1:{s:12:\"contact_form\";s:8:\"feedback\";}','',_binary 'O:48:\"Drupal\\Core\\StringTranslation\\TranslatableMarkup\":3:{s:9:\"\0*\0string\";s:19:\"Manage form display\";s:12:\"\0*\0arguments\";a:0:{}s:10:\"\0*\0options\";a:0:{}}',_binary 's:0:\"\";','Drupal\\Core\\Menu\\MenuLinkDefault',_binary 'a:0:{}','admin_toolbar_tools',1,1,0,2,_binary 'a:0:{}',0,5,6,10,13,149,151,0,0,0,0,'Drupal\\Core\\Menu\\Form\\MenuLinkDefaultForm'),('admin',152,'admin_toolbar_tools.extra_links:entity.entity_view_display.contact_message.default.feedback','admin_toolbar_tools.extra_links:entity.contact_form.edit_form.feedback','entity.entity_view_display.contact_message.default','contact_form=feedback',_binary 'a:1:{s:12:\"contact_form\";s:8:\"feedback\";}','',_binary 'O:48:\"Drupal\\Core\\StringTranslation\\TranslatableMarkup\":3:{s:9:\"\0*\0string\";s:14:\"Manage display\";s:12:\"\0*\0arguments\";a:0:{}s:10:\"\0*\0options\";a:0:{}}',_binary 's:0:\"\";','Drupal\\Core\\Menu\\MenuLinkDefault',_binary 'a:0:{}','admin_toolbar_tools',1,1,0,3,_binary 'a:0:{}',0,5,6,10,13,149,152,0,0,0,0,'Drupal\\Core\\Menu\\Form\\MenuLinkDefaultForm'),('admin',153,'admin_toolbar_tools.extra_links:entity.contact_form.delete_form.feedback','admin_toolbar_tools.extra_links:entity.contact_form.edit_form.feedback','entity.contact_form.delete_form','contact_form=feedback',_binary 'a:1:{s:12:\"contact_form\";s:8:\"feedback\";}','',_binary 'O:48:\"Drupal\\Core\\StringTranslation\\TranslatableMarkup\":3:{s:9:\"\0*\0string\";s:6:\"Delete\";s:12:\"\0*\0arguments\";a:0:{}s:10:\"\0*\0options\";a:0:{}}',_binary 's:0:\"\";','Drupal\\Core\\Menu\\MenuLinkDefault',_binary 'a:0:{}','admin_toolbar_tools',1,1,0,5,_binary 'a:0:{}',0,5,6,10,13,149,153,0,0,0,0,'Drupal\\Core\\Menu\\Form\\MenuLinkDefaultForm'),('admin',154,'admin_toolbar_tools.extra_links:entity.contact_form.edit_form.personal','entity.contact_form.collection','entity.contact_form.edit_form','contact_form=personal',_binary 'a:1:{s:12:\"contact_form\";s:8:\"personal\";}','',_binary 's:0:\"\";',_binary 's:0:\"\";','Drupal\\admin_toolbar_tools\\Plugin\\Menu\\MenuLinkEntity',_binary 'a:0:{}','admin_toolbar_tools',1,1,0,0,_binary 'a:2:{s:11:\"entity_type\";s:12:\"contact_form\";s:9:\"entity_id\";s:8:\"personal\";}',1,4,6,10,13,154,0,0,0,0,0,'Drupal\\Core\\Menu\\Form\\MenuLinkDefaultForm'),('admin',155,'admin_toolbar_tools.extra_links:entity.contact_message.field_ui_fieldspersonal','admin_toolbar_tools.extra_links:entity.contact_form.edit_form.personal','entity.contact_message.field_ui_fields','contact_form=personal',_binary 'a:1:{s:12:\"contact_form\";s:8:\"personal\";}','',_binary 'O:48:\"Drupal\\Core\\StringTranslation\\TranslatableMarkup\":3:{s:9:\"\0*\0string\";s:13:\"Manage fields\";s:12:\"\0*\0arguments\";a:0:{}s:10:\"\0*\0options\";a:0:{}}',_binary 's:0:\"\";','Drupal\\Core\\Menu\\MenuLinkDefault',_binary 'a:0:{}','admin_toolbar_tools',1,1,0,1,_binary 'a:0:{}',0,5,6,10,13,154,155,0,0,0,0,'Drupal\\Core\\Menu\\Form\\MenuLinkDefaultForm'),('admin',156,'admin_toolbar_tools.extra_links:entity.entity_form_display.contact_message.defaultpersonal','admin_toolbar_tools.extra_links:entity.contact_form.edit_form.personal','entity.entity_form_display.contact_message.default','contact_form=personal',_binary 'a:1:{s:12:\"contact_form\";s:8:\"personal\";}','',_binary 'O:48:\"Drupal\\Core\\StringTranslation\\TranslatableMarkup\":3:{s:9:\"\0*\0string\";s:19:\"Manage form display\";s:12:\"\0*\0arguments\";a:0:{}s:10:\"\0*\0options\";a:0:{}}',_binary 's:0:\"\";','Drupal\\Core\\Menu\\MenuLinkDefault',_binary 'a:0:{}','admin_toolbar_tools',1,1,0,2,_binary 'a:0:{}',0,5,6,10,13,154,156,0,0,0,0,'Drupal\\Core\\Menu\\Form\\MenuLinkDefaultForm'),('admin',157,'admin_toolbar_tools.extra_links:entity.entity_view_display.contact_message.default.personal','admin_toolbar_tools.extra_links:entity.contact_form.edit_form.personal','entity.entity_view_display.contact_message.default','contact_form=personal',_binary 'a:1:{s:12:\"contact_form\";s:8:\"personal\";}','',_binary 'O:48:\"Drupal\\Core\\StringTranslation\\TranslatableMarkup\":3:{s:9:\"\0*\0string\";s:14:\"Manage display\";s:12:\"\0*\0arguments\";a:0:{}s:10:\"\0*\0options\";a:0:{}}',_binary 's:0:\"\";','Drupal\\Core\\Menu\\MenuLinkDefault',_binary 'a:0:{}','admin_toolbar_tools',1,1,0,3,_binary 'a:0:{}',0,5,6,10,13,154,157,0,0,0,0,'Drupal\\Core\\Menu\\Form\\MenuLinkDefaultForm'),('admin',158,'admin_toolbar_tools.extra_links:entity.contact_form.delete_form.personal','admin_toolbar_tools.extra_links:entity.contact_form.edit_form.personal','entity.contact_form.delete_form','contact_form=personal',_binary 'a:1:{s:12:\"contact_form\";s:8:\"personal\";}','',_binary 'O:48:\"Drupal\\Core\\StringTranslation\\TranslatableMarkup\":3:{s:9:\"\0*\0string\";s:6:\"Delete\";s:12:\"\0*\0arguments\";a:0:{}s:10:\"\0*\0options\";a:0:{}}',_binary 's:0:\"\";','Drupal\\Core\\Menu\\MenuLinkDefault',_binary 'a:0:{}','admin_toolbar_tools',1,1,0,5,_binary 'a:0:{}',0,5,6,10,13,154,158,0,0,0,0,'Drupal\\Core\\Menu\\Form\\MenuLinkDefaultForm'),('admin',159,'admin_toolbar_tools.extra_links:entity.contact_form.edit_form.suscripcion','entity.contact_form.collection','entity.contact_form.edit_form','contact_form=suscripcion',_binary 'a:1:{s:12:\"contact_form\";s:11:\"suscripcion\";}','',_binary 's:0:\"\";',_binary 's:0:\"\";','Drupal\\admin_toolbar_tools\\Plugin\\Menu\\MenuLinkEntity',_binary 'a:0:{}','admin_toolbar_tools',1,1,0,0,_binary 'a:2:{s:11:\"entity_type\";s:12:\"contact_form\";s:9:\"entity_id\";s:11:\"suscripcion\";}',1,4,6,10,13,159,0,0,0,0,0,'Drupal\\Core\\Menu\\Form\\MenuLinkDefaultForm'),('admin',160,'admin_toolbar_tools.extra_links:entity.contact_message.field_ui_fieldssuscripcion','admin_toolbar_tools.extra_links:entity.contact_form.edit_form.suscripcion','entity.contact_message.field_ui_fields','contact_form=suscripcion',_binary 'a:1:{s:12:\"contact_form\";s:11:\"suscripcion\";}','',_binary 'O:48:\"Drupal\\Core\\StringTranslation\\TranslatableMarkup\":3:{s:9:\"\0*\0string\";s:13:\"Manage fields\";s:12:\"\0*\0arguments\";a:0:{}s:10:\"\0*\0options\";a:0:{}}',_binary 's:0:\"\";','Drupal\\Core\\Menu\\MenuLinkDefault',_binary 'a:0:{}','admin_toolbar_tools',1,1,0,1,_binary 'a:0:{}',0,5,6,10,13,159,160,0,0,0,0,'Drupal\\Core\\Menu\\Form\\MenuLinkDefaultForm'),('admin',161,'admin_toolbar_tools.extra_links:entity.entity_form_display.contact_message.defaultsuscripcion','admin_toolbar_tools.extra_links:entity.contact_form.edit_form.suscripcion','entity.entity_form_display.contact_message.default','contact_form=suscripcion',_binary 'a:1:{s:12:\"contact_form\";s:11:\"suscripcion\";}','',_binary 'O:48:\"Drupal\\Core\\StringTranslation\\TranslatableMarkup\":3:{s:9:\"\0*\0string\";s:19:\"Manage form display\";s:12:\"\0*\0arguments\";a:0:{}s:10:\"\0*\0options\";a:0:{}}',_binary 's:0:\"\";','Drupal\\Core\\Menu\\MenuLinkDefault',_binary 'a:0:{}','admin_toolbar_tools',1,1,0,2,_binary 'a:0:{}',0,5,6,10,13,159,161,0,0,0,0,'Drupal\\Core\\Menu\\Form\\MenuLinkDefaultForm'),('admin',162,'admin_toolbar_tools.extra_links:entity.entity_view_display.contact_message.default.suscripcion','admin_toolbar_tools.extra_links:entity.contact_form.edit_form.suscripcion','entity.entity_view_display.contact_message.default','contact_form=suscripcion',_binary 'a:1:{s:12:\"contact_form\";s:11:\"suscripcion\";}','',_binary 'O:48:\"Drupal\\Core\\StringTranslation\\TranslatableMarkup\":3:{s:9:\"\0*\0string\";s:14:\"Manage display\";s:12:\"\0*\0arguments\";a:0:{}s:10:\"\0*\0options\";a:0:{}}',_binary 's:0:\"\";','Drupal\\Core\\Menu\\MenuLinkDefault',_binary 'a:0:{}','admin_toolbar_tools',1,1,0,3,_binary 'a:0:{}',0,5,6,10,13,159,162,0,0,0,0,'Drupal\\Core\\Menu\\Form\\MenuLinkDefaultForm'),('admin',163,'admin_toolbar_tools.extra_links:entity.contact_form.delete_form.suscripcion','admin_toolbar_tools.extra_links:entity.contact_form.edit_form.suscripcion','entity.contact_form.delete_form','contact_form=suscripcion',_binary 'a:1:{s:12:\"contact_form\";s:11:\"suscripcion\";}','',_binary 'O:48:\"Drupal\\Core\\StringTranslation\\TranslatableMarkup\":3:{s:9:\"\0*\0string\";s:6:\"Delete\";s:12:\"\0*\0arguments\";a:0:{}s:10:\"\0*\0options\";a:0:{}}',_binary 's:0:\"\";','Drupal\\Core\\Menu\\MenuLinkDefault',_binary 'a:0:{}','admin_toolbar_tools',1,1,0,5,_binary 'a:0:{}',0,5,6,10,13,159,163,0,0,0,0,'Drupal\\Core\\Menu\\Form\\MenuLinkDefaultForm'),('admin',164,'admin_toolbar_tools.extra_links:contact.form_add','entity.contact_form.collection','contact.form_add','',_binary 'a:0:{}','',_binary 'O:48:\"Drupal\\Core\\StringTranslation\\TranslatableMarkup\":3:{s:9:\"\0*\0string\";s:16:\"Add contact form\";s:12:\"\0*\0arguments\";a:0:{}s:10:\"\0*\0options\";a:0:{}}',_binary 's:0:\"\";','Drupal\\Core\\Menu\\MenuLinkDefault',_binary 'a:0:{}','admin_toolbar_tools',1,1,0,-5,_binary 'a:0:{}',0,4,6,10,13,164,0,0,0,0,0,'Drupal\\Core\\Menu\\Form\\MenuLinkDefaultForm'),('admin',165,'admin_toolbar_tools.extra_links:field_ui.entity_view_mode_add','entity.entity_view_mode.collection','field_ui.entity_view_mode_add','',_binary 'a:0:{}','',_binary 'O:48:\"Drupal\\Core\\StringTranslation\\TranslatableMarkup\":3:{s:9:\"\0*\0string\";s:13:\"Add view mode\";s:12:\"\0*\0arguments\";a:0:{}s:10:\"\0*\0options\";a:0:{}}',_binary 's:0:\"\";','Drupal\\Core\\Menu\\MenuLinkDefault',_binary 'a:0:{}','admin_toolbar_tools',1,1,0,0,_binary 'a:0:{}',0,5,6,10,14,15,165,0,0,0,0,'Drupal\\Core\\Menu\\Form\\MenuLinkDefaultForm'),('admin',166,'admin_toolbar_tools.extra_links:field_ui.entity_form_mode_add','entity.entity_form_mode.collection','field_ui.entity_form_mode_add','',_binary 'a:0:{}','',_binary 'O:48:\"Drupal\\Core\\StringTranslation\\TranslatableMarkup\":3:{s:9:\"\0*\0string\";s:13:\"Add form mode\";s:12:\"\0*\0arguments\";a:0:{}s:10:\"\0*\0options\";a:0:{}}',_binary 's:0:\"\";','Drupal\\Core\\Menu\\MenuLinkDefault',_binary 'a:0:{}','admin_toolbar_tools',1,1,0,0,_binary 'a:0:{}',0,5,6,10,14,16,166,0,0,0,0,'Drupal\\Core\\Menu\\Form\\MenuLinkDefaultForm'),('admin',167,'admin_toolbar_tools.extra_links:entity.media_type.edit_form.audio','entity.media_type.collection','entity.media_type.edit_form','media_type=audio',_binary 'a:1:{s:10:\"media_type\";s:5:\"audio\";}','',_binary 's:0:\"\";',_binary 's:0:\"\";','Drupal\\admin_toolbar_tools\\Plugin\\Menu\\MenuLinkEntity',_binary 'a:0:{}','admin_toolbar_tools',1,1,0,0,_binary 'a:2:{s:11:\"entity_type\";s:10:\"media_type\";s:9:\"entity_id\";s:5:\"audio\";}',1,4,6,10,69,167,0,0,0,0,0,'Drupal\\Core\\Menu\\Form\\MenuLinkDefaultForm'),('admin',168,'admin_toolbar_tools.extra_links:entity.media.field_ui_fieldsaudio','admin_toolbar_tools.extra_links:entity.media_type.edit_form.audio','entity.media.field_ui_fields','media_type=audio',_binary 'a:1:{s:10:\"media_type\";s:5:\"audio\";}','',_binary 'O:48:\"Drupal\\Core\\StringTranslation\\TranslatableMarkup\":3:{s:9:\"\0*\0string\";s:13:\"Manage fields\";s:12:\"\0*\0arguments\";a:0:{}s:10:\"\0*\0options\";a:0:{}}',_binary 's:0:\"\";','Drupal\\Core\\Menu\\MenuLinkDefault',_binary 'a:0:{}','admin_toolbar_tools',1,1,0,1,_binary 'a:0:{}',0,5,6,10,69,167,168,0,0,0,0,'Drupal\\Core\\Menu\\Form\\MenuLinkDefaultForm'),('admin',169,'admin_toolbar_tools.extra_links:entity.entity_form_display.media.defaultaudio','admin_toolbar_tools.extra_links:entity.media_type.edit_form.audio','entity.entity_form_display.media.default','media_type=audio',_binary 'a:1:{s:10:\"media_type\";s:5:\"audio\";}','',_binary 'O:48:\"Drupal\\Core\\StringTranslation\\TranslatableMarkup\":3:{s:9:\"\0*\0string\";s:19:\"Manage form display\";s:12:\"\0*\0arguments\";a:0:{}s:10:\"\0*\0options\";a:0:{}}',_binary 's:0:\"\";','Drupal\\Core\\Menu\\MenuLinkDefault',_binary 'a:0:{}','admin_toolbar_tools',1,1,0,2,_binary 'a:0:{}',0,5,6,10,69,167,169,0,0,0,0,'Drupal\\Core\\Menu\\Form\\MenuLinkDefaultForm'),('admin',170,'admin_toolbar_tools.extra_links:entity.entity_view_display.media.default.audio','admin_toolbar_tools.extra_links:entity.media_type.edit_form.audio','entity.entity_view_display.media.default','media_type=audio',_binary 'a:1:{s:10:\"media_type\";s:5:\"audio\";}','',_binary 'O:48:\"Drupal\\Core\\StringTranslation\\TranslatableMarkup\":3:{s:9:\"\0*\0string\";s:14:\"Manage display\";s:12:\"\0*\0arguments\";a:0:{}s:10:\"\0*\0options\";a:0:{}}',_binary 's:0:\"\";','Drupal\\Core\\Menu\\MenuLinkDefault',_binary 'a:0:{}','admin_toolbar_tools',1,1,0,3,_binary 'a:0:{}',0,5,6,10,69,167,170,0,0,0,0,'Drupal\\Core\\Menu\\Form\\MenuLinkDefaultForm'),('admin',171,'admin_toolbar_tools.extra_links:entity.media_type.delete_form.audio','admin_toolbar_tools.extra_links:entity.media_type.edit_form.audio','entity.media_type.delete_form','media_type=audio',_binary 'a:1:{s:10:\"media_type\";s:5:\"audio\";}','',_binary 'O:48:\"Drupal\\Core\\StringTranslation\\TranslatableMarkup\":3:{s:9:\"\0*\0string\";s:6:\"Delete\";s:12:\"\0*\0arguments\";a:0:{}s:10:\"\0*\0options\";a:0:{}}',_binary 's:0:\"\";','Drupal\\Core\\Menu\\MenuLinkDefault',_binary 'a:0:{}','admin_toolbar_tools',1,1,0,5,_binary 'a:0:{}',0,5,6,10,69,167,171,0,0,0,0,'Drupal\\Core\\Menu\\Form\\MenuLinkDefaultForm'),('admin',172,'admin_toolbar_tools.extra_links:entity.media_type.edit_form.document','entity.media_type.collection','entity.media_type.edit_form','media_type=document',_binary 'a:1:{s:10:\"media_type\";s:8:\"document\";}','',_binary 's:0:\"\";',_binary 's:0:\"\";','Drupal\\admin_toolbar_tools\\Plugin\\Menu\\MenuLinkEntity',_binary 'a:0:{}','admin_toolbar_tools',1,1,0,0,_binary 'a:2:{s:11:\"entity_type\";s:10:\"media_type\";s:9:\"entity_id\";s:8:\"document\";}',1,4,6,10,69,172,0,0,0,0,0,'Drupal\\Core\\Menu\\Form\\MenuLinkDefaultForm'),('admin',173,'admin_toolbar_tools.extra_links:entity.media.field_ui_fieldsdocument','admin_toolbar_tools.extra_links:entity.media_type.edit_form.document','entity.media.field_ui_fields','media_type=document',_binary 'a:1:{s:10:\"media_type\";s:8:\"document\";}','',_binary 'O:48:\"Drupal\\Core\\StringTranslation\\TranslatableMarkup\":3:{s:9:\"\0*\0string\";s:13:\"Manage fields\";s:12:\"\0*\0arguments\";a:0:{}s:10:\"\0*\0options\";a:0:{}}',_binary 's:0:\"\";','Drupal\\Core\\Menu\\MenuLinkDefault',_binary 'a:0:{}','admin_toolbar_tools',1,1,0,1,_binary 'a:0:{}',0,5,6,10,69,172,173,0,0,0,0,'Drupal\\Core\\Menu\\Form\\MenuLinkDefaultForm'),('admin',174,'admin_toolbar_tools.extra_links:entity.entity_form_display.media.defaultdocument','admin_toolbar_tools.extra_links:entity.media_type.edit_form.document','entity.entity_form_display.media.default','media_type=document',_binary 'a:1:{s:10:\"media_type\";s:8:\"document\";}','',_binary 'O:48:\"Drupal\\Core\\StringTranslation\\TranslatableMarkup\":3:{s:9:\"\0*\0string\";s:19:\"Manage form display\";s:12:\"\0*\0arguments\";a:0:{}s:10:\"\0*\0options\";a:0:{}}',_binary 's:0:\"\";','Drupal\\Core\\Menu\\MenuLinkDefault',_binary 'a:0:{}','admin_toolbar_tools',1,1,0,2,_binary 'a:0:{}',0,5,6,10,69,172,174,0,0,0,0,'Drupal\\Core\\Menu\\Form\\MenuLinkDefaultForm'),('admin',175,'admin_toolbar_tools.extra_links:entity.entity_view_display.media.default.document','admin_toolbar_tools.extra_links:entity.media_type.edit_form.document','entity.entity_view_display.media.default','media_type=document',_binary 'a:1:{s:10:\"media_type\";s:8:\"document\";}','',_binary 'O:48:\"Drupal\\Core\\StringTranslation\\TranslatableMarkup\":3:{s:9:\"\0*\0string\";s:14:\"Manage display\";s:12:\"\0*\0arguments\";a:0:{}s:10:\"\0*\0options\";a:0:{}}',_binary 's:0:\"\";','Drupal\\Core\\Menu\\MenuLinkDefault',_binary 'a:0:{}','admin_toolbar_tools',1,1,0,3,_binary 'a:0:{}',0,5,6,10,69,172,175,0,0,0,0,'Drupal\\Core\\Menu\\Form\\MenuLinkDefaultForm'),('admin',176,'admin_toolbar_tools.extra_links:entity.media_type.delete_form.document','admin_toolbar_tools.extra_links:entity.media_type.edit_form.document','entity.media_type.delete_form','media_type=document',_binary 'a:1:{s:10:\"media_type\";s:8:\"document\";}','',_binary 'O:48:\"Drupal\\Core\\StringTranslation\\TranslatableMarkup\":3:{s:9:\"\0*\0string\";s:6:\"Delete\";s:12:\"\0*\0arguments\";a:0:{}s:10:\"\0*\0options\";a:0:{}}',_binary 's:0:\"\";','Drupal\\Core\\Menu\\MenuLinkDefault',_binary 'a:0:{}','admin_toolbar_tools',1,1,0,5,_binary 'a:0:{}',0,5,6,10,69,172,176,0,0,0,0,'Drupal\\Core\\Menu\\Form\\MenuLinkDefaultForm'),('admin',177,'admin_toolbar_tools.extra_links:entity.media_type.edit_form.image','entity.media_type.collection','entity.media_type.edit_form','media_type=image',_binary 'a:1:{s:10:\"media_type\";s:5:\"image\";}','',_binary 's:0:\"\";',_binary 's:0:\"\";','Drupal\\admin_toolbar_tools\\Plugin\\Menu\\MenuLinkEntity',_binary 'a:0:{}','admin_toolbar_tools',1,1,0,0,_binary 'a:2:{s:11:\"entity_type\";s:10:\"media_type\";s:9:\"entity_id\";s:5:\"image\";}',1,4,6,10,69,177,0,0,0,0,0,'Drupal\\Core\\Menu\\Form\\MenuLinkDefaultForm'),('admin',178,'admin_toolbar_tools.extra_links:entity.media.field_ui_fieldsimage','admin_toolbar_tools.extra_links:entity.media_type.edit_form.image','entity.media.field_ui_fields','media_type=image',_binary 'a:1:{s:10:\"media_type\";s:5:\"image\";}','',_binary 'O:48:\"Drupal\\Core\\StringTranslation\\TranslatableMarkup\":3:{s:9:\"\0*\0string\";s:13:\"Manage fields\";s:12:\"\0*\0arguments\";a:0:{}s:10:\"\0*\0options\";a:0:{}}',_binary 's:0:\"\";','Drupal\\Core\\Menu\\MenuLinkDefault',_binary 'a:0:{}','admin_toolbar_tools',1,1,0,1,_binary 'a:0:{}',0,5,6,10,69,177,178,0,0,0,0,'Drupal\\Core\\Menu\\Form\\MenuLinkDefaultForm'),('admin',179,'admin_toolbar_tools.extra_links:entity.entity_form_display.media.defaultimage','admin_toolbar_tools.extra_links:entity.media_type.edit_form.image','entity.entity_form_display.media.default','media_type=image',_binary 'a:1:{s:10:\"media_type\";s:5:\"image\";}','',_binary 'O:48:\"Drupal\\Core\\StringTranslation\\TranslatableMarkup\":3:{s:9:\"\0*\0string\";s:19:\"Manage form display\";s:12:\"\0*\0arguments\";a:0:{}s:10:\"\0*\0options\";a:0:{}}',_binary 's:0:\"\";','Drupal\\Core\\Menu\\MenuLinkDefault',_binary 'a:0:{}','admin_toolbar_tools',1,1,0,2,_binary 'a:0:{}',0,5,6,10,69,177,179,0,0,0,0,'Drupal\\Core\\Menu\\Form\\MenuLinkDefaultForm'),('admin',180,'admin_toolbar_tools.extra_links:entity.entity_view_display.media.default.image','admin_toolbar_tools.extra_links:entity.media_type.edit_form.image','entity.entity_view_display.media.default','media_type=image',_binary 'a:1:{s:10:\"media_type\";s:5:\"image\";}','',_binary 'O:48:\"Drupal\\Core\\StringTranslation\\TranslatableMarkup\":3:{s:9:\"\0*\0string\";s:14:\"Manage display\";s:12:\"\0*\0arguments\";a:0:{}s:10:\"\0*\0options\";a:0:{}}',_binary 's:0:\"\";','Drupal\\Core\\Menu\\MenuLinkDefault',_binary 'a:0:{}','admin_toolbar_tools',1,1,0,3,_binary 'a:0:{}',0,5,6,10,69,177,180,0,0,0,0,'Drupal\\Core\\Menu\\Form\\MenuLinkDefaultForm'),('admin',181,'admin_toolbar_tools.extra_links:entity.media_type.delete_form.image','admin_toolbar_tools.extra_links:entity.media_type.edit_form.image','entity.media_type.delete_form','media_type=image',_binary 'a:1:{s:10:\"media_type\";s:5:\"image\";}','',_binary 'O:48:\"Drupal\\Core\\StringTranslation\\TranslatableMarkup\":3:{s:9:\"\0*\0string\";s:6:\"Delete\";s:12:\"\0*\0arguments\";a:0:{}s:10:\"\0*\0options\";a:0:{}}',_binary 's:0:\"\";','Drupal\\Core\\Menu\\MenuLinkDefault',_binary 'a:0:{}','admin_toolbar_tools',1,1,0,5,_binary 'a:0:{}',0,5,6,10,69,177,181,0,0,0,0,'Drupal\\Core\\Menu\\Form\\MenuLinkDefaultForm'),('admin',182,'admin_toolbar_tools.extra_links:entity.media_type.edit_form.remote_video','entity.media_type.collection','entity.media_type.edit_form','media_type=remote_video',_binary 'a:1:{s:10:\"media_type\";s:12:\"remote_video\";}','',_binary 's:0:\"\";',_binary 's:0:\"\";','Drupal\\admin_toolbar_tools\\Plugin\\Menu\\MenuLinkEntity',_binary 'a:0:{}','admin_toolbar_tools',1,1,0,0,_binary 'a:2:{s:11:\"entity_type\";s:10:\"media_type\";s:9:\"entity_id\";s:12:\"remote_video\";}',1,4,6,10,69,182,0,0,0,0,0,'Drupal\\Core\\Menu\\Form\\MenuLinkDefaultForm'),('admin',183,'admin_toolbar_tools.extra_links:entity.media.field_ui_fieldsremote_video','admin_toolbar_tools.extra_links:entity.media_type.edit_form.remote_video','entity.media.field_ui_fields','media_type=remote_video',_binary 'a:1:{s:10:\"media_type\";s:12:\"remote_video\";}','',_binary 'O:48:\"Drupal\\Core\\StringTranslation\\TranslatableMarkup\":3:{s:9:\"\0*\0string\";s:13:\"Manage fields\";s:12:\"\0*\0arguments\";a:0:{}s:10:\"\0*\0options\";a:0:{}}',_binary 's:0:\"\";','Drupal\\Core\\Menu\\MenuLinkDefault',_binary 'a:0:{}','admin_toolbar_tools',1,1,0,1,_binary 'a:0:{}',0,5,6,10,69,182,183,0,0,0,0,'Drupal\\Core\\Menu\\Form\\MenuLinkDefaultForm'),('admin',184,'admin_toolbar_tools.extra_links:entity.entity_form_display.media.defaultremote_video','admin_toolbar_tools.extra_links:entity.media_type.edit_form.remote_video','entity.entity_form_display.media.default','media_type=remote_video',_binary 'a:1:{s:10:\"media_type\";s:12:\"remote_video\";}','',_binary 'O:48:\"Drupal\\Core\\StringTranslation\\TranslatableMarkup\":3:{s:9:\"\0*\0string\";s:19:\"Manage form display\";s:12:\"\0*\0arguments\";a:0:{}s:10:\"\0*\0options\";a:0:{}}',_binary 's:0:\"\";','Drupal\\Core\\Menu\\MenuLinkDefault',_binary 'a:0:{}','admin_toolbar_tools',1,1,0,2,_binary 'a:0:{}',0,5,6,10,69,182,184,0,0,0,0,'Drupal\\Core\\Menu\\Form\\MenuLinkDefaultForm'),('admin',185,'admin_toolbar_tools.extra_links:entity.entity_view_display.media.default.remote_video','admin_toolbar_tools.extra_links:entity.media_type.edit_form.remote_video','entity.entity_view_display.media.default','media_type=remote_video',_binary 'a:1:{s:10:\"media_type\";s:12:\"remote_video\";}','',_binary 'O:48:\"Drupal\\Core\\StringTranslation\\TranslatableMarkup\":3:{s:9:\"\0*\0string\";s:14:\"Manage display\";s:12:\"\0*\0arguments\";a:0:{}s:10:\"\0*\0options\";a:0:{}}',_binary 's:0:\"\";','Drupal\\Core\\Menu\\MenuLinkDefault',_binary 'a:0:{}','admin_toolbar_tools',1,1,0,3,_binary 'a:0:{}',0,5,6,10,69,182,185,0,0,0,0,'Drupal\\Core\\Menu\\Form\\MenuLinkDefaultForm'),('admin',186,'admin_toolbar_tools.extra_links:entity.media_type.delete_form.remote_video','admin_toolbar_tools.extra_links:entity.media_type.edit_form.remote_video','entity.media_type.delete_form','media_type=remote_video',_binary 'a:1:{s:10:\"media_type\";s:12:\"remote_video\";}','',_binary 'O:48:\"Drupal\\Core\\StringTranslation\\TranslatableMarkup\":3:{s:9:\"\0*\0string\";s:6:\"Delete\";s:12:\"\0*\0arguments\";a:0:{}s:10:\"\0*\0options\";a:0:{}}',_binary 's:0:\"\";','Drupal\\Core\\Menu\\MenuLinkDefault',_binary 'a:0:{}','admin_toolbar_tools',1,1,0,5,_binary 'a:0:{}',0,5,6,10,69,182,186,0,0,0,0,'Drupal\\Core\\Menu\\Form\\MenuLinkDefaultForm'),('admin',187,'admin_toolbar_tools.extra_links:entity.media_type.edit_form.video','entity.media_type.collection','entity.media_type.edit_form','media_type=video',_binary 'a:1:{s:10:\"media_type\";s:5:\"video\";}','',_binary 's:0:\"\";',_binary 's:0:\"\";','Drupal\\admin_toolbar_tools\\Plugin\\Menu\\MenuLinkEntity',_binary 'a:0:{}','admin_toolbar_tools',1,1,0,0,_binary 'a:2:{s:11:\"entity_type\";s:10:\"media_type\";s:9:\"entity_id\";s:5:\"video\";}',1,4,6,10,69,187,0,0,0,0,0,'Drupal\\Core\\Menu\\Form\\MenuLinkDefaultForm'),('admin',188,'admin_toolbar_tools.extra_links:entity.media.field_ui_fieldsvideo','admin_toolbar_tools.extra_links:entity.media_type.edit_form.video','entity.media.field_ui_fields','media_type=video',_binary 'a:1:{s:10:\"media_type\";s:5:\"video\";}','',_binary 'O:48:\"Drupal\\Core\\StringTranslation\\TranslatableMarkup\":3:{s:9:\"\0*\0string\";s:13:\"Manage fields\";s:12:\"\0*\0arguments\";a:0:{}s:10:\"\0*\0options\";a:0:{}}',_binary 's:0:\"\";','Drupal\\Core\\Menu\\MenuLinkDefault',_binary 'a:0:{}','admin_toolbar_tools',1,1,0,1,_binary 'a:0:{}',0,5,6,10,69,187,188,0,0,0,0,'Drupal\\Core\\Menu\\Form\\MenuLinkDefaultForm'),('admin',189,'admin_toolbar_tools.extra_links:entity.entity_form_display.media.defaultvideo','admin_toolbar_tools.extra_links:entity.media_type.edit_form.video','entity.entity_form_display.media.default','media_type=video',_binary 'a:1:{s:10:\"media_type\";s:5:\"video\";}','',_binary 'O:48:\"Drupal\\Core\\StringTranslation\\TranslatableMarkup\":3:{s:9:\"\0*\0string\";s:19:\"Manage form display\";s:12:\"\0*\0arguments\";a:0:{}s:10:\"\0*\0options\";a:0:{}}',_binary 's:0:\"\";','Drupal\\Core\\Menu\\MenuLinkDefault',_binary 'a:0:{}','admin_toolbar_tools',1,1,0,2,_binary 'a:0:{}',0,5,6,10,69,187,189,0,0,0,0,'Drupal\\Core\\Menu\\Form\\MenuLinkDefaultForm'),('admin',190,'admin_toolbar_tools.extra_links:entity.entity_view_display.media.default.video','admin_toolbar_tools.extra_links:entity.media_type.edit_form.video','entity.entity_view_display.media.default','media_type=video',_binary 'a:1:{s:10:\"media_type\";s:5:\"video\";}','',_binary 'O:48:\"Drupal\\Core\\StringTranslation\\TranslatableMarkup\":3:{s:9:\"\0*\0string\";s:14:\"Manage display\";s:12:\"\0*\0arguments\";a:0:{}s:10:\"\0*\0options\";a:0:{}}',_binary 's:0:\"\";','Drupal\\Core\\Menu\\MenuLinkDefault',_binary 'a:0:{}','admin_toolbar_tools',1,1,0,3,_binary 'a:0:{}',0,5,6,10,69,187,190,0,0,0,0,'Drupal\\Core\\Menu\\Form\\MenuLinkDefaultForm'),('admin',191,'admin_toolbar_tools.extra_links:entity.media_type.delete_form.video','admin_toolbar_tools.extra_links:entity.media_type.edit_form.video','entity.media_type.delete_form','media_type=video',_binary 'a:1:{s:10:\"media_type\";s:5:\"video\";}','',_binary 'O:48:\"Drupal\\Core\\StringTranslation\\TranslatableMarkup\":3:{s:9:\"\0*\0string\";s:6:\"Delete\";s:12:\"\0*\0arguments\";a:0:{}s:10:\"\0*\0options\";a:0:{}}',_binary 's:0:\"\";','Drupal\\Core\\Menu\\MenuLinkDefault',_binary 'a:0:{}','admin_toolbar_tools',1,1,0,5,_binary 'a:0:{}',0,5,6,10,69,187,191,0,0,0,0,'Drupal\\Core\\Menu\\Form\\MenuLinkDefaultForm'),('admin',192,'admin_toolbar_tools.extra_links:media.type_add','entity.media_type.collection','entity.media_type.add_form','',_binary 'a:0:{}','',_binary 'O:48:\"Drupal\\Core\\StringTranslation\\TranslatableMarkup\":3:{s:9:\"\0*\0string\";s:14:\"Add media type\";s:12:\"\0*\0arguments\";a:0:{}s:10:\"\0*\0options\";a:0:{}}',_binary 's:0:\"\";','Drupal\\Core\\Menu\\MenuLinkDefault',_binary 'a:0:{}','admin_toolbar_tools',1,1,0,-2,_binary 'a:0:{}',0,4,6,10,69,192,0,0,0,0,0,'Drupal\\Core\\Menu\\Form\\MenuLinkDefaultForm'),('admin',193,'admin_toolbar_tools.extra_links:entity.menu.add_form','entity.menu.collection','entity.menu.add_form','',_binary 'a:0:{}','',_binary 'O:48:\"Drupal\\Core\\StringTranslation\\TranslatableMarkup\":3:{s:9:\"\0*\0string\";s:8:\"Add menu\";s:12:\"\0*\0arguments\";a:0:{}s:10:\"\0*\0options\";a:0:{}}',_binary 's:0:\"\";','Drupal\\Core\\Menu\\MenuLinkDefault',_binary 'a:0:{}','admin_toolbar_tools',1,1,0,-2,_binary 'a:0:{}',0,4,6,10,17,193,0,0,0,0,0,'Drupal\\Core\\Menu\\Form\\MenuLinkDefaultForm'),('admin',194,'admin_toolbar_tools.extra_links:entity.menu.edit_form.admin','entity.menu.collection','entity.menu.edit_form','menu=admin',_binary 'a:1:{s:4:\"menu\";s:5:\"admin\";}','',_binary 's:0:\"\";',_binary 's:0:\"\";','Drupal\\admin_toolbar_tools\\Plugin\\Menu\\MenuLinkEntity',_binary 'a:0:{}','admin_toolbar_tools',1,1,0,0,_binary 'a:2:{s:11:\"entity_type\";s:4:\"menu\";s:9:\"entity_id\";s:5:\"admin\";}',1,4,6,10,17,194,0,0,0,0,0,'Drupal\\Core\\Menu\\Form\\MenuLinkDefaultForm'),('admin',195,'admin_toolbar_tools.extra_links:entity.menu.add_link_form.admin','admin_toolbar_tools.extra_links:entity.menu.edit_form.admin','entity.menu.add_link_form','menu=admin',_binary 'a:1:{s:4:\"menu\";s:5:\"admin\";}','',_binary 'O:48:\"Drupal\\Core\\StringTranslation\\TranslatableMarkup\":3:{s:9:\"\0*\0string\";s:8:\"Add link\";s:12:\"\0*\0arguments\";a:0:{}s:10:\"\0*\0options\";a:0:{}}',_binary 's:0:\"\";','Drupal\\Core\\Menu\\MenuLinkDefault',_binary 'a:0:{}','admin_toolbar_tools',1,1,0,0,_binary 'a:0:{}',0,5,6,10,17,194,195,0,0,0,0,'Drupal\\Core\\Menu\\Form\\MenuLinkDefaultForm'),('admin',196,'admin_toolbar_tools.extra_links:entity.menu.edit_form.main','entity.menu.collection','entity.menu.edit_form','menu=main',_binary 'a:1:{s:4:\"menu\";s:4:\"main\";}','',_binary 's:0:\"\";',_binary 's:0:\"\";','Drupal\\admin_toolbar_tools\\Plugin\\Menu\\MenuLinkEntity',_binary 'a:0:{}','admin_toolbar_tools',1,1,0,1,_binary 'a:2:{s:11:\"entity_type\";s:4:\"menu\";s:9:\"entity_id\";s:4:\"main\";}',1,4,6,10,17,196,0,0,0,0,0,'Drupal\\Core\\Menu\\Form\\MenuLinkDefaultForm'),('admin',197,'admin_toolbar_tools.extra_links:entity.menu.add_link_form.main','admin_toolbar_tools.extra_links:entity.menu.edit_form.main','entity.menu.add_link_form','menu=main',_binary 'a:1:{s:4:\"menu\";s:4:\"main\";}','',_binary 'O:48:\"Drupal\\Core\\StringTranslation\\TranslatableMarkup\":3:{s:9:\"\0*\0string\";s:8:\"Add link\";s:12:\"\0*\0arguments\";a:0:{}s:10:\"\0*\0options\";a:0:{}}',_binary 's:0:\"\";','Drupal\\Core\\Menu\\MenuLinkDefault',_binary 'a:0:{}','admin_toolbar_tools',1,1,0,0,_binary 'a:0:{}',0,5,6,10,17,196,197,0,0,0,0,'Drupal\\Core\\Menu\\Form\\MenuLinkDefaultForm'),('admin',198,'admin_toolbar_tools.extra_links:entity.menu.edit_form.footer','entity.menu.collection','entity.menu.edit_form','menu=footer',_binary 'a:1:{s:4:\"menu\";s:6:\"footer\";}','',_binary 's:0:\"\";',_binary 's:0:\"\";','Drupal\\admin_toolbar_tools\\Plugin\\Menu\\MenuLinkEntity',_binary 'a:0:{}','admin_toolbar_tools',1,1,0,2,_binary 'a:2:{s:11:\"entity_type\";s:4:\"menu\";s:9:\"entity_id\";s:6:\"footer\";}',1,4,6,10,17,198,0,0,0,0,0,'Drupal\\Core\\Menu\\Form\\MenuLinkDefaultForm'),('admin',199,'admin_toolbar_tools.extra_links:entity.menu.add_link_form.footer','admin_toolbar_tools.extra_links:entity.menu.edit_form.footer','entity.menu.add_link_form','menu=footer',_binary 'a:1:{s:4:\"menu\";s:6:\"footer\";}','',_binary 'O:48:\"Drupal\\Core\\StringTranslation\\TranslatableMarkup\":3:{s:9:\"\0*\0string\";s:8:\"Add link\";s:12:\"\0*\0arguments\";a:0:{}s:10:\"\0*\0options\";a:0:{}}',_binary 's:0:\"\";','Drupal\\Core\\Menu\\MenuLinkDefault',_binary 'a:0:{}','admin_toolbar_tools',1,1,0,0,_binary 'a:0:{}',0,5,6,10,17,198,199,0,0,0,0,'Drupal\\Core\\Menu\\Form\\MenuLinkDefaultForm'),('admin',200,'admin_toolbar_tools.extra_links:entity.menu.edit_form.registracion','entity.menu.collection','entity.menu.edit_form','menu=registracion',_binary 'a:1:{s:4:\"menu\";s:12:\"registracion\";}','',_binary 's:0:\"\";',_binary 's:0:\"\";','Drupal\\admin_toolbar_tools\\Plugin\\Menu\\MenuLinkEntity',_binary 'a:0:{}','admin_toolbar_tools',1,1,0,3,_binary 'a:2:{s:11:\"entity_type\";s:4:\"menu\";s:9:\"entity_id\";s:12:\"registracion\";}',1,4,6,10,17,200,0,0,0,0,0,'Drupal\\Core\\Menu\\Form\\MenuLinkDefaultForm'),('admin',201,'admin_toolbar_tools.extra_links:entity.menu.add_link_form.registracion','admin_toolbar_tools.extra_links:entity.menu.edit_form.registracion','entity.menu.add_link_form','menu=registracion',_binary 'a:1:{s:4:\"menu\";s:12:\"registracion\";}','',_binary 'O:48:\"Drupal\\Core\\StringTranslation\\TranslatableMarkup\":3:{s:9:\"\0*\0string\";s:8:\"Add link\";s:12:\"\0*\0arguments\";a:0:{}s:10:\"\0*\0options\";a:0:{}}',_binary 's:0:\"\";','Drupal\\Core\\Menu\\MenuLinkDefault',_binary 'a:0:{}','admin_toolbar_tools',1,1,0,0,_binary 'a:0:{}',0,5,6,10,17,200,201,0,0,0,0,'Drupal\\Core\\Menu\\Form\\MenuLinkDefaultForm'),('admin',202,'admin_toolbar_tools.extra_links:entity.menu.delete_form.registracion','admin_toolbar_tools.extra_links:entity.menu.edit_form.registracion','entity.menu.delete_form','menu=registracion',_binary 'a:1:{s:4:\"menu\";s:12:\"registracion\";}','',_binary 'O:48:\"Drupal\\Core\\StringTranslation\\TranslatableMarkup\":3:{s:9:\"\0*\0string\";s:6:\"Delete\";s:12:\"\0*\0arguments\";a:0:{}s:10:\"\0*\0options\";a:0:{}}',_binary 's:0:\"\";','Drupal\\Core\\Menu\\MenuLinkDefault',_binary 'a:0:{}','admin_toolbar_tools',1,1,0,0,_binary 'a:0:{}',0,5,6,10,17,200,202,0,0,0,0,'Drupal\\Core\\Menu\\Form\\MenuLinkDefaultForm'),('admin',203,'admin_toolbar_tools.extra_links:entity.menu.edit_form.tools','entity.menu.collection','entity.menu.edit_form','menu=tools',_binary 'a:1:{s:4:\"menu\";s:5:\"tools\";}','',_binary 's:0:\"\";',_binary 's:0:\"\";','Drupal\\admin_toolbar_tools\\Plugin\\Menu\\MenuLinkEntity',_binary 'a:0:{}','admin_toolbar_tools',1,1,0,4,_binary 'a:2:{s:11:\"entity_type\";s:4:\"menu\";s:9:\"entity_id\";s:5:\"tools\";}',1,4,6,10,17,203,0,0,0,0,0,'Drupal\\Core\\Menu\\Form\\MenuLinkDefaultForm'),('admin',204,'admin_toolbar_tools.extra_links:entity.menu.add_link_form.tools','admin_toolbar_tools.extra_links:entity.menu.edit_form.tools','entity.menu.add_link_form','menu=tools',_binary 'a:1:{s:4:\"menu\";s:5:\"tools\";}','',_binary 'O:48:\"Drupal\\Core\\StringTranslation\\TranslatableMarkup\":3:{s:9:\"\0*\0string\";s:8:\"Add link\";s:12:\"\0*\0arguments\";a:0:{}s:10:\"\0*\0options\";a:0:{}}',_binary 's:0:\"\";','Drupal\\Core\\Menu\\MenuLinkDefault',_binary 'a:0:{}','admin_toolbar_tools',1,1,0,0,_binary 'a:0:{}',0,5,6,10,17,203,204,0,0,0,0,'Drupal\\Core\\Menu\\Form\\MenuLinkDefaultForm'),('admin',205,'admin_toolbar_tools.extra_links:entity.menu.edit_form.account','entity.menu.collection','entity.menu.edit_form','menu=account',_binary 'a:1:{s:4:\"menu\";s:7:\"account\";}','',_binary 's:0:\"\";',_binary 's:0:\"\";','Drupal\\admin_toolbar_tools\\Plugin\\Menu\\MenuLinkEntity',_binary 'a:0:{}','admin_toolbar_tools',1,1,0,5,_binary 'a:2:{s:11:\"entity_type\";s:4:\"menu\";s:9:\"entity_id\";s:7:\"account\";}',1,4,6,10,17,205,0,0,0,0,0,'Drupal\\Core\\Menu\\Form\\MenuLinkDefaultForm'),('admin',206,'admin_toolbar_tools.extra_links:entity.menu.add_link_form.account','admin_toolbar_tools.extra_links:entity.menu.edit_form.account','entity.menu.add_link_form','menu=account',_binary 'a:1:{s:4:\"menu\";s:7:\"account\";}','',_binary 'O:48:\"Drupal\\Core\\StringTranslation\\TranslatableMarkup\":3:{s:9:\"\0*\0string\";s:8:\"Add link\";s:12:\"\0*\0arguments\";a:0:{}s:10:\"\0*\0options\";a:0:{}}',_binary 's:0:\"\";','Drupal\\Core\\Menu\\MenuLinkDefault',_binary 'a:0:{}','admin_toolbar_tools',1,1,0,0,_binary 'a:0:{}',0,5,6,10,17,205,206,0,0,0,0,'Drupal\\Core\\Menu\\Form\\MenuLinkDefaultForm'),('admin',207,'admin_toolbar_tools.extra_links:entity.node_type.edit_form.article','entity.node_type.collection','entity.node_type.edit_form','node_type=article',_binary 'a:1:{s:9:\"node_type\";s:7:\"article\";}','',_binary 's:0:\"\";',_binary 's:0:\"\";','Drupal\\admin_toolbar_tools\\Plugin\\Menu\\MenuLinkEntity',_binary 'a:0:{}','admin_toolbar_tools',1,1,0,0,_binary 'a:2:{s:11:\"entity_type\";s:9:\"node_type\";s:9:\"entity_id\";s:7:\"article\";}',1,4,6,10,18,207,0,0,0,0,0,'Drupal\\Core\\Menu\\Form\\MenuLinkDefaultForm'),('admin',208,'admin_toolbar_tools.extra_links:entity.node.field_ui_fieldsarticle','admin_toolbar_tools.extra_links:entity.node_type.edit_form.article','entity.node.field_ui_fields','node_type=article',_binary 'a:1:{s:9:\"node_type\";s:7:\"article\";}','',_binary 'O:48:\"Drupal\\Core\\StringTranslation\\TranslatableMarkup\":3:{s:9:\"\0*\0string\";s:13:\"Manage fields\";s:12:\"\0*\0arguments\";a:0:{}s:10:\"\0*\0options\";a:0:{}}',_binary 's:0:\"\";','Drupal\\Core\\Menu\\MenuLinkDefault',_binary 'a:0:{}','admin_toolbar_tools',1,1,0,1,_binary 'a:0:{}',0,5,6,10,18,207,208,0,0,0,0,'Drupal\\Core\\Menu\\Form\\MenuLinkDefaultForm'),('admin',209,'admin_toolbar_tools.extra_links:entity.entity_form_display.node.defaultarticle','admin_toolbar_tools.extra_links:entity.node_type.edit_form.article','entity.entity_form_display.node.default','node_type=article',_binary 'a:1:{s:9:\"node_type\";s:7:\"article\";}','',_binary 'O:48:\"Drupal\\Core\\StringTranslation\\TranslatableMarkup\":3:{s:9:\"\0*\0string\";s:19:\"Manage form display\";s:12:\"\0*\0arguments\";a:0:{}s:10:\"\0*\0options\";a:0:{}}',_binary 's:0:\"\";','Drupal\\Core\\Menu\\MenuLinkDefault',_binary 'a:0:{}','admin_toolbar_tools',1,1,0,2,_binary 'a:0:{}',0,5,6,10,18,207,209,0,0,0,0,'Drupal\\Core\\Menu\\Form\\MenuLinkDefaultForm'),('admin',210,'admin_toolbar_tools.extra_links:entity.entity_view_display.node.default.article','admin_toolbar_tools.extra_links:entity.node_type.edit_form.article','entity.entity_view_display.node.default','node_type=article',_binary 'a:1:{s:9:\"node_type\";s:7:\"article\";}','',_binary 'O:48:\"Drupal\\Core\\StringTranslation\\TranslatableMarkup\":3:{s:9:\"\0*\0string\";s:14:\"Manage display\";s:12:\"\0*\0arguments\";a:0:{}s:10:\"\0*\0options\";a:0:{}}',_binary 's:0:\"\";','Drupal\\Core\\Menu\\MenuLinkDefault',_binary 'a:0:{}','admin_toolbar_tools',1,1,0,3,_binary 'a:0:{}',0,5,6,10,18,207,210,0,0,0,0,'Drupal\\Core\\Menu\\Form\\MenuLinkDefaultForm'),('admin',211,'admin_toolbar_tools.extra_links:entity.node_type.delete_form.article','admin_toolbar_tools.extra_links:entity.node_type.edit_form.article','entity.node_type.delete_form','node_type=article',_binary 'a:1:{s:9:\"node_type\";s:7:\"article\";}','',_binary 'O:48:\"Drupal\\Core\\StringTranslation\\TranslatableMarkup\":3:{s:9:\"\0*\0string\";s:6:\"Delete\";s:12:\"\0*\0arguments\";a:0:{}s:10:\"\0*\0options\";a:0:{}}',_binary 's:0:\"\";','Drupal\\Core\\Menu\\MenuLinkDefault',_binary 'a:0:{}','admin_toolbar_tools',1,1,0,5,_binary 'a:0:{}',0,5,6,10,18,207,211,0,0,0,0,'Drupal\\Core\\Menu\\Form\\MenuLinkDefaultForm'),('admin',212,'admin_toolbar_tools.extra_links:entity.node_type.edit_form.articulo_de_proyecto','entity.node_type.collection','entity.node_type.edit_form','node_type=articulo_de_proyecto',_binary 'a:1:{s:9:\"node_type\";s:20:\"articulo_de_proyecto\";}','',_binary 's:0:\"\";',_binary 's:0:\"\";','Drupal\\admin_toolbar_tools\\Plugin\\Menu\\MenuLinkEntity',_binary 'a:0:{}','admin_toolbar_tools',1,1,0,0,_binary 'a:2:{s:11:\"entity_type\";s:9:\"node_type\";s:9:\"entity_id\";s:20:\"articulo_de_proyecto\";}',1,4,6,10,18,212,0,0,0,0,0,'Drupal\\Core\\Menu\\Form\\MenuLinkDefaultForm'),('admin',213,'admin_toolbar_tools.extra_links:entity.node.field_ui_fieldsarticulo_de_proyecto','admin_toolbar_tools.extra_links:entity.node_type.edit_form.articulo_de_proyecto','entity.node.field_ui_fields','node_type=articulo_de_proyecto',_binary 'a:1:{s:9:\"node_type\";s:20:\"articulo_de_proyecto\";}','',_binary 'O:48:\"Drupal\\Core\\StringTranslation\\TranslatableMarkup\":3:{s:9:\"\0*\0string\";s:13:\"Manage fields\";s:12:\"\0*\0arguments\";a:0:{}s:10:\"\0*\0options\";a:0:{}}',_binary 's:0:\"\";','Drupal\\Core\\Menu\\MenuLinkDefault',_binary 'a:0:{}','admin_toolbar_tools',1,1,0,1,_binary 'a:0:{}',0,5,6,10,18,212,213,0,0,0,0,'Drupal\\Core\\Menu\\Form\\MenuLinkDefaultForm'),('admin',214,'admin_toolbar_tools.extra_links:entity.entity_form_display.node.defaultarticulo_de_proyecto','admin_toolbar_tools.extra_links:entity.node_type.edit_form.articulo_de_proyecto','entity.entity_form_display.node.default','node_type=articulo_de_proyecto',_binary 'a:1:{s:9:\"node_type\";s:20:\"articulo_de_proyecto\";}','',_binary 'O:48:\"Drupal\\Core\\StringTranslation\\TranslatableMarkup\":3:{s:9:\"\0*\0string\";s:19:\"Manage form display\";s:12:\"\0*\0arguments\";a:0:{}s:10:\"\0*\0options\";a:0:{}}',_binary 's:0:\"\";','Drupal\\Core\\Menu\\MenuLinkDefault',_binary 'a:0:{}','admin_toolbar_tools',1,1,0,2,_binary 'a:0:{}',0,5,6,10,18,212,214,0,0,0,0,'Drupal\\Core\\Menu\\Form\\MenuLinkDefaultForm'),('admin',215,'admin_toolbar_tools.extra_links:entity.entity_view_display.node.default.articulo_de_proyecto','admin_toolbar_tools.extra_links:entity.node_type.edit_form.articulo_de_proyecto','entity.entity_view_display.node.default','node_type=articulo_de_proyecto',_binary 'a:1:{s:9:\"node_type\";s:20:\"articulo_de_proyecto\";}','',_binary 'O:48:\"Drupal\\Core\\StringTranslation\\TranslatableMarkup\":3:{s:9:\"\0*\0string\";s:14:\"Manage display\";s:12:\"\0*\0arguments\";a:0:{}s:10:\"\0*\0options\";a:0:{}}',_binary 's:0:\"\";','Drupal\\Core\\Menu\\MenuLinkDefault',_binary 'a:0:{}','admin_toolbar_tools',1,1,0,3,_binary 'a:0:{}',0,5,6,10,18,212,215,0,0,0,0,'Drupal\\Core\\Menu\\Form\\MenuLinkDefaultForm'),('admin',216,'admin_toolbar_tools.extra_links:entity.node_type.delete_form.articulo_de_proyecto','admin_toolbar_tools.extra_links:entity.node_type.edit_form.articulo_de_proyecto','entity.node_type.delete_form','node_type=articulo_de_proyecto',_binary 'a:1:{s:9:\"node_type\";s:20:\"articulo_de_proyecto\";}','',_binary 'O:48:\"Drupal\\Core\\StringTranslation\\TranslatableMarkup\":3:{s:9:\"\0*\0string\";s:6:\"Delete\";s:12:\"\0*\0arguments\";a:0:{}s:10:\"\0*\0options\";a:0:{}}',_binary 's:0:\"\";','Drupal\\Core\\Menu\\MenuLinkDefault',_binary 'a:0:{}','admin_toolbar_tools',1,1,0,5,_binary 'a:0:{}',0,5,6,10,18,212,216,0,0,0,0,'Drupal\\Core\\Menu\\Form\\MenuLinkDefaultForm'),('admin',217,'admin_toolbar_tools.extra_links:entity.node_type.edit_form.novedades','entity.node_type.collection','entity.node_type.edit_form','node_type=novedades',_binary 'a:1:{s:9:\"node_type\";s:9:\"novedades\";}','',_binary 's:0:\"\";',_binary 's:0:\"\";','Drupal\\admin_toolbar_tools\\Plugin\\Menu\\MenuLinkEntity',_binary 'a:0:{}','admin_toolbar_tools',1,1,0,0,_binary 'a:2:{s:11:\"entity_type\";s:9:\"node_type\";s:9:\"entity_id\";s:9:\"novedades\";}',1,4,6,10,18,217,0,0,0,0,0,'Drupal\\Core\\Menu\\Form\\MenuLinkDefaultForm'),('admin',218,'admin_toolbar_tools.extra_links:entity.node.field_ui_fieldsnovedades','admin_toolbar_tools.extra_links:entity.node_type.edit_form.novedades','entity.node.field_ui_fields','node_type=novedades',_binary 'a:1:{s:9:\"node_type\";s:9:\"novedades\";}','',_binary 'O:48:\"Drupal\\Core\\StringTranslation\\TranslatableMarkup\":3:{s:9:\"\0*\0string\";s:13:\"Manage fields\";s:12:\"\0*\0arguments\";a:0:{}s:10:\"\0*\0options\";a:0:{}}',_binary 's:0:\"\";','Drupal\\Core\\Menu\\MenuLinkDefault',_binary 'a:0:{}','admin_toolbar_tools',1,1,0,1,_binary 'a:0:{}',0,5,6,10,18,217,218,0,0,0,0,'Drupal\\Core\\Menu\\Form\\MenuLinkDefaultForm'),('admin',219,'admin_toolbar_tools.extra_links:entity.entity_form_display.node.defaultnovedades','admin_toolbar_tools.extra_links:entity.node_type.edit_form.novedades','entity.entity_form_display.node.default','node_type=novedades',_binary 'a:1:{s:9:\"node_type\";s:9:\"novedades\";}','',_binary 'O:48:\"Drupal\\Core\\StringTranslation\\TranslatableMarkup\":3:{s:9:\"\0*\0string\";s:19:\"Manage form display\";s:12:\"\0*\0arguments\";a:0:{}s:10:\"\0*\0options\";a:0:{}}',_binary 's:0:\"\";','Drupal\\Core\\Menu\\MenuLinkDefault',_binary 'a:0:{}','admin_toolbar_tools',1,1,0,2,_binary 'a:0:{}',0,5,6,10,18,217,219,0,0,0,0,'Drupal\\Core\\Menu\\Form\\MenuLinkDefaultForm'),('admin',220,'admin_toolbar_tools.extra_links:entity.entity_view_display.node.default.novedades','admin_toolbar_tools.extra_links:entity.node_type.edit_form.novedades','entity.entity_view_display.node.default','node_type=novedades',_binary 'a:1:{s:9:\"node_type\";s:9:\"novedades\";}','',_binary 'O:48:\"Drupal\\Core\\StringTranslation\\TranslatableMarkup\":3:{s:9:\"\0*\0string\";s:14:\"Manage display\";s:12:\"\0*\0arguments\";a:0:{}s:10:\"\0*\0options\";a:0:{}}',_binary 's:0:\"\";','Drupal\\Core\\Menu\\MenuLinkDefault',_binary 'a:0:{}','admin_toolbar_tools',1,1,0,3,_binary 'a:0:{}',0,5,6,10,18,217,220,0,0,0,0,'Drupal\\Core\\Menu\\Form\\MenuLinkDefaultForm'),('admin',221,'admin_toolbar_tools.extra_links:entity.node_type.delete_form.novedades','admin_toolbar_tools.extra_links:entity.node_type.edit_form.novedades','entity.node_type.delete_form','node_type=novedades',_binary 'a:1:{s:9:\"node_type\";s:9:\"novedades\";}','',_binary 'O:48:\"Drupal\\Core\\StringTranslation\\TranslatableMarkup\":3:{s:9:\"\0*\0string\";s:6:\"Delete\";s:12:\"\0*\0arguments\";a:0:{}s:10:\"\0*\0options\";a:0:{}}',_binary 's:0:\"\";','Drupal\\Core\\Menu\\MenuLinkDefault',_binary 'a:0:{}','admin_toolbar_tools',1,1,0,5,_binary 'a:0:{}',0,5,6,10,18,217,221,0,0,0,0,'Drupal\\Core\\Menu\\Form\\MenuLinkDefaultForm'),('admin',222,'admin_toolbar_tools.extra_links:entity.node_type.edit_form.page','entity.node_type.collection','entity.node_type.edit_form','node_type=page',_binary 'a:1:{s:9:\"node_type\";s:4:\"page\";}','',_binary 's:0:\"\";',_binary 's:0:\"\";','Drupal\\admin_toolbar_tools\\Plugin\\Menu\\MenuLinkEntity',_binary 'a:0:{}','admin_toolbar_tools',1,1,0,0,_binary 'a:2:{s:11:\"entity_type\";s:9:\"node_type\";s:9:\"entity_id\";s:4:\"page\";}',1,4,6,10,18,222,0,0,0,0,0,'Drupal\\Core\\Menu\\Form\\MenuLinkDefaultForm'),('admin',223,'admin_toolbar_tools.extra_links:entity.node.field_ui_fieldspage','admin_toolbar_tools.extra_links:entity.node_type.edit_form.page','entity.node.field_ui_fields','node_type=page',_binary 'a:1:{s:9:\"node_type\";s:4:\"page\";}','',_binary 'O:48:\"Drupal\\Core\\StringTranslation\\TranslatableMarkup\":3:{s:9:\"\0*\0string\";s:13:\"Manage fields\";s:12:\"\0*\0arguments\";a:0:{}s:10:\"\0*\0options\";a:0:{}}',_binary 's:0:\"\";','Drupal\\Core\\Menu\\MenuLinkDefault',_binary 'a:0:{}','admin_toolbar_tools',1,1,0,1,_binary 'a:0:{}',0,5,6,10,18,222,223,0,0,0,0,'Drupal\\Core\\Menu\\Form\\MenuLinkDefaultForm'),('admin',224,'admin_toolbar_tools.extra_links:entity.entity_form_display.node.defaultpage','admin_toolbar_tools.extra_links:entity.node_type.edit_form.page','entity.entity_form_display.node.default','node_type=page',_binary 'a:1:{s:9:\"node_type\";s:4:\"page\";}','',_binary 'O:48:\"Drupal\\Core\\StringTranslation\\TranslatableMarkup\":3:{s:9:\"\0*\0string\";s:19:\"Manage form display\";s:12:\"\0*\0arguments\";a:0:{}s:10:\"\0*\0options\";a:0:{}}',_binary 's:0:\"\";','Drupal\\Core\\Menu\\MenuLinkDefault',_binary 'a:0:{}','admin_toolbar_tools',1,1,0,2,_binary 'a:0:{}',0,5,6,10,18,222,224,0,0,0,0,'Drupal\\Core\\Menu\\Form\\MenuLinkDefaultForm'),('admin',225,'admin_toolbar_tools.extra_links:entity.entity_view_display.node.default.page','admin_toolbar_tools.extra_links:entity.node_type.edit_form.page','entity.entity_view_display.node.default','node_type=page',_binary 'a:1:{s:9:\"node_type\";s:4:\"page\";}','',_binary 'O:48:\"Drupal\\Core\\StringTranslation\\TranslatableMarkup\":3:{s:9:\"\0*\0string\";s:14:\"Manage display\";s:12:\"\0*\0arguments\";a:0:{}s:10:\"\0*\0options\";a:0:{}}',_binary 's:0:\"\";','Drupal\\Core\\Menu\\MenuLinkDefault',_binary 'a:0:{}','admin_toolbar_tools',1,1,0,3,_binary 'a:0:{}',0,5,6,10,18,222,225,0,0,0,0,'Drupal\\Core\\Menu\\Form\\MenuLinkDefaultForm'),('admin',226,'admin_toolbar_tools.extra_links:entity.node_type.delete_form.page','admin_toolbar_tools.extra_links:entity.node_type.edit_form.page','entity.node_type.delete_form','node_type=page',_binary 'a:1:{s:9:\"node_type\";s:4:\"page\";}','',_binary 'O:48:\"Drupal\\Core\\StringTranslation\\TranslatableMarkup\":3:{s:9:\"\0*\0string\";s:6:\"Delete\";s:12:\"\0*\0arguments\";a:0:{}s:10:\"\0*\0options\";a:0:{}}',_binary 's:0:\"\";','Drupal\\Core\\Menu\\MenuLinkDefault',_binary 'a:0:{}','admin_toolbar_tools',1,1,0,5,_binary 'a:0:{}',0,5,6,10,18,222,226,0,0,0,0,'Drupal\\Core\\Menu\\Form\\MenuLinkDefaultForm'),('admin',227,'admin_toolbar_tools.extra_links:entity.node_type.edit_form.proyecto','entity.node_type.collection','entity.node_type.edit_form','node_type=proyecto',_binary 'a:1:{s:9:\"node_type\";s:8:\"proyecto\";}','',_binary 's:0:\"\";',_binary 's:0:\"\";','Drupal\\admin_toolbar_tools\\Plugin\\Menu\\MenuLinkEntity',_binary 'a:0:{}','admin_toolbar_tools',1,1,0,0,_binary 'a:2:{s:11:\"entity_type\";s:9:\"node_type\";s:9:\"entity_id\";s:8:\"proyecto\";}',1,4,6,10,18,227,0,0,0,0,0,'Drupal\\Core\\Menu\\Form\\MenuLinkDefaultForm'),('admin',228,'admin_toolbar_tools.extra_links:entity.node.field_ui_fieldsproyecto','admin_toolbar_tools.extra_links:entity.node_type.edit_form.proyecto','entity.node.field_ui_fields','node_type=proyecto',_binary 'a:1:{s:9:\"node_type\";s:8:\"proyecto\";}','',_binary 'O:48:\"Drupal\\Core\\StringTranslation\\TranslatableMarkup\":3:{s:9:\"\0*\0string\";s:13:\"Manage fields\";s:12:\"\0*\0arguments\";a:0:{}s:10:\"\0*\0options\";a:0:{}}',_binary 's:0:\"\";','Drupal\\Core\\Menu\\MenuLinkDefault',_binary 'a:0:{}','admin_toolbar_tools',1,1,0,1,_binary 'a:0:{}',0,5,6,10,18,227,228,0,0,0,0,'Drupal\\Core\\Menu\\Form\\MenuLinkDefaultForm'),('admin',229,'admin_toolbar_tools.extra_links:entity.entity_form_display.node.defaultproyecto','admin_toolbar_tools.extra_links:entity.node_type.edit_form.proyecto','entity.entity_form_display.node.default','node_type=proyecto',_binary 'a:1:{s:9:\"node_type\";s:8:\"proyecto\";}','',_binary 'O:48:\"Drupal\\Core\\StringTranslation\\TranslatableMarkup\":3:{s:9:\"\0*\0string\";s:19:\"Manage form display\";s:12:\"\0*\0arguments\";a:0:{}s:10:\"\0*\0options\";a:0:{}}',_binary 's:0:\"\";','Drupal\\Core\\Menu\\MenuLinkDefault',_binary 'a:0:{}','admin_toolbar_tools',1,1,0,2,_binary 'a:0:{}',0,5,6,10,18,227,229,0,0,0,0,'Drupal\\Core\\Menu\\Form\\MenuLinkDefaultForm'),('admin',230,'admin_toolbar_tools.extra_links:entity.entity_view_display.node.default.proyecto','admin_toolbar_tools.extra_links:entity.node_type.edit_form.proyecto','entity.entity_view_display.node.default','node_type=proyecto',_binary 'a:1:{s:9:\"node_type\";s:8:\"proyecto\";}','',_binary 'O:48:\"Drupal\\Core\\StringTranslation\\TranslatableMarkup\":3:{s:9:\"\0*\0string\";s:14:\"Manage display\";s:12:\"\0*\0arguments\";a:0:{}s:10:\"\0*\0options\";a:0:{}}',_binary 's:0:\"\";','Drupal\\Core\\Menu\\MenuLinkDefault',_binary 'a:0:{}','admin_toolbar_tools',1,1,0,3,_binary 'a:0:{}',0,5,6,10,18,227,230,0,0,0,0,'Drupal\\Core\\Menu\\Form\\MenuLinkDefaultForm'),('admin',231,'admin_toolbar_tools.extra_links:entity.node_type.delete_form.proyecto','admin_toolbar_tools.extra_links:entity.node_type.edit_form.proyecto','entity.node_type.delete_form','node_type=proyecto',_binary 'a:1:{s:9:\"node_type\";s:8:\"proyecto\";}','',_binary 'O:48:\"Drupal\\Core\\StringTranslation\\TranslatableMarkup\":3:{s:9:\"\0*\0string\";s:6:\"Delete\";s:12:\"\0*\0arguments\";a:0:{}s:10:\"\0*\0options\";a:0:{}}',_binary 's:0:\"\";','Drupal\\Core\\Menu\\MenuLinkDefault',_binary 'a:0:{}','admin_toolbar_tools',1,1,0,5,_binary 'a:0:{}',0,5,6,10,18,227,231,0,0,0,0,'Drupal\\Core\\Menu\\Form\\MenuLinkDefaultForm'),('admin',232,'admin_toolbar_tools.extra_links:entity.node_type.edit_form.proyecto_a_realizar','entity.node_type.collection','entity.node_type.edit_form','node_type=proyecto_a_realizar',_binary 'a:1:{s:9:\"node_type\";s:19:\"proyecto_a_realizar\";}','',_binary 's:0:\"\";',_binary 's:0:\"\";','Drupal\\admin_toolbar_tools\\Plugin\\Menu\\MenuLinkEntity',_binary 'a:0:{}','admin_toolbar_tools',1,1,0,0,_binary 'a:2:{s:11:\"entity_type\";s:9:\"node_type\";s:9:\"entity_id\";s:19:\"proyecto_a_realizar\";}',1,4,6,10,18,232,0,0,0,0,0,'Drupal\\Core\\Menu\\Form\\MenuLinkDefaultForm'),('admin',233,'admin_toolbar_tools.extra_links:entity.node.field_ui_fieldsproyecto_a_realizar','admin_toolbar_tools.extra_links:entity.node_type.edit_form.proyecto_a_realizar','entity.node.field_ui_fields','node_type=proyecto_a_realizar',_binary 'a:1:{s:9:\"node_type\";s:19:\"proyecto_a_realizar\";}','',_binary 'O:48:\"Drupal\\Core\\StringTranslation\\TranslatableMarkup\":3:{s:9:\"\0*\0string\";s:13:\"Manage fields\";s:12:\"\0*\0arguments\";a:0:{}s:10:\"\0*\0options\";a:0:{}}',_binary 's:0:\"\";','Drupal\\Core\\Menu\\MenuLinkDefault',_binary 'a:0:{}','admin_toolbar_tools',1,1,0,1,_binary 'a:0:{}',0,5,6,10,18,232,233,0,0,0,0,'Drupal\\Core\\Menu\\Form\\MenuLinkDefaultForm'),('admin',234,'admin_toolbar_tools.extra_links:entity.entity_form_display.node.defaultproyecto_a_realizar','admin_toolbar_tools.extra_links:entity.node_type.edit_form.proyecto_a_realizar','entity.entity_form_display.node.default','node_type=proyecto_a_realizar',_binary 'a:1:{s:9:\"node_type\";s:19:\"proyecto_a_realizar\";}','',_binary 'O:48:\"Drupal\\Core\\StringTranslation\\TranslatableMarkup\":3:{s:9:\"\0*\0string\";s:19:\"Manage form display\";s:12:\"\0*\0arguments\";a:0:{}s:10:\"\0*\0options\";a:0:{}}',_binary 's:0:\"\";','Drupal\\Core\\Menu\\MenuLinkDefault',_binary 'a:0:{}','admin_toolbar_tools',1,1,0,2,_binary 'a:0:{}',0,5,6,10,18,232,234,0,0,0,0,'Drupal\\Core\\Menu\\Form\\MenuLinkDefaultForm'),('admin',235,'admin_toolbar_tools.extra_links:entity.entity_view_display.node.default.proyecto_a_realizar','admin_toolbar_tools.extra_links:entity.node_type.edit_form.proyecto_a_realizar','entity.entity_view_display.node.default','node_type=proyecto_a_realizar',_binary 'a:1:{s:9:\"node_type\";s:19:\"proyecto_a_realizar\";}','',_binary 'O:48:\"Drupal\\Core\\StringTranslation\\TranslatableMarkup\":3:{s:9:\"\0*\0string\";s:14:\"Manage display\";s:12:\"\0*\0arguments\";a:0:{}s:10:\"\0*\0options\";a:0:{}}',_binary 's:0:\"\";','Drupal\\Core\\Menu\\MenuLinkDefault',_binary 'a:0:{}','admin_toolbar_tools',1,1,0,3,_binary 'a:0:{}',0,5,6,10,18,232,235,0,0,0,0,'Drupal\\Core\\Menu\\Form\\MenuLinkDefaultForm'),('admin',236,'admin_toolbar_tools.extra_links:entity.node_type.delete_form.proyecto_a_realizar','admin_toolbar_tools.extra_links:entity.node_type.edit_form.proyecto_a_realizar','entity.node_type.delete_form','node_type=proyecto_a_realizar',_binary 'a:1:{s:9:\"node_type\";s:19:\"proyecto_a_realizar\";}','',_binary 'O:48:\"Drupal\\Core\\StringTranslation\\TranslatableMarkup\":3:{s:9:\"\0*\0string\";s:6:\"Delete\";s:12:\"\0*\0arguments\";a:0:{}s:10:\"\0*\0options\";a:0:{}}',_binary 's:0:\"\";','Drupal\\Core\\Menu\\MenuLinkDefault',_binary 'a:0:{}','admin_toolbar_tools',1,1,0,5,_binary 'a:0:{}',0,5,6,10,18,232,236,0,0,0,0,'Drupal\\Core\\Menu\\Form\\MenuLinkDefaultForm'),('admin',237,'admin_toolbar_tools.extra_links:entity.node_type.edit_form.registro_de_organizacion','entity.node_type.collection','entity.node_type.edit_form','node_type=registro_de_organizacion',_binary 'a:1:{s:9:\"node_type\";s:24:\"registro_de_organizacion\";}','',_binary 's:0:\"\";',_binary 's:0:\"\";','Drupal\\admin_toolbar_tools\\Plugin\\Menu\\MenuLinkEntity',_binary 'a:0:{}','admin_toolbar_tools',1,1,0,0,_binary 'a:2:{s:11:\"entity_type\";s:9:\"node_type\";s:9:\"entity_id\";s:24:\"registro_de_organizacion\";}',1,4,6,10,18,237,0,0,0,0,0,'Drupal\\Core\\Menu\\Form\\MenuLinkDefaultForm'),('admin',238,'admin_toolbar_tools.extra_links:entity.node.field_ui_fieldsregistro_de_organizacion','admin_toolbar_tools.extra_links:entity.node_type.edit_form.registro_de_organizacion','entity.node.field_ui_fields','node_type=registro_de_organizacion',_binary 'a:1:{s:9:\"node_type\";s:24:\"registro_de_organizacion\";}','',_binary 'O:48:\"Drupal\\Core\\StringTranslation\\TranslatableMarkup\":3:{s:9:\"\0*\0string\";s:13:\"Manage fields\";s:12:\"\0*\0arguments\";a:0:{}s:10:\"\0*\0options\";a:0:{}}',_binary 's:0:\"\";','Drupal\\Core\\Menu\\MenuLinkDefault',_binary 'a:0:{}','admin_toolbar_tools',1,1,0,1,_binary 'a:0:{}',0,5,6,10,18,237,238,0,0,0,0,'Drupal\\Core\\Menu\\Form\\MenuLinkDefaultForm'),('admin',239,'admin_toolbar_tools.extra_links:entity.entity_form_display.node.defaultregistro_de_organizacion','admin_toolbar_tools.extra_links:entity.node_type.edit_form.registro_de_organizacion','entity.entity_form_display.node.default','node_type=registro_de_organizacion',_binary 'a:1:{s:9:\"node_type\";s:24:\"registro_de_organizacion\";}','',_binary 'O:48:\"Drupal\\Core\\StringTranslation\\TranslatableMarkup\":3:{s:9:\"\0*\0string\";s:19:\"Manage form display\";s:12:\"\0*\0arguments\";a:0:{}s:10:\"\0*\0options\";a:0:{}}',_binary 's:0:\"\";','Drupal\\Core\\Menu\\MenuLinkDefault',_binary 'a:0:{}','admin_toolbar_tools',1,1,0,2,_binary 'a:0:{}',0,5,6,10,18,237,239,0,0,0,0,'Drupal\\Core\\Menu\\Form\\MenuLinkDefaultForm'),('admin',240,'admin_toolbar_tools.extra_links:entity.entity_view_display.node.default.registro_de_organizacion','admin_toolbar_tools.extra_links:entity.node_type.edit_form.registro_de_organizacion','entity.entity_view_display.node.default','node_type=registro_de_organizacion',_binary 'a:1:{s:9:\"node_type\";s:24:\"registro_de_organizacion\";}','',_binary 'O:48:\"Drupal\\Core\\StringTranslation\\TranslatableMarkup\":3:{s:9:\"\0*\0string\";s:14:\"Manage display\";s:12:\"\0*\0arguments\";a:0:{}s:10:\"\0*\0options\";a:0:{}}',_binary 's:0:\"\";','Drupal\\Core\\Menu\\MenuLinkDefault',_binary 'a:0:{}','admin_toolbar_tools',1,1,0,3,_binary 'a:0:{}',0,5,6,10,18,237,240,0,0,0,0,'Drupal\\Core\\Menu\\Form\\MenuLinkDefaultForm'),('admin',241,'admin_toolbar_tools.extra_links:entity.node_type.delete_form.registro_de_organizacion','admin_toolbar_tools.extra_links:entity.node_type.edit_form.registro_de_organizacion','entity.node_type.delete_form','node_type=registro_de_organizacion',_binary 'a:1:{s:9:\"node_type\";s:24:\"registro_de_organizacion\";}','',_binary 'O:48:\"Drupal\\Core\\StringTranslation\\TranslatableMarkup\":3:{s:9:\"\0*\0string\";s:6:\"Delete\";s:12:\"\0*\0arguments\";a:0:{}s:10:\"\0*\0options\";a:0:{}}',_binary 's:0:\"\";','Drupal\\Core\\Menu\\MenuLinkDefault',_binary 'a:0:{}','admin_toolbar_tools',1,1,0,5,_binary 'a:0:{}',0,5,6,10,18,237,241,0,0,0,0,'Drupal\\Core\\Menu\\Form\\MenuLinkDefaultForm'),('admin',242,'admin_toolbar_tools.extra_links:entity.node_type.edit_form.slides','entity.node_type.collection','entity.node_type.edit_form','node_type=slides',_binary 'a:1:{s:9:\"node_type\";s:6:\"slides\";}','',_binary 's:0:\"\";',_binary 's:0:\"\";','Drupal\\admin_toolbar_tools\\Plugin\\Menu\\MenuLinkEntity',_binary 'a:0:{}','admin_toolbar_tools',1,1,0,0,_binary 'a:2:{s:11:\"entity_type\";s:9:\"node_type\";s:9:\"entity_id\";s:6:\"slides\";}',1,4,6,10,18,242,0,0,0,0,0,'Drupal\\Core\\Menu\\Form\\MenuLinkDefaultForm'),('admin',243,'admin_toolbar_tools.extra_links:entity.node.field_ui_fieldsslides','admin_toolbar_tools.extra_links:entity.node_type.edit_form.slides','entity.node.field_ui_fields','node_type=slides',_binary 'a:1:{s:9:\"node_type\";s:6:\"slides\";}','',_binary 'O:48:\"Drupal\\Core\\StringTranslation\\TranslatableMarkup\":3:{s:9:\"\0*\0string\";s:13:\"Manage fields\";s:12:\"\0*\0arguments\";a:0:{}s:10:\"\0*\0options\";a:0:{}}',_binary 's:0:\"\";','Drupal\\Core\\Menu\\MenuLinkDefault',_binary 'a:0:{}','admin_toolbar_tools',1,1,0,1,_binary 'a:0:{}',0,5,6,10,18,242,243,0,0,0,0,'Drupal\\Core\\Menu\\Form\\MenuLinkDefaultForm'),('admin',244,'admin_toolbar_tools.extra_links:entity.entity_form_display.node.defaultslides','admin_toolbar_tools.extra_links:entity.node_type.edit_form.slides','entity.entity_form_display.node.default','node_type=slides',_binary 'a:1:{s:9:\"node_type\";s:6:\"slides\";}','',_binary 'O:48:\"Drupal\\Core\\StringTranslation\\TranslatableMarkup\":3:{s:9:\"\0*\0string\";s:19:\"Manage form display\";s:12:\"\0*\0arguments\";a:0:{}s:10:\"\0*\0options\";a:0:{}}',_binary 's:0:\"\";','Drupal\\Core\\Menu\\MenuLinkDefault',_binary 'a:0:{}','admin_toolbar_tools',1,1,0,2,_binary 'a:0:{}',0,5,6,10,18,242,244,0,0,0,0,'Drupal\\Core\\Menu\\Form\\MenuLinkDefaultForm'),('admin',245,'admin_toolbar_tools.extra_links:entity.entity_view_display.node.default.slides','admin_toolbar_tools.extra_links:entity.node_type.edit_form.slides','entity.entity_view_display.node.default','node_type=slides',_binary 'a:1:{s:9:\"node_type\";s:6:\"slides\";}','',_binary 'O:48:\"Drupal\\Core\\StringTranslation\\TranslatableMarkup\":3:{s:9:\"\0*\0string\";s:14:\"Manage display\";s:12:\"\0*\0arguments\";a:0:{}s:10:\"\0*\0options\";a:0:{}}',_binary 's:0:\"\";','Drupal\\Core\\Menu\\MenuLinkDefault',_binary 'a:0:{}','admin_toolbar_tools',1,1,0,3,_binary 'a:0:{}',0,5,6,10,18,242,245,0,0,0,0,'Drupal\\Core\\Menu\\Form\\MenuLinkDefaultForm'),('admin',246,'admin_toolbar_tools.extra_links:entity.node_type.delete_form.slides','admin_toolbar_tools.extra_links:entity.node_type.edit_form.slides','entity.node_type.delete_form','node_type=slides',_binary 'a:1:{s:9:\"node_type\";s:6:\"slides\";}','',_binary 'O:48:\"Drupal\\Core\\StringTranslation\\TranslatableMarkup\":3:{s:9:\"\0*\0string\";s:6:\"Delete\";s:12:\"\0*\0arguments\";a:0:{}s:10:\"\0*\0options\";a:0:{}}',_binary 's:0:\"\";','Drupal\\Core\\Menu\\MenuLinkDefault',_binary 'a:0:{}','admin_toolbar_tools',1,1,0,5,_binary 'a:0:{}',0,5,6,10,18,242,246,0,0,0,0,'Drupal\\Core\\Menu\\Form\\MenuLinkDefaultForm'),('admin',247,'admin_toolbar_tools.extra_links:node.type_add','entity.node_type.collection','node.type_add','',_binary 'a:0:{}','',_binary 'O:48:\"Drupal\\Core\\StringTranslation\\TranslatableMarkup\":3:{s:9:\"\0*\0string\";s:16:\"Add content type\";s:12:\"\0*\0arguments\";a:0:{}s:10:\"\0*\0options\";a:0:{}}',_binary 's:0:\"\";','Drupal\\Core\\Menu\\MenuLinkDefault',_binary 'a:0:{}','admin_toolbar_tools',1,1,0,-2,_binary 'a:0:{}',0,4,6,10,18,247,0,0,0,0,0,'Drupal\\Core\\Menu\\Form\\MenuLinkDefaultForm'),('admin',248,'admin_toolbar_tools.extra_links:entity.taxonomy_vocabulary.overview_form.alcance','entity.taxonomy_vocabulary.collection','entity.taxonomy_vocabulary.overview_form','taxonomy_vocabulary=alcance',_binary 'a:1:{s:19:\"taxonomy_vocabulary\";s:7:\"alcance\";}','',_binary 's:0:\"\";',_binary 's:0:\"\";','Drupal\\admin_toolbar_tools\\Plugin\\Menu\\MenuLinkEntity',_binary 'a:0:{}','admin_toolbar_tools',1,1,0,0,_binary 'a:2:{s:11:\"entity_type\";s:19:\"taxonomy_vocabulary\";s:9:\"entity_id\";s:7:\"alcance\";}',1,4,6,10,19,248,0,0,0,0,0,'Drupal\\Core\\Menu\\Form\\MenuLinkDefaultForm'),('admin',249,'admin_toolbar_tools.extra_links:entity.taxonomy_vocabulary.edit_form.alcance','admin_toolbar_tools.extra_links:entity.taxonomy_vocabulary.overview_form.alcance','entity.taxonomy_vocabulary.edit_form','taxonomy_vocabulary=alcance',_binary 'a:1:{s:19:\"taxonomy_vocabulary\";s:7:\"alcance\";}','',_binary 'O:48:\"Drupal\\Core\\StringTranslation\\TranslatableMarkup\":3:{s:9:\"\0*\0string\";s:4:\"Edit\";s:12:\"\0*\0arguments\";a:0:{}s:10:\"\0*\0options\";a:0:{}}',_binary 's:0:\"\";','Drupal\\Core\\Menu\\MenuLinkDefault',_binary 'a:0:{}','admin_toolbar_tools',1,1,0,0,_binary 'a:0:{}',0,5,6,10,19,248,249,0,0,0,0,'Drupal\\Core\\Menu\\Form\\MenuLinkDefaultForm'),('admin',250,'admin_toolbar_tools.extra_links:entity.taxonomy_term.field_ui_fieldsalcance','admin_toolbar_tools.extra_links:entity.taxonomy_vocabulary.overview_form.alcance','entity.taxonomy_term.field_ui_fields','taxonomy_vocabulary=alcance',_binary 'a:1:{s:19:\"taxonomy_vocabulary\";s:7:\"alcance\";}','',_binary 'O:48:\"Drupal\\Core\\StringTranslation\\TranslatableMarkup\":3:{s:9:\"\0*\0string\";s:13:\"Manage fields\";s:12:\"\0*\0arguments\";a:0:{}s:10:\"\0*\0options\";a:0:{}}',_binary 's:0:\"\";','Drupal\\Core\\Menu\\MenuLinkDefault',_binary 'a:0:{}','admin_toolbar_tools',1,1,0,1,_binary 'a:0:{}',0,5,6,10,19,248,250,0,0,0,0,'Drupal\\Core\\Menu\\Form\\MenuLinkDefaultForm'),('admin',251,'admin_toolbar_tools.extra_links:entity.entity_form_display.taxonomy_term.defaultalcance','admin_toolbar_tools.extra_links:entity.taxonomy_vocabulary.overview_form.alcance','entity.entity_form_display.taxonomy_term.default','taxonomy_vocabulary=alcance',_binary 'a:1:{s:19:\"taxonomy_vocabulary\";s:7:\"alcance\";}','',_binary 'O:48:\"Drupal\\Core\\StringTranslation\\TranslatableMarkup\":3:{s:9:\"\0*\0string\";s:19:\"Manage form display\";s:12:\"\0*\0arguments\";a:0:{}s:10:\"\0*\0options\";a:0:{}}',_binary 's:0:\"\";','Drupal\\Core\\Menu\\MenuLinkDefault',_binary 'a:0:{}','admin_toolbar_tools',1,1,0,2,_binary 'a:0:{}',0,5,6,10,19,248,251,0,0,0,0,'Drupal\\Core\\Menu\\Form\\MenuLinkDefaultForm'),('admin',252,'admin_toolbar_tools.extra_links:entity.entity_view_display.taxonomy_term.default.alcance','admin_toolbar_tools.extra_links:entity.taxonomy_vocabulary.overview_form.alcance','entity.entity_view_display.taxonomy_term.default','taxonomy_vocabulary=alcance',_binary 'a:1:{s:19:\"taxonomy_vocabulary\";s:7:\"alcance\";}','',_binary 'O:48:\"Drupal\\Core\\StringTranslation\\TranslatableMarkup\":3:{s:9:\"\0*\0string\";s:14:\"Manage display\";s:12:\"\0*\0arguments\";a:0:{}s:10:\"\0*\0options\";a:0:{}}',_binary 's:0:\"\";','Drupal\\Core\\Menu\\MenuLinkDefault',_binary 'a:0:{}','admin_toolbar_tools',1,1,0,3,_binary 'a:0:{}',0,5,6,10,19,248,252,0,0,0,0,'Drupal\\Core\\Menu\\Form\\MenuLinkDefaultForm'),('admin',253,'admin_toolbar_tools.extra_links:entity.taxonomy_vocabulary.delete_form.alcance','admin_toolbar_tools.extra_links:entity.taxonomy_vocabulary.overview_form.alcance','entity.taxonomy_vocabulary.delete_form','taxonomy_vocabulary=alcance',_binary 'a:1:{s:19:\"taxonomy_vocabulary\";s:7:\"alcance\";}','',_binary 'O:48:\"Drupal\\Core\\StringTranslation\\TranslatableMarkup\":3:{s:9:\"\0*\0string\";s:6:\"Delete\";s:12:\"\0*\0arguments\";a:0:{}s:10:\"\0*\0options\";a:0:{}}',_binary 's:0:\"\";','Drupal\\Core\\Menu\\MenuLinkDefault',_binary 'a:0:{}','admin_toolbar_tools',1,1,0,5,_binary 'a:0:{}',0,5,6,10,19,248,253,0,0,0,0,'Drupal\\Core\\Menu\\Form\\MenuLinkDefaultForm'),('admin',254,'admin_toolbar_tools.extra_links:entity.taxonomy_vocabulary.overview_form.areas_tematicas','entity.taxonomy_vocabulary.collection','entity.taxonomy_vocabulary.overview_form','taxonomy_vocabulary=areas_tematicas',_binary 'a:1:{s:19:\"taxonomy_vocabulary\";s:15:\"areas_tematicas\";}','',_binary 's:0:\"\";',_binary 's:0:\"\";','Drupal\\admin_toolbar_tools\\Plugin\\Menu\\MenuLinkEntity',_binary 'a:0:{}','admin_toolbar_tools',1,1,0,0,_binary 'a:2:{s:11:\"entity_type\";s:19:\"taxonomy_vocabulary\";s:9:\"entity_id\";s:15:\"areas_tematicas\";}',1,4,6,10,19,254,0,0,0,0,0,'Drupal\\Core\\Menu\\Form\\MenuLinkDefaultForm'),('admin',255,'admin_toolbar_tools.extra_links:entity.taxonomy_vocabulary.edit_form.areas_tematicas','admin_toolbar_tools.extra_links:entity.taxonomy_vocabulary.overview_form.areas_tematicas','entity.taxonomy_vocabulary.edit_form','taxonomy_vocabulary=areas_tematicas',_binary 'a:1:{s:19:\"taxonomy_vocabulary\";s:15:\"areas_tematicas\";}','',_binary 'O:48:\"Drupal\\Core\\StringTranslation\\TranslatableMarkup\":3:{s:9:\"\0*\0string\";s:4:\"Edit\";s:12:\"\0*\0arguments\";a:0:{}s:10:\"\0*\0options\";a:0:{}}',_binary 's:0:\"\";','Drupal\\Core\\Menu\\MenuLinkDefault',_binary 'a:0:{}','admin_toolbar_tools',1,1,0,0,_binary 'a:0:{}',0,5,6,10,19,254,255,0,0,0,0,'Drupal\\Core\\Menu\\Form\\MenuLinkDefaultForm'),('admin',256,'admin_toolbar_tools.extra_links:entity.taxonomy_term.field_ui_fieldsareas_tematicas','admin_toolbar_tools.extra_links:entity.taxonomy_vocabulary.overview_form.areas_tematicas','entity.taxonomy_term.field_ui_fields','taxonomy_vocabulary=areas_tematicas',_binary 'a:1:{s:19:\"taxonomy_vocabulary\";s:15:\"areas_tematicas\";}','',_binary 'O:48:\"Drupal\\Core\\StringTranslation\\TranslatableMarkup\":3:{s:9:\"\0*\0string\";s:13:\"Manage fields\";s:12:\"\0*\0arguments\";a:0:{}s:10:\"\0*\0options\";a:0:{}}',_binary 's:0:\"\";','Drupal\\Core\\Menu\\MenuLinkDefault',_binary 'a:0:{}','admin_toolbar_tools',1,1,0,1,_binary 'a:0:{}',0,5,6,10,19,254,256,0,0,0,0,'Drupal\\Core\\Menu\\Form\\MenuLinkDefaultForm'),('admin',257,'admin_toolbar_tools.extra_links:entity.entity_form_display.taxonomy_term.defaultareas_tematicas','admin_toolbar_tools.extra_links:entity.taxonomy_vocabulary.overview_form.areas_tematicas','entity.entity_form_display.taxonomy_term.default','taxonomy_vocabulary=areas_tematicas',_binary 'a:1:{s:19:\"taxonomy_vocabulary\";s:15:\"areas_tematicas\";}','',_binary 'O:48:\"Drupal\\Core\\StringTranslation\\TranslatableMarkup\":3:{s:9:\"\0*\0string\";s:19:\"Manage form display\";s:12:\"\0*\0arguments\";a:0:{}s:10:\"\0*\0options\";a:0:{}}',_binary 's:0:\"\";','Drupal\\Core\\Menu\\MenuLinkDefault',_binary 'a:0:{}','admin_toolbar_tools',1,1,0,2,_binary 'a:0:{}',0,5,6,10,19,254,257,0,0,0,0,'Drupal\\Core\\Menu\\Form\\MenuLinkDefaultForm'),('admin',258,'admin_toolbar_tools.extra_links:entity.entity_view_display.taxonomy_term.default.areas_tematicas','admin_toolbar_tools.extra_links:entity.taxonomy_vocabulary.overview_form.areas_tematicas','entity.entity_view_display.taxonomy_term.default','taxonomy_vocabulary=areas_tematicas',_binary 'a:1:{s:19:\"taxonomy_vocabulary\";s:15:\"areas_tematicas\";}','',_binary 'O:48:\"Drupal\\Core\\StringTranslation\\TranslatableMarkup\":3:{s:9:\"\0*\0string\";s:14:\"Manage display\";s:12:\"\0*\0arguments\";a:0:{}s:10:\"\0*\0options\";a:0:{}}',_binary 's:0:\"\";','Drupal\\Core\\Menu\\MenuLinkDefault',_binary 'a:0:{}','admin_toolbar_tools',1,1,0,3,_binary 'a:0:{}',0,5,6,10,19,254,258,0,0,0,0,'Drupal\\Core\\Menu\\Form\\MenuLinkDefaultForm'),('admin',259,'admin_toolbar_tools.extra_links:entity.taxonomy_vocabulary.delete_form.areas_tematicas','admin_toolbar_tools.extra_links:entity.taxonomy_vocabulary.overview_form.areas_tematicas','entity.taxonomy_vocabulary.delete_form','taxonomy_vocabulary=areas_tematicas',_binary 'a:1:{s:19:\"taxonomy_vocabulary\";s:15:\"areas_tematicas\";}','',_binary 'O:48:\"Drupal\\Core\\StringTranslation\\TranslatableMarkup\":3:{s:9:\"\0*\0string\";s:6:\"Delete\";s:12:\"\0*\0arguments\";a:0:{}s:10:\"\0*\0options\";a:0:{}}',_binary 's:0:\"\";','Drupal\\Core\\Menu\\MenuLinkDefault',_binary 'a:0:{}','admin_toolbar_tools',1,1,0,5,_binary 'a:0:{}',0,5,6,10,19,254,259,0,0,0,0,'Drupal\\Core\\Menu\\Form\\MenuLinkDefaultForm'),('admin',260,'admin_toolbar_tools.extra_links:entity.taxonomy_vocabulary.overview_form.conocimiento','entity.taxonomy_vocabulary.collection','entity.taxonomy_vocabulary.overview_form','taxonomy_vocabulary=conocimiento',_binary 'a:1:{s:19:\"taxonomy_vocabulary\";s:12:\"conocimiento\";}','',_binary 's:0:\"\";',_binary 's:0:\"\";','Drupal\\admin_toolbar_tools\\Plugin\\Menu\\MenuLinkEntity',_binary 'a:0:{}','admin_toolbar_tools',1,1,0,0,_binary 'a:2:{s:11:\"entity_type\";s:19:\"taxonomy_vocabulary\";s:9:\"entity_id\";s:12:\"conocimiento\";}',1,4,6,10,19,260,0,0,0,0,0,'Drupal\\Core\\Menu\\Form\\MenuLinkDefaultForm'),('admin',261,'admin_toolbar_tools.extra_links:entity.taxonomy_vocabulary.edit_form.conocimiento','admin_toolbar_tools.extra_links:entity.taxonomy_vocabulary.overview_form.conocimiento','entity.taxonomy_vocabulary.edit_form','taxonomy_vocabulary=conocimiento',_binary 'a:1:{s:19:\"taxonomy_vocabulary\";s:12:\"conocimiento\";}','',_binary 'O:48:\"Drupal\\Core\\StringTranslation\\TranslatableMarkup\":3:{s:9:\"\0*\0string\";s:4:\"Edit\";s:12:\"\0*\0arguments\";a:0:{}s:10:\"\0*\0options\";a:0:{}}',_binary 's:0:\"\";','Drupal\\Core\\Menu\\MenuLinkDefault',_binary 'a:0:{}','admin_toolbar_tools',1,1,0,0,_binary 'a:0:{}',0,5,6,10,19,260,261,0,0,0,0,'Drupal\\Core\\Menu\\Form\\MenuLinkDefaultForm'),('admin',262,'admin_toolbar_tools.extra_links:entity.taxonomy_term.field_ui_fieldsconocimiento','admin_toolbar_tools.extra_links:entity.taxonomy_vocabulary.overview_form.conocimiento','entity.taxonomy_term.field_ui_fields','taxonomy_vocabulary=conocimiento',_binary 'a:1:{s:19:\"taxonomy_vocabulary\";s:12:\"conocimiento\";}','',_binary 'O:48:\"Drupal\\Core\\StringTranslation\\TranslatableMarkup\":3:{s:9:\"\0*\0string\";s:13:\"Manage fields\";s:12:\"\0*\0arguments\";a:0:{}s:10:\"\0*\0options\";a:0:{}}',_binary 's:0:\"\";','Drupal\\Core\\Menu\\MenuLinkDefault',_binary 'a:0:{}','admin_toolbar_tools',1,1,0,1,_binary 'a:0:{}',0,5,6,10,19,260,262,0,0,0,0,'Drupal\\Core\\Menu\\Form\\MenuLinkDefaultForm'),('admin',263,'admin_toolbar_tools.extra_links:entity.entity_form_display.taxonomy_term.defaultconocimiento','admin_toolbar_tools.extra_links:entity.taxonomy_vocabulary.overview_form.conocimiento','entity.entity_form_display.taxonomy_term.default','taxonomy_vocabulary=conocimiento',_binary 'a:1:{s:19:\"taxonomy_vocabulary\";s:12:\"conocimiento\";}','',_binary 'O:48:\"Drupal\\Core\\StringTranslation\\TranslatableMarkup\":3:{s:9:\"\0*\0string\";s:19:\"Manage form display\";s:12:\"\0*\0arguments\";a:0:{}s:10:\"\0*\0options\";a:0:{}}',_binary 's:0:\"\";','Drupal\\Core\\Menu\\MenuLinkDefault',_binary 'a:0:{}','admin_toolbar_tools',1,1,0,2,_binary 'a:0:{}',0,5,6,10,19,260,263,0,0,0,0,'Drupal\\Core\\Menu\\Form\\MenuLinkDefaultForm'),('admin',264,'admin_toolbar_tools.extra_links:entity.entity_view_display.taxonomy_term.default.conocimiento','admin_toolbar_tools.extra_links:entity.taxonomy_vocabulary.overview_form.conocimiento','entity.entity_view_display.taxonomy_term.default','taxonomy_vocabulary=conocimiento',_binary 'a:1:{s:19:\"taxonomy_vocabulary\";s:12:\"conocimiento\";}','',_binary 'O:48:\"Drupal\\Core\\StringTranslation\\TranslatableMarkup\":3:{s:9:\"\0*\0string\";s:14:\"Manage display\";s:12:\"\0*\0arguments\";a:0:{}s:10:\"\0*\0options\";a:0:{}}',_binary 's:0:\"\";','Drupal\\Core\\Menu\\MenuLinkDefault',_binary 'a:0:{}','admin_toolbar_tools',1,1,0,3,_binary 'a:0:{}',0,5,6,10,19,260,264,0,0,0,0,'Drupal\\Core\\Menu\\Form\\MenuLinkDefaultForm'),('admin',265,'admin_toolbar_tools.extra_links:entity.taxonomy_vocabulary.delete_form.conocimiento','admin_toolbar_tools.extra_links:entity.taxonomy_vocabulary.overview_form.conocimiento','entity.taxonomy_vocabulary.delete_form','taxonomy_vocabulary=conocimiento',_binary 'a:1:{s:19:\"taxonomy_vocabulary\";s:12:\"conocimiento\";}','',_binary 'O:48:\"Drupal\\Core\\StringTranslation\\TranslatableMarkup\":3:{s:9:\"\0*\0string\";s:6:\"Delete\";s:12:\"\0*\0arguments\";a:0:{}s:10:\"\0*\0options\";a:0:{}}',_binary 's:0:\"\";','Drupal\\Core\\Menu\\MenuLinkDefault',_binary 'a:0:{}','admin_toolbar_tools',1,1,0,5,_binary 'a:0:{}',0,5,6,10,19,260,265,0,0,0,0,'Drupal\\Core\\Menu\\Form\\MenuLinkDefaultForm'),('admin',266,'admin_toolbar_tools.extra_links:entity.taxonomy_vocabulary.overview_form.equipamiento','entity.taxonomy_vocabulary.collection','entity.taxonomy_vocabulary.overview_form','taxonomy_vocabulary=equipamiento',_binary 'a:1:{s:19:\"taxonomy_vocabulary\";s:12:\"equipamiento\";}','',_binary 's:0:\"\";',_binary 's:0:\"\";','Drupal\\admin_toolbar_tools\\Plugin\\Menu\\MenuLinkEntity',_binary 'a:0:{}','admin_toolbar_tools',1,1,0,0,_binary 'a:2:{s:11:\"entity_type\";s:19:\"taxonomy_vocabulary\";s:9:\"entity_id\";s:12:\"equipamiento\";}',1,4,6,10,19,266,0,0,0,0,0,'Drupal\\Core\\Menu\\Form\\MenuLinkDefaultForm'),('admin',267,'admin_toolbar_tools.extra_links:entity.taxonomy_vocabulary.edit_form.equipamiento','admin_toolbar_tools.extra_links:entity.taxonomy_vocabulary.overview_form.equipamiento','entity.taxonomy_vocabulary.edit_form','taxonomy_vocabulary=equipamiento',_binary 'a:1:{s:19:\"taxonomy_vocabulary\";s:12:\"equipamiento\";}','',_binary 'O:48:\"Drupal\\Core\\StringTranslation\\TranslatableMarkup\":3:{s:9:\"\0*\0string\";s:4:\"Edit\";s:12:\"\0*\0arguments\";a:0:{}s:10:\"\0*\0options\";a:0:{}}',_binary 's:0:\"\";','Drupal\\Core\\Menu\\MenuLinkDefault',_binary 'a:0:{}','admin_toolbar_tools',1,1,0,0,_binary 'a:0:{}',0,5,6,10,19,266,267,0,0,0,0,'Drupal\\Core\\Menu\\Form\\MenuLinkDefaultForm'),('admin',268,'admin_toolbar_tools.extra_links:entity.taxonomy_term.field_ui_fieldsequipamiento','admin_toolbar_tools.extra_links:entity.taxonomy_vocabulary.overview_form.equipamiento','entity.taxonomy_term.field_ui_fields','taxonomy_vocabulary=equipamiento',_binary 'a:1:{s:19:\"taxonomy_vocabulary\";s:12:\"equipamiento\";}','',_binary 'O:48:\"Drupal\\Core\\StringTranslation\\TranslatableMarkup\":3:{s:9:\"\0*\0string\";s:13:\"Manage fields\";s:12:\"\0*\0arguments\";a:0:{}s:10:\"\0*\0options\";a:0:{}}',_binary 's:0:\"\";','Drupal\\Core\\Menu\\MenuLinkDefault',_binary 'a:0:{}','admin_toolbar_tools',1,1,0,1,_binary 'a:0:{}',0,5,6,10,19,266,268,0,0,0,0,'Drupal\\Core\\Menu\\Form\\MenuLinkDefaultForm'),('admin',269,'admin_toolbar_tools.extra_links:entity.entity_form_display.taxonomy_term.defaultequipamiento','admin_toolbar_tools.extra_links:entity.taxonomy_vocabulary.overview_form.equipamiento','entity.entity_form_display.taxonomy_term.default','taxonomy_vocabulary=equipamiento',_binary 'a:1:{s:19:\"taxonomy_vocabulary\";s:12:\"equipamiento\";}','',_binary 'O:48:\"Drupal\\Core\\StringTranslation\\TranslatableMarkup\":3:{s:9:\"\0*\0string\";s:19:\"Manage form display\";s:12:\"\0*\0arguments\";a:0:{}s:10:\"\0*\0options\";a:0:{}}',_binary 's:0:\"\";','Drupal\\Core\\Menu\\MenuLinkDefault',_binary 'a:0:{}','admin_toolbar_tools',1,1,0,2,_binary 'a:0:{}',0,5,6,10,19,266,269,0,0,0,0,'Drupal\\Core\\Menu\\Form\\MenuLinkDefaultForm'),('admin',270,'admin_toolbar_tools.extra_links:entity.entity_view_display.taxonomy_term.default.equipamiento','admin_toolbar_tools.extra_links:entity.taxonomy_vocabulary.overview_form.equipamiento','entity.entity_view_display.taxonomy_term.default','taxonomy_vocabulary=equipamiento',_binary 'a:1:{s:19:\"taxonomy_vocabulary\";s:12:\"equipamiento\";}','',_binary 'O:48:\"Drupal\\Core\\StringTranslation\\TranslatableMarkup\":3:{s:9:\"\0*\0string\";s:14:\"Manage display\";s:12:\"\0*\0arguments\";a:0:{}s:10:\"\0*\0options\";a:0:{}}',_binary 's:0:\"\";','Drupal\\Core\\Menu\\MenuLinkDefault',_binary 'a:0:{}','admin_toolbar_tools',1,1,0,3,_binary 'a:0:{}',0,5,6,10,19,266,270,0,0,0,0,'Drupal\\Core\\Menu\\Form\\MenuLinkDefaultForm'),('admin',271,'admin_toolbar_tools.extra_links:entity.taxonomy_vocabulary.delete_form.equipamiento','admin_toolbar_tools.extra_links:entity.taxonomy_vocabulary.overview_form.equipamiento','entity.taxonomy_vocabulary.delete_form','taxonomy_vocabulary=equipamiento',_binary 'a:1:{s:19:\"taxonomy_vocabulary\";s:12:\"equipamiento\";}','',_binary 'O:48:\"Drupal\\Core\\StringTranslation\\TranslatableMarkup\":3:{s:9:\"\0*\0string\";s:6:\"Delete\";s:12:\"\0*\0arguments\";a:0:{}s:10:\"\0*\0options\";a:0:{}}',_binary 's:0:\"\";','Drupal\\Core\\Menu\\MenuLinkDefault',_binary 'a:0:{}','admin_toolbar_tools',1,1,0,5,_binary 'a:0:{}',0,5,6,10,19,266,271,0,0,0,0,'Drupal\\Core\\Menu\\Form\\MenuLinkDefaultForm'),('admin',272,'admin_toolbar_tools.extra_links:entity.taxonomy_vocabulary.overview_form.fondos','entity.taxonomy_vocabulary.collection','entity.taxonomy_vocabulary.overview_form','taxonomy_vocabulary=fondos',_binary 'a:1:{s:19:\"taxonomy_vocabulary\";s:6:\"fondos\";}','',_binary 's:0:\"\";',_binary 's:0:\"\";','Drupal\\admin_toolbar_tools\\Plugin\\Menu\\MenuLinkEntity',_binary 'a:0:{}','admin_toolbar_tools',1,1,0,0,_binary 'a:2:{s:11:\"entity_type\";s:19:\"taxonomy_vocabulary\";s:9:\"entity_id\";s:6:\"fondos\";}',1,4,6,10,19,272,0,0,0,0,0,'Drupal\\Core\\Menu\\Form\\MenuLinkDefaultForm'),('admin',273,'admin_toolbar_tools.extra_links:entity.taxonomy_vocabulary.edit_form.fondos','admin_toolbar_tools.extra_links:entity.taxonomy_vocabulary.overview_form.fondos','entity.taxonomy_vocabulary.edit_form','taxonomy_vocabulary=fondos',_binary 'a:1:{s:19:\"taxonomy_vocabulary\";s:6:\"fondos\";}','',_binary 'O:48:\"Drupal\\Core\\StringTranslation\\TranslatableMarkup\":3:{s:9:\"\0*\0string\";s:4:\"Edit\";s:12:\"\0*\0arguments\";a:0:{}s:10:\"\0*\0options\";a:0:{}}',_binary 's:0:\"\";','Drupal\\Core\\Menu\\MenuLinkDefault',_binary 'a:0:{}','admin_toolbar_tools',1,1,0,0,_binary 'a:0:{}',0,5,6,10,19,272,273,0,0,0,0,'Drupal\\Core\\Menu\\Form\\MenuLinkDefaultForm'),('admin',274,'admin_toolbar_tools.extra_links:entity.taxonomy_term.field_ui_fieldsfondos','admin_toolbar_tools.extra_links:entity.taxonomy_vocabulary.overview_form.fondos','entity.taxonomy_term.field_ui_fields','taxonomy_vocabulary=fondos',_binary 'a:1:{s:19:\"taxonomy_vocabulary\";s:6:\"fondos\";}','',_binary 'O:48:\"Drupal\\Core\\StringTranslation\\TranslatableMarkup\":3:{s:9:\"\0*\0string\";s:13:\"Manage fields\";s:12:\"\0*\0arguments\";a:0:{}s:10:\"\0*\0options\";a:0:{}}',_binary 's:0:\"\";','Drupal\\Core\\Menu\\MenuLinkDefault',_binary 'a:0:{}','admin_toolbar_tools',1,1,0,1,_binary 'a:0:{}',0,5,6,10,19,272,274,0,0,0,0,'Drupal\\Core\\Menu\\Form\\MenuLinkDefaultForm'),('admin',275,'admin_toolbar_tools.extra_links:entity.entity_form_display.taxonomy_term.defaultfondos','admin_toolbar_tools.extra_links:entity.taxonomy_vocabulary.overview_form.fondos','entity.entity_form_display.taxonomy_term.default','taxonomy_vocabulary=fondos',_binary 'a:1:{s:19:\"taxonomy_vocabulary\";s:6:\"fondos\";}','',_binary 'O:48:\"Drupal\\Core\\StringTranslation\\TranslatableMarkup\":3:{s:9:\"\0*\0string\";s:19:\"Manage form display\";s:12:\"\0*\0arguments\";a:0:{}s:10:\"\0*\0options\";a:0:{}}',_binary 's:0:\"\";','Drupal\\Core\\Menu\\MenuLinkDefault',_binary 'a:0:{}','admin_toolbar_tools',1,1,0,2,_binary 'a:0:{}',0,5,6,10,19,272,275,0,0,0,0,'Drupal\\Core\\Menu\\Form\\MenuLinkDefaultForm'),('admin',276,'admin_toolbar_tools.extra_links:entity.entity_view_display.taxonomy_term.default.fondos','admin_toolbar_tools.extra_links:entity.taxonomy_vocabulary.overview_form.fondos','entity.entity_view_display.taxonomy_term.default','taxonomy_vocabulary=fondos',_binary 'a:1:{s:19:\"taxonomy_vocabulary\";s:6:\"fondos\";}','',_binary 'O:48:\"Drupal\\Core\\StringTranslation\\TranslatableMarkup\":3:{s:9:\"\0*\0string\";s:14:\"Manage display\";s:12:\"\0*\0arguments\";a:0:{}s:10:\"\0*\0options\";a:0:{}}',_binary 's:0:\"\";','Drupal\\Core\\Menu\\MenuLinkDefault',_binary 'a:0:{}','admin_toolbar_tools',1,1,0,3,_binary 'a:0:{}',0,5,6,10,19,272,276,0,0,0,0,'Drupal\\Core\\Menu\\Form\\MenuLinkDefaultForm'),('admin',277,'admin_toolbar_tools.extra_links:entity.taxonomy_vocabulary.delete_form.fondos','admin_toolbar_tools.extra_links:entity.taxonomy_vocabulary.overview_form.fondos','entity.taxonomy_vocabulary.delete_form','taxonomy_vocabulary=fondos',_binary 'a:1:{s:19:\"taxonomy_vocabulary\";s:6:\"fondos\";}','',_binary 'O:48:\"Drupal\\Core\\StringTranslation\\TranslatableMarkup\":3:{s:9:\"\0*\0string\";s:6:\"Delete\";s:12:\"\0*\0arguments\";a:0:{}s:10:\"\0*\0options\";a:0:{}}',_binary 's:0:\"\";','Drupal\\Core\\Menu\\MenuLinkDefault',_binary 'a:0:{}','admin_toolbar_tools',1,1,0,5,_binary 'a:0:{}',0,5,6,10,19,272,277,0,0,0,0,'Drupal\\Core\\Menu\\Form\\MenuLinkDefaultForm'),('admin',278,'admin_toolbar_tools.extra_links:entity.taxonomy_vocabulary.overview_form.infraestructura','entity.taxonomy_vocabulary.collection','entity.taxonomy_vocabulary.overview_form','taxonomy_vocabulary=infraestructura',_binary 'a:1:{s:19:\"taxonomy_vocabulary\";s:15:\"infraestructura\";}','',_binary 's:0:\"\";',_binary 's:0:\"\";','Drupal\\admin_toolbar_tools\\Plugin\\Menu\\MenuLinkEntity',_binary 'a:0:{}','admin_toolbar_tools',1,1,0,0,_binary 'a:2:{s:11:\"entity_type\";s:19:\"taxonomy_vocabulary\";s:9:\"entity_id\";s:15:\"infraestructura\";}',1,4,6,10,19,278,0,0,0,0,0,'Drupal\\Core\\Menu\\Form\\MenuLinkDefaultForm'),('admin',279,'admin_toolbar_tools.extra_links:entity.taxonomy_vocabulary.edit_form.infraestructura','admin_toolbar_tools.extra_links:entity.taxonomy_vocabulary.overview_form.infraestructura','entity.taxonomy_vocabulary.edit_form','taxonomy_vocabulary=infraestructura',_binary 'a:1:{s:19:\"taxonomy_vocabulary\";s:15:\"infraestructura\";}','',_binary 'O:48:\"Drupal\\Core\\StringTranslation\\TranslatableMarkup\":3:{s:9:\"\0*\0string\";s:4:\"Edit\";s:12:\"\0*\0arguments\";a:0:{}s:10:\"\0*\0options\";a:0:{}}',_binary 's:0:\"\";','Drupal\\Core\\Menu\\MenuLinkDefault',_binary 'a:0:{}','admin_toolbar_tools',1,1,0,0,_binary 'a:0:{}',0,5,6,10,19,278,279,0,0,0,0,'Drupal\\Core\\Menu\\Form\\MenuLinkDefaultForm'),('admin',280,'admin_toolbar_tools.extra_links:entity.taxonomy_term.field_ui_fieldsinfraestructura','admin_toolbar_tools.extra_links:entity.taxonomy_vocabulary.overview_form.infraestructura','entity.taxonomy_term.field_ui_fields','taxonomy_vocabulary=infraestructura',_binary 'a:1:{s:19:\"taxonomy_vocabulary\";s:15:\"infraestructura\";}','',_binary 'O:48:\"Drupal\\Core\\StringTranslation\\TranslatableMarkup\":3:{s:9:\"\0*\0string\";s:13:\"Manage fields\";s:12:\"\0*\0arguments\";a:0:{}s:10:\"\0*\0options\";a:0:{}}',_binary 's:0:\"\";','Drupal\\Core\\Menu\\MenuLinkDefault',_binary 'a:0:{}','admin_toolbar_tools',1,1,0,1,_binary 'a:0:{}',0,5,6,10,19,278,280,0,0,0,0,'Drupal\\Core\\Menu\\Form\\MenuLinkDefaultForm'),('admin',281,'admin_toolbar_tools.extra_links:entity.entity_form_display.taxonomy_term.defaultinfraestructura','admin_toolbar_tools.extra_links:entity.taxonomy_vocabulary.overview_form.infraestructura','entity.entity_form_display.taxonomy_term.default','taxonomy_vocabulary=infraestructura',_binary 'a:1:{s:19:\"taxonomy_vocabulary\";s:15:\"infraestructura\";}','',_binary 'O:48:\"Drupal\\Core\\StringTranslation\\TranslatableMarkup\":3:{s:9:\"\0*\0string\";s:19:\"Manage form display\";s:12:\"\0*\0arguments\";a:0:{}s:10:\"\0*\0options\";a:0:{}}',_binary 's:0:\"\";','Drupal\\Core\\Menu\\MenuLinkDefault',_binary 'a:0:{}','admin_toolbar_tools',1,1,0,2,_binary 'a:0:{}',0,5,6,10,19,278,281,0,0,0,0,'Drupal\\Core\\Menu\\Form\\MenuLinkDefaultForm'),('admin',282,'admin_toolbar_tools.extra_links:entity.entity_view_display.taxonomy_term.default.infraestructura','admin_toolbar_tools.extra_links:entity.taxonomy_vocabulary.overview_form.infraestructura','entity.entity_view_display.taxonomy_term.default','taxonomy_vocabulary=infraestructura',_binary 'a:1:{s:19:\"taxonomy_vocabulary\";s:15:\"infraestructura\";}','',_binary 'O:48:\"Drupal\\Core\\StringTranslation\\TranslatableMarkup\":3:{s:9:\"\0*\0string\";s:14:\"Manage display\";s:12:\"\0*\0arguments\";a:0:{}s:10:\"\0*\0options\";a:0:{}}',_binary 's:0:\"\";','Drupal\\Core\\Menu\\MenuLinkDefault',_binary 'a:0:{}','admin_toolbar_tools',1,1,0,3,_binary 'a:0:{}',0,5,6,10,19,278,282,0,0,0,0,'Drupal\\Core\\Menu\\Form\\MenuLinkDefaultForm'),('admin',283,'admin_toolbar_tools.extra_links:entity.taxonomy_vocabulary.delete_form.infraestructura','admin_toolbar_tools.extra_links:entity.taxonomy_vocabulary.overview_form.infraestructura','entity.taxonomy_vocabulary.delete_form','taxonomy_vocabulary=infraestructura',_binary 'a:1:{s:19:\"taxonomy_vocabulary\";s:15:\"infraestructura\";}','',_binary 'O:48:\"Drupal\\Core\\StringTranslation\\TranslatableMarkup\":3:{s:9:\"\0*\0string\";s:6:\"Delete\";s:12:\"\0*\0arguments\";a:0:{}s:10:\"\0*\0options\";a:0:{}}',_binary 's:0:\"\";','Drupal\\Core\\Menu\\MenuLinkDefault',_binary 'a:0:{}','admin_toolbar_tools',1,1,0,5,_binary 'a:0:{}',0,5,6,10,19,278,283,0,0,0,0,'Drupal\\Core\\Menu\\Form\\MenuLinkDefaultForm'),('admin',284,'admin_toolbar_tools.extra_links:entity.taxonomy_vocabulary.overview_form.organizaciones_articular','entity.taxonomy_vocabulary.collection','entity.taxonomy_vocabulary.overview_form','taxonomy_vocabulary=organizaciones_articular',_binary 'a:1:{s:19:\"taxonomy_vocabulary\";s:24:\"organizaciones_articular\";}','',_binary 's:0:\"\";',_binary 's:0:\"\";','Drupal\\admin_toolbar_tools\\Plugin\\Menu\\MenuLinkEntity',_binary 'a:0:{}','admin_toolbar_tools',1,1,0,0,_binary 'a:2:{s:11:\"entity_type\";s:19:\"taxonomy_vocabulary\";s:9:\"entity_id\";s:24:\"organizaciones_articular\";}',1,4,6,10,19,284,0,0,0,0,0,'Drupal\\Core\\Menu\\Form\\MenuLinkDefaultForm'),('admin',285,'admin_toolbar_tools.extra_links:entity.taxonomy_vocabulary.edit_form.organizaciones_articular','admin_toolbar_tools.extra_links:entity.taxonomy_vocabulary.overview_form.organizaciones_articular','entity.taxonomy_vocabulary.edit_form','taxonomy_vocabulary=organizaciones_articular',_binary 'a:1:{s:19:\"taxonomy_vocabulary\";s:24:\"organizaciones_articular\";}','',_binary 'O:48:\"Drupal\\Core\\StringTranslation\\TranslatableMarkup\":3:{s:9:\"\0*\0string\";s:4:\"Edit\";s:12:\"\0*\0arguments\";a:0:{}s:10:\"\0*\0options\";a:0:{}}',_binary 's:0:\"\";','Drupal\\Core\\Menu\\MenuLinkDefault',_binary 'a:0:{}','admin_toolbar_tools',1,1,0,0,_binary 'a:0:{}',0,5,6,10,19,284,285,0,0,0,0,'Drupal\\Core\\Menu\\Form\\MenuLinkDefaultForm'),('admin',286,'admin_toolbar_tools.extra_links:entity.taxonomy_term.field_ui_fieldsorganizaciones_articular','admin_toolbar_tools.extra_links:entity.taxonomy_vocabulary.overview_form.organizaciones_articular','entity.taxonomy_term.field_ui_fields','taxonomy_vocabulary=organizaciones_articular',_binary 'a:1:{s:19:\"taxonomy_vocabulary\";s:24:\"organizaciones_articular\";}','',_binary 'O:48:\"Drupal\\Core\\StringTranslation\\TranslatableMarkup\":3:{s:9:\"\0*\0string\";s:13:\"Manage fields\";s:12:\"\0*\0arguments\";a:0:{}s:10:\"\0*\0options\";a:0:{}}',_binary 's:0:\"\";','Drupal\\Core\\Menu\\MenuLinkDefault',_binary 'a:0:{}','admin_toolbar_tools',1,1,0,1,_binary 'a:0:{}',0,5,6,10,19,284,286,0,0,0,0,'Drupal\\Core\\Menu\\Form\\MenuLinkDefaultForm'),('admin',287,'admin_toolbar_tools.extra_links:entity.entity_form_display.taxonomy_term.defaultorganizaciones_articular','admin_toolbar_tools.extra_links:entity.taxonomy_vocabulary.overview_form.organizaciones_articular','entity.entity_form_display.taxonomy_term.default','taxonomy_vocabulary=organizaciones_articular',_binary 'a:1:{s:19:\"taxonomy_vocabulary\";s:24:\"organizaciones_articular\";}','',_binary 'O:48:\"Drupal\\Core\\StringTranslation\\TranslatableMarkup\":3:{s:9:\"\0*\0string\";s:19:\"Manage form display\";s:12:\"\0*\0arguments\";a:0:{}s:10:\"\0*\0options\";a:0:{}}',_binary 's:0:\"\";','Drupal\\Core\\Menu\\MenuLinkDefault',_binary 'a:0:{}','admin_toolbar_tools',1,1,0,2,_binary 'a:0:{}',0,5,6,10,19,284,287,0,0,0,0,'Drupal\\Core\\Menu\\Form\\MenuLinkDefaultForm'),('admin',288,'admin_toolbar_tools.extra_links:entity.entity_view_display.taxonomy_term.default.organizaciones_articular','admin_toolbar_tools.extra_links:entity.taxonomy_vocabulary.overview_form.organizaciones_articular','entity.entity_view_display.taxonomy_term.default','taxonomy_vocabulary=organizaciones_articular',_binary 'a:1:{s:19:\"taxonomy_vocabulary\";s:24:\"organizaciones_articular\";}','',_binary 'O:48:\"Drupal\\Core\\StringTranslation\\TranslatableMarkup\":3:{s:9:\"\0*\0string\";s:14:\"Manage display\";s:12:\"\0*\0arguments\";a:0:{}s:10:\"\0*\0options\";a:0:{}}',_binary 's:0:\"\";','Drupal\\Core\\Menu\\MenuLinkDefault',_binary 'a:0:{}','admin_toolbar_tools',1,1,0,3,_binary 'a:0:{}',0,5,6,10,19,284,288,0,0,0,0,'Drupal\\Core\\Menu\\Form\\MenuLinkDefaultForm'),('admin',289,'admin_toolbar_tools.extra_links:entity.taxonomy_vocabulary.delete_form.organizaciones_articular','admin_toolbar_tools.extra_links:entity.taxonomy_vocabulary.overview_form.organizaciones_articular','entity.taxonomy_vocabulary.delete_form','taxonomy_vocabulary=organizaciones_articular',_binary 'a:1:{s:19:\"taxonomy_vocabulary\";s:24:\"organizaciones_articular\";}','',_binary 'O:48:\"Drupal\\Core\\StringTranslation\\TranslatableMarkup\":3:{s:9:\"\0*\0string\";s:6:\"Delete\";s:12:\"\0*\0arguments\";a:0:{}s:10:\"\0*\0options\";a:0:{}}',_binary 's:0:\"\";','Drupal\\Core\\Menu\\MenuLinkDefault',_binary 'a:0:{}','admin_toolbar_tools',1,1,0,5,_binary 'a:0:{}',0,5,6,10,19,284,289,0,0,0,0,'Drupal\\Core\\Menu\\Form\\MenuLinkDefaultForm'),('admin',290,'admin_toolbar_tools.extra_links:entity.taxonomy_vocabulary.overview_form.recursos_requeridos','entity.taxonomy_vocabulary.collection','entity.taxonomy_vocabulary.overview_form','taxonomy_vocabulary=recursos_requeridos',_binary 'a:1:{s:19:\"taxonomy_vocabulary\";s:19:\"recursos_requeridos\";}','',_binary 's:0:\"\";',_binary 's:0:\"\";','Drupal\\admin_toolbar_tools\\Plugin\\Menu\\MenuLinkEntity',_binary 'a:0:{}','admin_toolbar_tools',1,1,0,0,_binary 'a:2:{s:11:\"entity_type\";s:19:\"taxonomy_vocabulary\";s:9:\"entity_id\";s:19:\"recursos_requeridos\";}',1,4,6,10,19,290,0,0,0,0,0,'Drupal\\Core\\Menu\\Form\\MenuLinkDefaultForm'),('admin',291,'admin_toolbar_tools.extra_links:entity.taxonomy_vocabulary.edit_form.recursos_requeridos','admin_toolbar_tools.extra_links:entity.taxonomy_vocabulary.overview_form.recursos_requeridos','entity.taxonomy_vocabulary.edit_form','taxonomy_vocabulary=recursos_requeridos',_binary 'a:1:{s:19:\"taxonomy_vocabulary\";s:19:\"recursos_requeridos\";}','',_binary 'O:48:\"Drupal\\Core\\StringTranslation\\TranslatableMarkup\":3:{s:9:\"\0*\0string\";s:4:\"Edit\";s:12:\"\0*\0arguments\";a:0:{}s:10:\"\0*\0options\";a:0:{}}',_binary 's:0:\"\";','Drupal\\Core\\Menu\\MenuLinkDefault',_binary 'a:0:{}','admin_toolbar_tools',1,1,0,0,_binary 'a:0:{}',0,5,6,10,19,290,291,0,0,0,0,'Drupal\\Core\\Menu\\Form\\MenuLinkDefaultForm'),('admin',292,'admin_toolbar_tools.extra_links:entity.taxonomy_term.field_ui_fieldsrecursos_requeridos','admin_toolbar_tools.extra_links:entity.taxonomy_vocabulary.overview_form.recursos_requeridos','entity.taxonomy_term.field_ui_fields','taxonomy_vocabulary=recursos_requeridos',_binary 'a:1:{s:19:\"taxonomy_vocabulary\";s:19:\"recursos_requeridos\";}','',_binary 'O:48:\"Drupal\\Core\\StringTranslation\\TranslatableMarkup\":3:{s:9:\"\0*\0string\";s:13:\"Manage fields\";s:12:\"\0*\0arguments\";a:0:{}s:10:\"\0*\0options\";a:0:{}}',_binary 's:0:\"\";','Drupal\\Core\\Menu\\MenuLinkDefault',_binary 'a:0:{}','admin_toolbar_tools',1,1,0,1,_binary 'a:0:{}',0,5,6,10,19,290,292,0,0,0,0,'Drupal\\Core\\Menu\\Form\\MenuLinkDefaultForm'),('admin',293,'admin_toolbar_tools.extra_links:entity.entity_form_display.taxonomy_term.defaultrecursos_requeridos','admin_toolbar_tools.extra_links:entity.taxonomy_vocabulary.overview_form.recursos_requeridos','entity.entity_form_display.taxonomy_term.default','taxonomy_vocabulary=recursos_requeridos',_binary 'a:1:{s:19:\"taxonomy_vocabulary\";s:19:\"recursos_requeridos\";}','',_binary 'O:48:\"Drupal\\Core\\StringTranslation\\TranslatableMarkup\":3:{s:9:\"\0*\0string\";s:19:\"Manage form display\";s:12:\"\0*\0arguments\";a:0:{}s:10:\"\0*\0options\";a:0:{}}',_binary 's:0:\"\";','Drupal\\Core\\Menu\\MenuLinkDefault',_binary 'a:0:{}','admin_toolbar_tools',1,1,0,2,_binary 'a:0:{}',0,5,6,10,19,290,293,0,0,0,0,'Drupal\\Core\\Menu\\Form\\MenuLinkDefaultForm'),('admin',294,'admin_toolbar_tools.extra_links:entity.entity_view_display.taxonomy_term.default.recursos_requeridos','admin_toolbar_tools.extra_links:entity.taxonomy_vocabulary.overview_form.recursos_requeridos','entity.entity_view_display.taxonomy_term.default','taxonomy_vocabulary=recursos_requeridos',_binary 'a:1:{s:19:\"taxonomy_vocabulary\";s:19:\"recursos_requeridos\";}','',_binary 'O:48:\"Drupal\\Core\\StringTranslation\\TranslatableMarkup\":3:{s:9:\"\0*\0string\";s:14:\"Manage display\";s:12:\"\0*\0arguments\";a:0:{}s:10:\"\0*\0options\";a:0:{}}',_binary 's:0:\"\";','Drupal\\Core\\Menu\\MenuLinkDefault',_binary 'a:0:{}','admin_toolbar_tools',1,1,0,3,_binary 'a:0:{}',0,5,6,10,19,290,294,0,0,0,0,'Drupal\\Core\\Menu\\Form\\MenuLinkDefaultForm'),('admin',295,'admin_toolbar_tools.extra_links:entity.taxonomy_vocabulary.delete_form.recursos_requeridos','admin_toolbar_tools.extra_links:entity.taxonomy_vocabulary.overview_form.recursos_requeridos','entity.taxonomy_vocabulary.delete_form','taxonomy_vocabulary=recursos_requeridos',_binary 'a:1:{s:19:\"taxonomy_vocabulary\";s:19:\"recursos_requeridos\";}','',_binary 'O:48:\"Drupal\\Core\\StringTranslation\\TranslatableMarkup\":3:{s:9:\"\0*\0string\";s:6:\"Delete\";s:12:\"\0*\0arguments\";a:0:{}s:10:\"\0*\0options\";a:0:{}}',_binary 's:0:\"\";','Drupal\\Core\\Menu\\MenuLinkDefault',_binary 'a:0:{}','admin_toolbar_tools',1,1,0,5,_binary 'a:0:{}',0,5,6,10,19,290,295,0,0,0,0,'Drupal\\Core\\Menu\\Form\\MenuLinkDefaultForm'),('admin',296,'admin_toolbar_tools.extra_links:entity.taxonomy_vocabulary.overview_form.tags','entity.taxonomy_vocabulary.collection','entity.taxonomy_vocabulary.overview_form','taxonomy_vocabulary=tags',_binary 'a:1:{s:19:\"taxonomy_vocabulary\";s:4:\"tags\";}','',_binary 's:0:\"\";',_binary 's:0:\"\";','Drupal\\admin_toolbar_tools\\Plugin\\Menu\\MenuLinkEntity',_binary 'a:0:{}','admin_toolbar_tools',1,1,0,0,_binary 'a:2:{s:11:\"entity_type\";s:19:\"taxonomy_vocabulary\";s:9:\"entity_id\";s:4:\"tags\";}',1,4,6,10,19,296,0,0,0,0,0,'Drupal\\Core\\Menu\\Form\\MenuLinkDefaultForm'),('admin',297,'admin_toolbar_tools.extra_links:entity.taxonomy_vocabulary.edit_form.tags','admin_toolbar_tools.extra_links:entity.taxonomy_vocabulary.overview_form.tags','entity.taxonomy_vocabulary.edit_form','taxonomy_vocabulary=tags',_binary 'a:1:{s:19:\"taxonomy_vocabulary\";s:4:\"tags\";}','',_binary 'O:48:\"Drupal\\Core\\StringTranslation\\TranslatableMarkup\":3:{s:9:\"\0*\0string\";s:4:\"Edit\";s:12:\"\0*\0arguments\";a:0:{}s:10:\"\0*\0options\";a:0:{}}',_binary 's:0:\"\";','Drupal\\Core\\Menu\\MenuLinkDefault',_binary 'a:0:{}','admin_toolbar_tools',1,1,0,0,_binary 'a:0:{}',0,5,6,10,19,296,297,0,0,0,0,'Drupal\\Core\\Menu\\Form\\MenuLinkDefaultForm'),('admin',298,'admin_toolbar_tools.extra_links:entity.taxonomy_term.field_ui_fieldstags','admin_toolbar_tools.extra_links:entity.taxonomy_vocabulary.overview_form.tags','entity.taxonomy_term.field_ui_fields','taxonomy_vocabulary=tags',_binary 'a:1:{s:19:\"taxonomy_vocabulary\";s:4:\"tags\";}','',_binary 'O:48:\"Drupal\\Core\\StringTranslation\\TranslatableMarkup\":3:{s:9:\"\0*\0string\";s:13:\"Manage fields\";s:12:\"\0*\0arguments\";a:0:{}s:10:\"\0*\0options\";a:0:{}}',_binary 's:0:\"\";','Drupal\\Core\\Menu\\MenuLinkDefault',_binary 'a:0:{}','admin_toolbar_tools',1,1,0,1,_binary 'a:0:{}',0,5,6,10,19,296,298,0,0,0,0,'Drupal\\Core\\Menu\\Form\\MenuLinkDefaultForm'),('admin',299,'admin_toolbar_tools.extra_links:entity.entity_form_display.taxonomy_term.defaulttags','admin_toolbar_tools.extra_links:entity.taxonomy_vocabulary.overview_form.tags','entity.entity_form_display.taxonomy_term.default','taxonomy_vocabulary=tags',_binary 'a:1:{s:19:\"taxonomy_vocabulary\";s:4:\"tags\";}','',_binary 'O:48:\"Drupal\\Core\\StringTranslation\\TranslatableMarkup\":3:{s:9:\"\0*\0string\";s:19:\"Manage form display\";s:12:\"\0*\0arguments\";a:0:{}s:10:\"\0*\0options\";a:0:{}}',_binary 's:0:\"\";','Drupal\\Core\\Menu\\MenuLinkDefault',_binary 'a:0:{}','admin_toolbar_tools',1,1,0,2,_binary 'a:0:{}',0,5,6,10,19,296,299,0,0,0,0,'Drupal\\Core\\Menu\\Form\\MenuLinkDefaultForm'),('admin',300,'admin_toolbar_tools.extra_links:entity.entity_view_display.taxonomy_term.default.tags','admin_toolbar_tools.extra_links:entity.taxonomy_vocabulary.overview_form.tags','entity.entity_view_display.taxonomy_term.default','taxonomy_vocabulary=tags',_binary 'a:1:{s:19:\"taxonomy_vocabulary\";s:4:\"tags\";}','',_binary 'O:48:\"Drupal\\Core\\StringTranslation\\TranslatableMarkup\":3:{s:9:\"\0*\0string\";s:14:\"Manage display\";s:12:\"\0*\0arguments\";a:0:{}s:10:\"\0*\0options\";a:0:{}}',_binary 's:0:\"\";','Drupal\\Core\\Menu\\MenuLinkDefault',_binary 'a:0:{}','admin_toolbar_tools',1,1,0,3,_binary 'a:0:{}',0,5,6,10,19,296,300,0,0,0,0,'Drupal\\Core\\Menu\\Form\\MenuLinkDefaultForm'),('admin',301,'admin_toolbar_tools.extra_links:entity.taxonomy_vocabulary.delete_form.tags','admin_toolbar_tools.extra_links:entity.taxonomy_vocabulary.overview_form.tags','entity.taxonomy_vocabulary.delete_form','taxonomy_vocabulary=tags',_binary 'a:1:{s:19:\"taxonomy_vocabulary\";s:4:\"tags\";}','',_binary 'O:48:\"Drupal\\Core\\StringTranslation\\TranslatableMarkup\":3:{s:9:\"\0*\0string\";s:6:\"Delete\";s:12:\"\0*\0arguments\";a:0:{}s:10:\"\0*\0options\";a:0:{}}',_binary 's:0:\"\";','Drupal\\Core\\Menu\\MenuLinkDefault',_binary 'a:0:{}','admin_toolbar_tools',1,1,0,5,_binary 'a:0:{}',0,5,6,10,19,296,301,0,0,0,0,'Drupal\\Core\\Menu\\Form\\MenuLinkDefaultForm'),('admin',302,'admin_toolbar_tools.extra_links:entity.taxonomy_vocabulary.overview_form.tipo_de_organizacion','entity.taxonomy_vocabulary.collection','entity.taxonomy_vocabulary.overview_form','taxonomy_vocabulary=tipo_de_organizacion',_binary 'a:1:{s:19:\"taxonomy_vocabulary\";s:20:\"tipo_de_organizacion\";}','',_binary 's:0:\"\";',_binary 's:0:\"\";','Drupal\\admin_toolbar_tools\\Plugin\\Menu\\MenuLinkEntity',_binary 'a:0:{}','admin_toolbar_tools',1,1,0,0,_binary 'a:2:{s:11:\"entity_type\";s:19:\"taxonomy_vocabulary\";s:9:\"entity_id\";s:20:\"tipo_de_organizacion\";}',1,4,6,10,19,302,0,0,0,0,0,'Drupal\\Core\\Menu\\Form\\MenuLinkDefaultForm'),('admin',303,'admin_toolbar_tools.extra_links:entity.taxonomy_vocabulary.edit_form.tipo_de_organizacion','admin_toolbar_tools.extra_links:entity.taxonomy_vocabulary.overview_form.tipo_de_organizacion','entity.taxonomy_vocabulary.edit_form','taxonomy_vocabulary=tipo_de_organizacion',_binary 'a:1:{s:19:\"taxonomy_vocabulary\";s:20:\"tipo_de_organizacion\";}','',_binary 'O:48:\"Drupal\\Core\\StringTranslation\\TranslatableMarkup\":3:{s:9:\"\0*\0string\";s:4:\"Edit\";s:12:\"\0*\0arguments\";a:0:{}s:10:\"\0*\0options\";a:0:{}}',_binary 's:0:\"\";','Drupal\\Core\\Menu\\MenuLinkDefault',_binary 'a:0:{}','admin_toolbar_tools',1,1,0,0,_binary 'a:0:{}',0,5,6,10,19,302,303,0,0,0,0,'Drupal\\Core\\Menu\\Form\\MenuLinkDefaultForm'),('admin',304,'admin_toolbar_tools.extra_links:entity.taxonomy_term.field_ui_fieldstipo_de_organizacion','admin_toolbar_tools.extra_links:entity.taxonomy_vocabulary.overview_form.tipo_de_organizacion','entity.taxonomy_term.field_ui_fields','taxonomy_vocabulary=tipo_de_organizacion',_binary 'a:1:{s:19:\"taxonomy_vocabulary\";s:20:\"tipo_de_organizacion\";}','',_binary 'O:48:\"Drupal\\Core\\StringTranslation\\TranslatableMarkup\":3:{s:9:\"\0*\0string\";s:13:\"Manage fields\";s:12:\"\0*\0arguments\";a:0:{}s:10:\"\0*\0options\";a:0:{}}',_binary 's:0:\"\";','Drupal\\Core\\Menu\\MenuLinkDefault',_binary 'a:0:{}','admin_toolbar_tools',1,1,0,1,_binary 'a:0:{}',0,5,6,10,19,302,304,0,0,0,0,'Drupal\\Core\\Menu\\Form\\MenuLinkDefaultForm'),('admin',305,'admin_toolbar_tools.extra_links:entity.entity_form_display.taxonomy_term.defaulttipo_de_organizacion','admin_toolbar_tools.extra_links:entity.taxonomy_vocabulary.overview_form.tipo_de_organizacion','entity.entity_form_display.taxonomy_term.default','taxonomy_vocabulary=tipo_de_organizacion',_binary 'a:1:{s:19:\"taxonomy_vocabulary\";s:20:\"tipo_de_organizacion\";}','',_binary 'O:48:\"Drupal\\Core\\StringTranslation\\TranslatableMarkup\":3:{s:9:\"\0*\0string\";s:19:\"Manage form display\";s:12:\"\0*\0arguments\";a:0:{}s:10:\"\0*\0options\";a:0:{}}',_binary 's:0:\"\";','Drupal\\Core\\Menu\\MenuLinkDefault',_binary 'a:0:{}','admin_toolbar_tools',1,1,0,2,_binary 'a:0:{}',0,5,6,10,19,302,305,0,0,0,0,'Drupal\\Core\\Menu\\Form\\MenuLinkDefaultForm'),('admin',306,'admin_toolbar_tools.extra_links:entity.entity_view_display.taxonomy_term.default.tipo_de_organizacion','admin_toolbar_tools.extra_links:entity.taxonomy_vocabulary.overview_form.tipo_de_organizacion','entity.entity_view_display.taxonomy_term.default','taxonomy_vocabulary=tipo_de_organizacion',_binary 'a:1:{s:19:\"taxonomy_vocabulary\";s:20:\"tipo_de_organizacion\";}','',_binary 'O:48:\"Drupal\\Core\\StringTranslation\\TranslatableMarkup\":3:{s:9:\"\0*\0string\";s:14:\"Manage display\";s:12:\"\0*\0arguments\";a:0:{}s:10:\"\0*\0options\";a:0:{}}',_binary 's:0:\"\";','Drupal\\Core\\Menu\\MenuLinkDefault',_binary 'a:0:{}','admin_toolbar_tools',1,1,0,3,_binary 'a:0:{}',0,5,6,10,19,302,306,0,0,0,0,'Drupal\\Core\\Menu\\Form\\MenuLinkDefaultForm'),('admin',307,'admin_toolbar_tools.extra_links:entity.taxonomy_vocabulary.delete_form.tipo_de_organizacion','admin_toolbar_tools.extra_links:entity.taxonomy_vocabulary.overview_form.tipo_de_organizacion','entity.taxonomy_vocabulary.delete_form','taxonomy_vocabulary=tipo_de_organizacion',_binary 'a:1:{s:19:\"taxonomy_vocabulary\";s:20:\"tipo_de_organizacion\";}','',_binary 'O:48:\"Drupal\\Core\\StringTranslation\\TranslatableMarkup\":3:{s:9:\"\0*\0string\";s:6:\"Delete\";s:12:\"\0*\0arguments\";a:0:{}s:10:\"\0*\0options\";a:0:{}}',_binary 's:0:\"\";','Drupal\\Core\\Menu\\MenuLinkDefault',_binary 'a:0:{}','admin_toolbar_tools',1,1,0,5,_binary 'a:0:{}',0,5,6,10,19,302,307,0,0,0,0,'Drupal\\Core\\Menu\\Form\\MenuLinkDefaultForm'),('admin',308,'admin_toolbar_tools.extra_links:entity.taxonomy_vocabulary.add_form','entity.taxonomy_vocabulary.collection','entity.taxonomy_vocabulary.add_form','',_binary 'a:0:{}','',_binary 'O:48:\"Drupal\\Core\\StringTranslation\\TranslatableMarkup\":3:{s:9:\"\0*\0string\";s:14:\"Add vocabulary\";s:12:\"\0*\0arguments\";a:0:{}s:10:\"\0*\0options\";a:0:{}}',_binary 's:0:\"\";','Drupal\\Core\\Menu\\MenuLinkDefault',_binary 'a:0:{}','admin_toolbar_tools',1,1,0,-5,_binary 'a:0:{}',0,4,6,10,19,308,0,0,0,0,0,'Drupal\\Core\\Menu\\Form\\MenuLinkDefaultForm'),('admin',309,'admin_toolbar_tools.extra_links:views_ui.add','entity.view.collection','views_ui.add','',_binary 'a:0:{}','',_binary 'O:48:\"Drupal\\Core\\StringTranslation\\TranslatableMarkup\":3:{s:9:\"\0*\0string\";s:8:\"Add view\";s:12:\"\0*\0arguments\";a:0:{}s:10:\"\0*\0options\";a:0:{}}',_binary 's:0:\"\";','Drupal\\Core\\Menu\\MenuLinkDefault',_binary 'a:0:{}','admin_toolbar_tools',1,1,0,-5,_binary 'a:0:{}',0,4,6,10,20,309,0,0,0,0,0,'Drupal\\Core\\Menu\\Form\\MenuLinkDefaultForm'),('admin',310,'admin_toolbar_tools.extra_links:update.theme_install','system.themes_page','update.theme_install','',_binary 'a:0:{}','',_binary 'O:48:\"Drupal\\Core\\StringTranslation\\TranslatableMarkup\":3:{s:9:\"\0*\0string\";s:17:\"Install new theme\";s:12:\"\0*\0arguments\";a:0:{}s:10:\"\0*\0options\";a:0:{}}',_binary 's:0:\"\";','Drupal\\Core\\Menu\\MenuLinkDefault',_binary 'a:0:{}','admin_toolbar_tools',1,1,0,0,_binary 'a:0:{}',0,3,6,21,310,0,0,0,0,0,0,'Drupal\\Core\\Menu\\Form\\MenuLinkDefaultForm'),('admin',311,'admin_toolbar_tools.extra_links:update.theme_update','system.themes_page','update.theme_update','',_binary 'a:0:{}','',_binary 'O:48:\"Drupal\\Core\\StringTranslation\\TranslatableMarkup\":3:{s:9:\"\0*\0string\";s:6:\"Update\";s:12:\"\0*\0arguments\";a:0:{}s:10:\"\0*\0options\";a:0:{}}',_binary 's:0:\"\";','Drupal\\Core\\Menu\\MenuLinkDefault',_binary 'a:0:{}','admin_toolbar_tools',1,1,0,0,_binary 'a:0:{}',0,3,6,21,311,0,0,0,0,0,0,'Drupal\\Core\\Menu\\Form\\MenuLinkDefaultForm'),('admin',312,'admin_toolbar_tools.extra_links:system.theme_settings','system.themes_page','system.theme_settings','',_binary 'a:0:{}','',_binary 'O:48:\"Drupal\\Core\\StringTranslation\\TranslatableMarkup\":3:{s:9:\"\0*\0string\";s:8:\"Settings\";s:12:\"\0*\0arguments\";a:0:{}s:10:\"\0*\0options\";a:0:{}}',_binary 's:0:\"\";','Drupal\\Core\\Menu\\MenuLinkDefault',_binary 'a:0:{}','admin_toolbar_tools',1,1,0,0,_binary 'a:0:{}',1,3,6,21,312,0,0,0,0,0,0,'Drupal\\Core\\Menu\\Form\\MenuLinkDefaultForm'),('admin',313,'admin_toolbar_tools.extra_links:system.theme_settings_theme.stark','admin_toolbar_tools.extra_links:system.theme_settings','system.theme_settings_theme','theme=stark',_binary 'a:1:{s:5:\"theme\";s:5:\"stark\";}','',_binary 's:5:\"Stark\";',_binary 's:0:\"\";','Drupal\\Core\\Menu\\MenuLinkDefault',_binary 'a:0:{}','admin_toolbar_tools',1,1,0,0,_binary 'a:0:{}',0,4,6,21,312,313,0,0,0,0,0,'Drupal\\Core\\Menu\\Form\\MenuLinkDefaultForm'),('admin',314,'admin_toolbar_tools.extra_links:system.theme_settings_theme.bartik','admin_toolbar_tools.extra_links:system.theme_settings','system.theme_settings_theme','theme=bartik',_binary 'a:1:{s:5:\"theme\";s:6:\"bartik\";}','',_binary 's:6:\"Bartik\";',_binary 's:0:\"\";','Drupal\\Core\\Menu\\MenuLinkDefault',_binary 'a:0:{}','admin_toolbar_tools',1,1,0,0,_binary 'a:0:{}',0,4,6,21,312,314,0,0,0,0,0,'Drupal\\Core\\Menu\\Form\\MenuLinkDefaultForm'),('admin',315,'admin_toolbar_tools.extra_links:system.theme_settings_theme.seven','admin_toolbar_tools.extra_links:system.theme_settings','system.theme_settings_theme','theme=seven',_binary 'a:1:{s:5:\"theme\";s:5:\"seven\";}','',_binary 's:5:\"Seven\";',_binary 's:0:\"\";','Drupal\\Core\\Menu\\MenuLinkDefault',_binary 'a:0:{}','admin_toolbar_tools',1,1,0,0,_binary 'a:0:{}',0,4,6,21,312,315,0,0,0,0,0,'Drupal\\Core\\Menu\\Form\\MenuLinkDefaultForm'),('admin',316,'admin_toolbar_tools.extra_links:system.theme_settings_theme.bootstrap','admin_toolbar_tools.extra_links:system.theme_settings','system.theme_settings_theme','theme=bootstrap',_binary 'a:1:{s:5:\"theme\";s:9:\"bootstrap\";}','',_binary 's:9:\"Bootstrap\";',_binary 's:0:\"\";','Drupal\\Core\\Menu\\MenuLinkDefault',_binary 'a:0:{}','admin_toolbar_tools',1,1,0,0,_binary 'a:0:{}',0,4,6,21,312,316,0,0,0,0,0,'Drupal\\Core\\Menu\\Form\\MenuLinkDefaultForm'),('admin',317,'admin_toolbar_tools.extra_links:system.theme_settings_theme.bancoproyectos','admin_toolbar_tools.extra_links:system.theme_settings','system.theme_settings_theme','theme=bancoproyectos',_binary 'a:1:{s:5:\"theme\";s:14:\"bancoproyectos\";}','',_binary 's:31:\"Banco de Proyectos Comunitarios\";',_binary 's:0:\"\";','Drupal\\Core\\Menu\\MenuLinkDefault',_binary 'a:0:{}','admin_toolbar_tools',1,1,0,0,_binary 'a:0:{}',0,4,6,21,312,317,0,0,0,0,0,'Drupal\\Core\\Menu\\Form\\MenuLinkDefaultForm'),('admin',318,'system.modules_uninstall','system.modules_list','system.modules_uninstall','',_binary 'a:0:{}','',_binary 'O:48:\"Drupal\\Core\\StringTranslation\\TranslatableMarkup\":3:{s:9:\"\0*\0string\";s:16:\"Uninstall module\";s:12:\"\0*\0arguments\";a:0:{}s:10:\"\0*\0options\";a:0:{}}',_binary 's:0:\"\";','Drupal\\Core\\Menu\\MenuLinkDefault',_binary 'a:0:{}','admin_toolbar_tools',1,1,0,0,_binary 'a:0:{}',0,3,6,22,318,0,0,0,0,0,0,'Drupal\\Core\\Menu\\Form\\MenuLinkDefaultForm'),('admin',319,'admin_toolbar_tools.extra_links:update.module_install','system.modules_list','update.module_install','',_binary 'a:0:{}','',_binary 'O:48:\"Drupal\\Core\\StringTranslation\\TranslatableMarkup\":3:{s:9:\"\0*\0string\";s:18:\"Install new module\";s:12:\"\0*\0arguments\";a:0:{}s:10:\"\0*\0options\";a:0:{}}',_binary 's:0:\"\";','Drupal\\Core\\Menu\\MenuLinkDefault',_binary 'a:0:{}','admin_toolbar_tools',1,1,0,0,_binary 'a:0:{}',0,3,6,22,319,0,0,0,0,0,0,'Drupal\\Core\\Menu\\Form\\MenuLinkDefaultForm'),('admin',320,'admin_toolbar_tools.extra_links:update.module_update','system.modules_list','update.module_update','',_binary 'a:0:{}','',_binary 'O:48:\"Drupal\\Core\\StringTranslation\\TranslatableMarkup\":3:{s:9:\"\0*\0string\";s:6:\"Update\";s:12:\"\0*\0arguments\";a:0:{}s:10:\"\0*\0options\";a:0:{}}',_binary 's:0:\"\";','Drupal\\Core\\Menu\\MenuLinkDefault',_binary 'a:0:{}','admin_toolbar_tools',1,1,0,0,_binary 'a:0:{}',0,3,6,22,320,0,0,0,0,0,0,'Drupal\\Core\\Menu\\Form\\MenuLinkDefaultForm'),('admin',321,'backup_migrate.quick_backup','system.admin_config_development','backup_migrate.quick_backup','',_binary 'a:0:{}','',_binary 'O:48:\"Drupal\\Core\\StringTranslation\\TranslatableMarkup\":3:{s:9:\"\0*\0string\";s:18:\"Backup and Migrate\";s:12:\"\0*\0arguments\";a:0:{}s:10:\"\0*\0options\";a:0:{}}',_binary 'O:48:\"Drupal\\Core\\StringTranslation\\TranslatableMarkup\":3:{s:9:\"\0*\0string\";s:58:\"Create or import backups of your project database or files\";s:12:\"\0*\0arguments\";a:0:{}s:10:\"\0*\0options\";a:0:{}}','Drupal\\Core\\Menu\\MenuLinkDefault',_binary 'a:0:{}','backup_migrate',1,1,0,0,_binary 'a:0:{}',1,4,6,23,30,321,0,0,0,0,0,'Drupal\\Core\\Menu\\Form\\MenuLinkDefaultForm'),('admin',322,'backup_migrate.restore','backup_migrate.quick_backup','backup_migrate.restore','',_binary 'a:0:{}','',_binary 'O:48:\"Drupal\\Core\\StringTranslation\\TranslatableMarkup\":3:{s:9:\"\0*\0string\";s:7:\"Restore\";s:12:\"\0*\0arguments\";a:0:{}s:10:\"\0*\0options\";a:0:{}}',_binary 'O:48:\"Drupal\\Core\\StringTranslation\\TranslatableMarkup\":3:{s:9:\"\0*\0string\";s:0:\"\";s:12:\"\0*\0arguments\";a:0:{}s:10:\"\0*\0options\";a:0:{}}','Drupal\\Core\\Menu\\MenuLinkDefault',_binary 'a:0:{}','backup_migrate',1,1,0,1,_binary 'a:0:{}',0,5,6,23,30,321,322,0,0,0,0,'Drupal\\Core\\Menu\\Form\\MenuLinkDefaultForm'),('admin',323,'backup_migrate.backups','backup_migrate.quick_backup','backup_migrate.backups','',_binary 'a:0:{}','',_binary 'O:48:\"Drupal\\Core\\StringTranslation\\TranslatableMarkup\":3:{s:9:\"\0*\0string\";s:13:\"Saved Backups\";s:12:\"\0*\0arguments\";a:0:{}s:10:\"\0*\0options\";a:0:{}}',_binary 'O:48:\"Drupal\\Core\\StringTranslation\\TranslatableMarkup\":3:{s:9:\"\0*\0string\";s:0:\"\";s:12:\"\0*\0arguments\";a:0:{}s:10:\"\0*\0options\";a:0:{}}','Drupal\\Core\\Menu\\MenuLinkDefault',_binary 'a:0:{}','backup_migrate',1,1,0,2,_binary 'a:0:{}',0,5,6,23,30,321,323,0,0,0,0,'Drupal\\Core\\Menu\\Form\\MenuLinkDefaultForm'),('admin',324,'backup_migrate.schedule','backup_migrate.quick_backup','entity.backup_migrate_schedule.collection','',_binary 'a:0:{}','',_binary 'O:48:\"Drupal\\Core\\StringTranslation\\TranslatableMarkup\":3:{s:9:\"\0*\0string\";s:8:\"Schedule\";s:12:\"\0*\0arguments\";a:0:{}s:10:\"\0*\0options\";a:0:{}}',_binary 'O:48:\"Drupal\\Core\\StringTranslation\\TranslatableMarkup\":3:{s:9:\"\0*\0string\";s:0:\"\";s:12:\"\0*\0arguments\";a:0:{}s:10:\"\0*\0options\";a:0:{}}','Drupal\\Core\\Menu\\MenuLinkDefault',_binary 'a:0:{}','backup_migrate',1,1,0,3,_binary 'a:0:{}',0,5,6,23,30,321,324,0,0,0,0,'Drupal\\Core\\Menu\\Form\\MenuLinkDefaultForm'),('admin',325,'backup_migrate.settings','backup_migrate.quick_backup','entity.backup_migrate_settings.collection','',_binary 'a:0:{}','',_binary 'O:48:\"Drupal\\Core\\StringTranslation\\TranslatableMarkup\":3:{s:9:\"\0*\0string\";s:8:\"Settings\";s:12:\"\0*\0arguments\";a:0:{}s:10:\"\0*\0options\";a:0:{}}',_binary 'O:48:\"Drupal\\Core\\StringTranslation\\TranslatableMarkup\":3:{s:9:\"\0*\0string\";s:0:\"\";s:12:\"\0*\0arguments\";a:0:{}s:10:\"\0*\0options\";a:0:{}}','Drupal\\Core\\Menu\\MenuLinkDefault',_binary 'a:0:{}','backup_migrate',1,1,0,4,_binary 'a:0:{}',0,5,6,23,30,321,325,0,0,0,0,'Drupal\\Core\\Menu\\Form\\MenuLinkDefaultForm'),('admin',326,'admin_toolbar_tools.extra_links:config.import','config.sync','config.import_full','',_binary 'a:0:{}','',_binary 'O:48:\"Drupal\\Core\\StringTranslation\\TranslatableMarkup\":3:{s:9:\"\0*\0string\";s:6:\"Import\";s:12:\"\0*\0arguments\";a:0:{}s:10:\"\0*\0options\";a:0:{}}',_binary 's:0:\"\";','Drupal\\Core\\Menu\\MenuLinkDefault',_binary 'a:0:{}','admin_toolbar_tools',1,1,0,1,_binary 'a:0:{}',0,5,6,23,30,31,326,0,0,0,0,'Drupal\\Core\\Menu\\Form\\MenuLinkDefaultForm'),('admin',327,'admin_toolbar_tools.extra_links:config.export','config.sync','config.export_full','',_binary 'a:0:{}','',_binary 'O:48:\"Drupal\\Core\\StringTranslation\\TranslatableMarkup\":3:{s:9:\"\0*\0string\";s:6:\"Export\";s:12:\"\0*\0arguments\";a:0:{}s:10:\"\0*\0options\";a:0:{}}',_binary 's:0:\"\";','Drupal\\Core\\Menu\\MenuLinkDefault',_binary 'a:0:{}','admin_toolbar_tools',1,1,0,2,_binary 'a:0:{}',0,5,6,23,30,31,327,0,0,0,0,'Drupal\\Core\\Menu\\Form\\MenuLinkDefaultForm'),('admin',328,'admin_toolbar_tools.extra_links:language.negotiation','entity.configurable_language.collection','language.negotiation','',_binary 'a:0:{}','',_binary 'O:48:\"Drupal\\Core\\StringTranslation\\TranslatableMarkup\":3:{s:9:\"\0*\0string\";s:23:\"Detection and selection\";s:12:\"\0*\0arguments\";a:0:{}s:10:\"\0*\0options\";a:0:{}}',_binary 's:0:\"\";','Drupal\\Core\\Menu\\MenuLinkDefault',_binary 'a:0:{}','admin_toolbar_tools',1,1,0,0,_binary 'a:0:{}',0,5,6,23,35,36,328,0,0,0,0,'Drupal\\Core\\Menu\\Form\\MenuLinkDefaultForm'),('admin',329,'admin_toolbar_tools.extra_links:language.add','entity.configurable_language.collection','language.add','',_binary 'a:0:{}','',_binary 'O:48:\"Drupal\\Core\\StringTranslation\\TranslatableMarkup\":3:{s:9:\"\0*\0string\";s:12:\"Add language\";s:12:\"\0*\0arguments\";a:0:{}s:10:\"\0*\0options\";a:0:{}}',_binary 's:0:\"\";','Drupal\\Core\\Menu\\MenuLinkDefault',_binary 'a:0:{}','admin_toolbar_tools',1,1,0,0,_binary 'a:0:{}',0,5,6,23,35,36,329,0,0,0,0,'Drupal\\Core\\Menu\\Form\\MenuLinkDefaultForm'),('admin',330,'admin_toolbar.settings','system.admin_config_ui','admin_toolbar.settings','',_binary 'a:0:{}','',_binary 'O:48:\"Drupal\\Core\\StringTranslation\\TranslatableMarkup\":3:{s:9:\"\0*\0string\";s:13:\"Admin Toolbar\";s:12:\"\0*\0arguments\";a:0:{}s:10:\"\0*\0options\";a:0:{}}',_binary 'O:48:\"Drupal\\Core\\StringTranslation\\TranslatableMarkup\":3:{s:9:\"\0*\0string\";s:35:\"Configure the Admin Toolbar module.\";s:12:\"\0*\0arguments\";a:0:{}s:10:\"\0*\0options\";a:0:{}}','Drupal\\Core\\Menu\\MenuLinkDefault',_binary 'a:0:{}','admin_toolbar',1,1,0,0,_binary 'a:0:{}',0,4,6,23,47,330,0,0,0,0,0,'Drupal\\Core\\Menu\\Form\\MenuLinkDefaultForm'),('admin',331,'admin_toolbar_search.settings','system.admin_config_ui','admin_toolbar_search.settings','',_binary 'a:0:{}','',_binary 'O:48:\"Drupal\\Core\\StringTranslation\\TranslatableMarkup\":3:{s:9:\"\0*\0string\";s:20:\"Admin Toolbar Search\";s:12:\"\0*\0arguments\";a:0:{}s:10:\"\0*\0options\";a:0:{}}',_binary 'O:48:\"Drupal\\Core\\StringTranslation\\TranslatableMarkup\":3:{s:9:\"\0*\0string\";s:42:\"Configure the Admin Toolbar Search module.\";s:12:\"\0*\0arguments\";a:0:{}s:10:\"\0*\0options\";a:0:{}}','Drupal\\Core\\Menu\\MenuLinkDefault',_binary 'a:0:{}','admin_toolbar_search',1,1,0,0,_binary 'a:0:{}',0,4,6,23,47,331,0,0,0,0,0,'Drupal\\Core\\Menu\\Form\\MenuLinkDefaultForm'),('admin',332,'admin_toolbar_tools.settings','system.admin_config_ui','admin_toolbar_tools.settings','',_binary 'a:0:{}','',_binary 'O:48:\"Drupal\\Core\\StringTranslation\\TranslatableMarkup\":3:{s:9:\"\0*\0string\";s:19:\"Admin Toolbar Tools\";s:12:\"\0*\0arguments\";a:0:{}s:10:\"\0*\0options\";a:0:{}}',_binary 'O:48:\"Drupal\\Core\\StringTranslation\\TranslatableMarkup\":3:{s:9:\"\0*\0string\";s:41:\"Configure the Admin Toolbar Tools module.\";s:12:\"\0*\0arguments\";a:0:{}s:10:\"\0*\0options\";a:0:{}}','Drupal\\Core\\Menu\\MenuLinkDefault',_binary 'a:0:{}','admin_toolbar_tools',1,1,0,0,_binary 'a:0:{}',0,4,6,23,47,332,0,0,0,0,0,'Drupal\\Core\\Menu\\Form\\MenuLinkDefaultForm'),('admin',333,'admin_toolbar_tools.extra_links:entity.user.field_ui_fields_','entity.user.admin_form','entity.user.field_ui_fields','',_binary 'a:0:{}','',_binary 'O:48:\"Drupal\\Core\\StringTranslation\\TranslatableMarkup\":3:{s:9:\"\0*\0string\";s:13:\"Manage fields\";s:12:\"\0*\0arguments\";a:0:{}s:10:\"\0*\0options\";a:0:{}}',_binary 's:0:\"\";','Drupal\\Core\\Menu\\MenuLinkDefault',_binary 'a:0:{}','admin_toolbar_tools',1,1,0,1,_binary 'a:0:{}',0,5,6,23,52,53,333,0,0,0,0,'Drupal\\Core\\Menu\\Form\\MenuLinkDefaultForm'),('admin',334,'admin_toolbar_tools.extra_links:entity.entity_form_display.user.default_','entity.user.admin_form','entity.entity_form_display.user.default','',_binary 'a:0:{}','',_binary 'O:48:\"Drupal\\Core\\StringTranslation\\TranslatableMarkup\":3:{s:9:\"\0*\0string\";s:19:\"Manage form display\";s:12:\"\0*\0arguments\";a:0:{}s:10:\"\0*\0options\";a:0:{}}',_binary 's:0:\"\";','Drupal\\Core\\Menu\\MenuLinkDefault',_binary 'a:0:{}','admin_toolbar_tools',1,1,0,2,_binary 'a:0:{}',0,5,6,23,52,53,334,0,0,0,0,'Drupal\\Core\\Menu\\Form\\MenuLinkDefaultForm'),('admin',335,'admin_toolbar_tools.extra_links:entity.entity_view_display.user.default_','entity.user.admin_form','entity.entity_view_display.user.default','',_binary 'a:0:{}','',_binary 'O:48:\"Drupal\\Core\\StringTranslation\\TranslatableMarkup\":3:{s:9:\"\0*\0string\";s:14:\"Manage display\";s:12:\"\0*\0arguments\";a:0:{}s:10:\"\0*\0options\";a:0:{}}',_binary 's:0:\"\";','Drupal\\Core\\Menu\\MenuLinkDefault',_binary 'a:0:{}','admin_toolbar_tools',1,1,0,3,_binary 'a:0:{}',0,5,6,23,52,53,335,0,0,0,0,'Drupal\\Core\\Menu\\Form\\MenuLinkDefaultForm'),('admin',336,'admin_toolbar_tools.extra_links:views_ui.field_list','entity.field_storage_config.collection','views_ui.reports_fields','',_binary 'a:0:{}','',_binary 'O:48:\"Drupal\\Core\\StringTranslation\\TranslatableMarkup\":3:{s:9:\"\0*\0string\";s:13:\"Used in views\";s:12:\"\0*\0arguments\";a:0:{}s:10:\"\0*\0options\";a:0:{}}',_binary 's:0:\"\";','Drupal\\Core\\Menu\\MenuLinkDefault',_binary 'a:0:{}','admin_toolbar_tools',1,1,0,0,_binary 'a:0:{}',0,4,6,54,58,336,0,0,0,0,0,'Drupal\\Core\\Menu\\Form\\MenuLinkDefaultForm'),('admin',337,'admin_toolbar_tools.extra_links:user.admin_create','entity.user.collection','user.admin_create','',_binary 'a:0:{}','',_binary 'O:48:\"Drupal\\Core\\StringTranslation\\TranslatableMarkup\":3:{s:9:\"\0*\0string\";s:8:\"Add user\";s:12:\"\0*\0arguments\";a:0:{}s:10:\"\0*\0options\";a:0:{}}',_binary 's:0:\"\";','Drupal\\Core\\Menu\\MenuLinkDefault',_binary 'a:0:{}','admin_toolbar_tools',1,1,0,0,_binary 'a:0:{}',0,3,6,63,337,0,0,0,0,0,0,'Drupal\\Core\\Menu\\Form\\MenuLinkDefaultForm'),('admin',338,'admin_toolbar_tools.extra_links:user.admin_permissions','entity.user.collection','user.admin_permissions','',_binary 'a:0:{}','',_binary 'O:48:\"Drupal\\Core\\StringTranslation\\TranslatableMarkup\":3:{s:9:\"\0*\0string\";s:11:\"Permissions\";s:12:\"\0*\0arguments\";a:0:{}s:10:\"\0*\0options\";a:0:{}}',_binary 's:0:\"\";','Drupal\\Core\\Menu\\MenuLinkDefault',_binary 'a:0:{}','admin_toolbar_tools',1,1,0,0,_binary 'a:0:{}',0,3,6,63,338,0,0,0,0,0,0,'Drupal\\Core\\Menu\\Form\\MenuLinkDefaultForm'),('admin',339,'admin_toolbar_tools.extra_links:entity.user_role.collection','entity.user.collection','entity.user_role.collection','',_binary 'a:0:{}','',_binary 'O:48:\"Drupal\\Core\\StringTranslation\\TranslatableMarkup\":3:{s:9:\"\0*\0string\";s:5:\"Roles\";s:12:\"\0*\0arguments\";a:0:{}s:10:\"\0*\0options\";a:0:{}}',_binary 's:0:\"\";','Drupal\\Core\\Menu\\MenuLinkDefault',_binary 'a:0:{}','admin_toolbar_tools',1,1,0,0,_binary 'a:0:{}',1,3,6,63,339,0,0,0,0,0,0,'Drupal\\Core\\Menu\\Form\\MenuLinkDefaultForm'),('admin',340,'admin_toolbar_tools.extra_links:user.role_add','admin_toolbar_tools.extra_links:entity.user_role.collection','user.role_add','',_binary 'a:0:{}','',_binary 'O:48:\"Drupal\\Core\\StringTranslation\\TranslatableMarkup\":3:{s:9:\"\0*\0string\";s:8:\"Add role\";s:12:\"\0*\0arguments\";a:0:{}s:10:\"\0*\0options\";a:0:{}}',_binary 's:0:\"\";','Drupal\\Core\\Menu\\MenuLinkDefault',_binary 'a:0:{}','admin_toolbar_tools',1,1,0,-50,_binary 'a:0:{}',0,4,6,63,339,340,0,0,0,0,0,'Drupal\\Core\\Menu\\Form\\MenuLinkDefaultForm'),('admin',341,'admin_toolbar_tools.extra_links:entity.user_role.edit_form.anonymous','admin_toolbar_tools.extra_links:entity.user_role.collection','entity.user_role.edit_form','user_role=anonymous',_binary 'a:1:{s:9:\"user_role\";s:9:\"anonymous\";}','',_binary 's:0:\"\";',_binary 's:0:\"\";','Drupal\\admin_toolbar_tools\\Plugin\\Menu\\MenuLinkEntity',_binary 'a:0:{}','admin_toolbar_tools',1,1,0,0,_binary 'a:2:{s:11:\"entity_type\";s:9:\"user_role\";s:9:\"entity_id\";s:9:\"anonymous\";}',1,4,6,63,339,341,0,0,0,0,0,'Drupal\\Core\\Menu\\Form\\MenuLinkDefaultForm'),('admin',342,'admin_toolbar_tools.extra_links:entity.user_role.edit_permissions_form.anonymous','admin_toolbar_tools.extra_links:entity.user_role.edit_form.anonymous','entity.user_role.edit_permissions_form','user_role=anonymous',_binary 'a:1:{s:9:\"user_role\";s:9:\"anonymous\";}','',_binary 'O:48:\"Drupal\\Core\\StringTranslation\\TranslatableMarkup\":3:{s:9:\"\0*\0string\";s:16:\"Edit permissions\";s:12:\"\0*\0arguments\";a:0:{}s:10:\"\0*\0options\";a:0:{}}',_binary 's:0:\"\";','Drupal\\Core\\Menu\\MenuLinkDefault',_binary 'a:0:{}','admin_toolbar_tools',1,1,0,0,_binary 'a:0:{}',0,5,6,63,339,341,342,0,0,0,0,'Drupal\\Core\\Menu\\Form\\MenuLinkDefaultForm'),('admin',343,'admin_toolbar_tools.extra_links:entity.user_role.edit_form.authenticated','admin_toolbar_tools.extra_links:entity.user_role.collection','entity.user_role.edit_form','user_role=authenticated',_binary 'a:1:{s:9:\"user_role\";s:13:\"authenticated\";}','',_binary 's:0:\"\";',_binary 's:0:\"\";','Drupal\\admin_toolbar_tools\\Plugin\\Menu\\MenuLinkEntity',_binary 'a:0:{}','admin_toolbar_tools',1,1,0,1,_binary 'a:2:{s:11:\"entity_type\";s:9:\"user_role\";s:9:\"entity_id\";s:13:\"authenticated\";}',1,4,6,63,339,343,0,0,0,0,0,'Drupal\\Core\\Menu\\Form\\MenuLinkDefaultForm'),('admin',344,'admin_toolbar_tools.extra_links:entity.user_role.edit_permissions_form.authenticated','admin_toolbar_tools.extra_links:entity.user_role.edit_form.authenticated','entity.user_role.edit_permissions_form','user_role=authenticated',_binary 'a:1:{s:9:\"user_role\";s:13:\"authenticated\";}','',_binary 'O:48:\"Drupal\\Core\\StringTranslation\\TranslatableMarkup\":3:{s:9:\"\0*\0string\";s:16:\"Edit permissions\";s:12:\"\0*\0arguments\";a:0:{}s:10:\"\0*\0options\";a:0:{}}',_binary 's:0:\"\";','Drupal\\Core\\Menu\\MenuLinkDefault',_binary 'a:0:{}','admin_toolbar_tools',1,1,0,0,_binary 'a:0:{}',0,5,6,63,339,343,344,0,0,0,0,'Drupal\\Core\\Menu\\Form\\MenuLinkDefaultForm'),('admin',345,'admin_toolbar_tools.extra_links:entity.user_role.edit_form.administrator','admin_toolbar_tools.extra_links:entity.user_role.collection','entity.user_role.edit_form','user_role=administrator',_binary 'a:1:{s:9:\"user_role\";s:13:\"administrator\";}','',_binary 's:0:\"\";',_binary 's:0:\"\";','Drupal\\admin_toolbar_tools\\Plugin\\Menu\\MenuLinkEntity',_binary 'a:0:{}','admin_toolbar_tools',1,1,0,2,_binary 'a:2:{s:11:\"entity_type\";s:9:\"user_role\";s:9:\"entity_id\";s:13:\"administrator\";}',1,4,6,63,339,345,0,0,0,0,0,'Drupal\\Core\\Menu\\Form\\MenuLinkDefaultForm'),('admin',346,'admin_toolbar_tools.extra_links:entity.user_role.edit_permissions_form.administrator','admin_toolbar_tools.extra_links:entity.user_role.edit_form.administrator','entity.user_role.edit_permissions_form','user_role=administrator',_binary 'a:1:{s:9:\"user_role\";s:13:\"administrator\";}','',_binary 'O:48:\"Drupal\\Core\\StringTranslation\\TranslatableMarkup\":3:{s:9:\"\0*\0string\";s:16:\"Edit permissions\";s:12:\"\0*\0arguments\";a:0:{}s:10:\"\0*\0options\";a:0:{}}',_binary 's:0:\"\";','Drupal\\Core\\Menu\\MenuLinkDefault',_binary 'a:0:{}','admin_toolbar_tools',1,1,0,0,_binary 'a:0:{}',0,5,6,63,339,345,346,0,0,0,0,'Drupal\\Core\\Menu\\Form\\MenuLinkDefaultForm'),('admin',347,'admin_toolbar_tools.extra_links:entity.user_role.delete_form.administrator','admin_toolbar_tools.extra_links:entity.user_role.edit_form.administrator','entity.user_role.delete_form','user_role=administrator',_binary 'a:1:{s:9:\"user_role\";s:13:\"administrator\";}','',_binary 'O:48:\"Drupal\\Core\\StringTranslation\\TranslatableMarkup\":3:{s:9:\"\0*\0string\";s:6:\"Delete\";s:12:\"\0*\0arguments\";a:0:{}s:10:\"\0*\0options\";a:0:{}}',_binary 's:0:\"\";','Drupal\\Core\\Menu\\MenuLinkDefault',_binary 'a:0:{}','admin_toolbar_tools',1,1,0,0,_binary 'a:0:{}',0,5,6,63,339,345,347,0,0,0,0,'Drupal\\Core\\Menu\\Form\\MenuLinkDefaultForm'),('admin',348,'admin_toolbar_tools.extra_links:entity.block_content_type.edit_form.basic','','entity.block_content_type.edit_form','block_content_type=basic',_binary 'a:1:{s:18:\"block_content_type\";s:5:\"basic\";}','',_binary 's:0:\"\";',_binary 's:0:\"\";','Drupal\\admin_toolbar_tools\\Plugin\\Menu\\MenuLinkEntity',_binary 'a:0:{}','admin_toolbar_tools',1,1,0,0,_binary 'a:2:{s:11:\"entity_type\";s:18:\"block_content_type\";s:9:\"entity_id\";s:5:\"basic\";}',1,1,348,0,0,0,0,0,0,0,0,'Drupal\\Core\\Menu\\Form\\MenuLinkDefaultForm'),('admin',349,'admin_toolbar_tools.extra_links:entity.block_content.field_ui_fieldsbasic','admin_toolbar_tools.extra_links:entity.block_content_type.edit_form.basic','entity.block_content.field_ui_fields','block_content_type=basic',_binary 'a:1:{s:18:\"block_content_type\";s:5:\"basic\";}','',_binary 'O:48:\"Drupal\\Core\\StringTranslation\\TranslatableMarkup\":3:{s:9:\"\0*\0string\";s:13:\"Manage fields\";s:12:\"\0*\0arguments\";a:0:{}s:10:\"\0*\0options\";a:0:{}}',_binary 's:0:\"\";','Drupal\\Core\\Menu\\MenuLinkDefault',_binary 'a:0:{}','admin_toolbar_tools',1,1,0,1,_binary 'a:0:{}',0,2,348,349,0,0,0,0,0,0,0,'Drupal\\Core\\Menu\\Form\\MenuLinkDefaultForm'),('admin',350,'admin_toolbar_tools.extra_links:entity.entity_form_display.block_content.defaultbasic','admin_toolbar_tools.extra_links:entity.block_content_type.edit_form.basic','entity.entity_form_display.block_content.default','block_content_type=basic',_binary 'a:1:{s:18:\"block_content_type\";s:5:\"basic\";}','',_binary 'O:48:\"Drupal\\Core\\StringTranslation\\TranslatableMarkup\":3:{s:9:\"\0*\0string\";s:19:\"Manage form display\";s:12:\"\0*\0arguments\";a:0:{}s:10:\"\0*\0options\";a:0:{}}',_binary 's:0:\"\";','Drupal\\Core\\Menu\\MenuLinkDefault',_binary 'a:0:{}','admin_toolbar_tools',1,1,0,2,_binary 'a:0:{}',0,2,348,350,0,0,0,0,0,0,0,'Drupal\\Core\\Menu\\Form\\MenuLinkDefaultForm'),('admin',351,'admin_toolbar_tools.extra_links:entity.entity_view_display.block_content.default.basic','admin_toolbar_tools.extra_links:entity.block_content_type.edit_form.basic','entity.entity_view_display.block_content.default','block_content_type=basic',_binary 'a:1:{s:18:\"block_content_type\";s:5:\"basic\";}','',_binary 'O:48:\"Drupal\\Core\\StringTranslation\\TranslatableMarkup\":3:{s:9:\"\0*\0string\";s:14:\"Manage display\";s:12:\"\0*\0arguments\";a:0:{}s:10:\"\0*\0options\";a:0:{}}',_binary 's:0:\"\";','Drupal\\Core\\Menu\\MenuLinkDefault',_binary 'a:0:{}','admin_toolbar_tools',1,1,0,3,_binary 'a:0:{}',0,2,348,351,0,0,0,0,0,0,0,'Drupal\\Core\\Menu\\Form\\MenuLinkDefaultForm'),('admin',352,'admin_toolbar_tools.extra_links:entity.block_content_type.delete_form.basic','admin_toolbar_tools.extra_links:entity.block_content_type.edit_form.basic','entity.block_content_type.delete_form','block_content_type=basic',_binary 'a:1:{s:18:\"block_content_type\";s:5:\"basic\";}','',_binary 'O:48:\"Drupal\\Core\\StringTranslation\\TranslatableMarkup\":3:{s:9:\"\0*\0string\";s:6:\"Delete\";s:12:\"\0*\0arguments\";a:0:{}s:10:\"\0*\0options\";a:0:{}}',_binary 's:0:\"\";','Drupal\\Core\\Menu\\MenuLinkDefault',_binary 'a:0:{}','admin_toolbar_tools',1,1,0,5,_binary 'a:0:{}',0,2,348,352,0,0,0,0,0,0,0,'Drupal\\Core\\Menu\\Form\\MenuLinkDefaultForm'),('admin',353,'admin_toolbar_tools.extra_links:entity.block_content_type.edit_form.formulario_de_contacto','','entity.block_content_type.edit_form','block_content_type=formulario_de_contacto',_binary 'a:1:{s:18:\"block_content_type\";s:22:\"formulario_de_contacto\";}','',_binary 's:0:\"\";',_binary 's:0:\"\";','Drupal\\admin_toolbar_tools\\Plugin\\Menu\\MenuLinkEntity',_binary 'a:0:{}','admin_toolbar_tools',1,1,0,0,_binary 'a:2:{s:11:\"entity_type\";s:18:\"block_content_type\";s:9:\"entity_id\";s:22:\"formulario_de_contacto\";}',1,1,353,0,0,0,0,0,0,0,0,'Drupal\\Core\\Menu\\Form\\MenuLinkDefaultForm'),('admin',354,'admin_toolbar_tools.extra_links:entity.block_content.field_ui_fieldsformulario_de_contacto','admin_toolbar_tools.extra_links:entity.block_content_type.edit_form.formulario_de_contacto','entity.block_content.field_ui_fields','block_content_type=formulario_de_contacto',_binary 'a:1:{s:18:\"block_content_type\";s:22:\"formulario_de_contacto\";}','',_binary 'O:48:\"Drupal\\Core\\StringTranslation\\TranslatableMarkup\":3:{s:9:\"\0*\0string\";s:13:\"Manage fields\";s:12:\"\0*\0arguments\";a:0:{}s:10:\"\0*\0options\";a:0:{}}',_binary 's:0:\"\";','Drupal\\Core\\Menu\\MenuLinkDefault',_binary 'a:0:{}','admin_toolbar_tools',1,1,0,1,_binary 'a:0:{}',0,2,353,354,0,0,0,0,0,0,0,'Drupal\\Core\\Menu\\Form\\MenuLinkDefaultForm'),('admin',355,'admin_toolbar_tools.extra_links:entity.entity_form_display.block_content.defaultformulario_de_contacto','admin_toolbar_tools.extra_links:entity.block_content_type.edit_form.formulario_de_contacto','entity.entity_form_display.block_content.default','block_content_type=formulario_de_contacto',_binary 'a:1:{s:18:\"block_content_type\";s:22:\"formulario_de_contacto\";}','',_binary 'O:48:\"Drupal\\Core\\StringTranslation\\TranslatableMarkup\":3:{s:9:\"\0*\0string\";s:19:\"Manage form display\";s:12:\"\0*\0arguments\";a:0:{}s:10:\"\0*\0options\";a:0:{}}',_binary 's:0:\"\";','Drupal\\Core\\Menu\\MenuLinkDefault',_binary 'a:0:{}','admin_toolbar_tools',1,1,0,2,_binary 'a:0:{}',0,2,353,355,0,0,0,0,0,0,0,'Drupal\\Core\\Menu\\Form\\MenuLinkDefaultForm'),('admin',356,'admin_toolbar_tools.extra_links:entity.entity_view_display.block_content.default.formulario_de_contacto','admin_toolbar_tools.extra_links:entity.block_content_type.edit_form.formulario_de_contacto','entity.entity_view_display.block_content.default','block_content_type=formulario_de_contacto',_binary 'a:1:{s:18:\"block_content_type\";s:22:\"formulario_de_contacto\";}','',_binary 'O:48:\"Drupal\\Core\\StringTranslation\\TranslatableMarkup\":3:{s:9:\"\0*\0string\";s:14:\"Manage display\";s:12:\"\0*\0arguments\";a:0:{}s:10:\"\0*\0options\";a:0:{}}',_binary 's:0:\"\";','Drupal\\Core\\Menu\\MenuLinkDefault',_binary 'a:0:{}','admin_toolbar_tools',1,1,0,3,_binary 'a:0:{}',0,2,353,356,0,0,0,0,0,0,0,'Drupal\\Core\\Menu\\Form\\MenuLinkDefaultForm'),('admin',357,'admin_toolbar_tools.extra_links:entity.block_content_type.delete_form.formulario_de_contacto','admin_toolbar_tools.extra_links:entity.block_content_type.edit_form.formulario_de_contacto','entity.block_content_type.delete_form','block_content_type=formulario_de_contacto',_binary 'a:1:{s:18:\"block_content_type\";s:22:\"formulario_de_contacto\";}','',_binary 'O:48:\"Drupal\\Core\\StringTranslation\\TranslatableMarkup\":3:{s:9:\"\0*\0string\";s:6:\"Delete\";s:12:\"\0*\0arguments\";a:0:{}s:10:\"\0*\0options\";a:0:{}}',_binary 's:0:\"\";','Drupal\\Core\\Menu\\MenuLinkDefault',_binary 'a:0:{}','admin_toolbar_tools',1,1,0,5,_binary 'a:0:{}',0,2,353,357,0,0,0,0,0,0,0,'Drupal\\Core\\Menu\\Form\\MenuLinkDefaultForm'),('admin',358,'coffee.configuration','system.admin_config_ui','coffee.configuration','',_binary 'a:0:{}','',_binary 'O:48:\"Drupal\\Core\\StringTranslation\\TranslatableMarkup\":3:{s:9:\"\0*\0string\";s:6:\"Coffee\";s:12:\"\0*\0arguments\";a:0:{}s:10:\"\0*\0options\";a:0:{}}',_binary 'O:48:\"Drupal\\Core\\StringTranslation\\TranslatableMarkup\":3:{s:9:\"\0*\0string\";s:39:\"Select what menus coffee should search.\";s:12:\"\0*\0arguments\";a:0:{}s:10:\"\0*\0options\";a:0:{}}','Drupal\\Core\\Menu\\MenuLinkDefault',_binary 'a:0:{}','coffee',1,1,0,0,_binary 'a:0:{}',0,4,6,23,47,358,0,0,0,0,0,'Drupal\\Core\\Menu\\Form\\MenuLinkDefaultForm'),('admin',359,'sendgrid_integration_reports.reports','system.admin_reports','sendgrid_integration_reports.reports','',_binary 'a:0:{}','',_binary 'O:48:\"Drupal\\Core\\StringTranslation\\TranslatableMarkup\":3:{s:9:\"\0*\0string\";s:26:\"SendGrid Reports Dashboard\";s:12:\"\0*\0arguments\";a:0:{}s:10:\"\0*\0options\";a:0:{}}',_binary 'O:48:\"Drupal\\Core\\StringTranslation\\TranslatableMarkup\":3:{s:9:\"\0*\0string\";s:57:\"View the SendGrid reports that have recently been logged.\";s:12:\"\0*\0arguments\";a:0:{}s:10:\"\0*\0options\";a:0:{}}','Drupal\\Core\\Menu\\MenuLinkDefault',_binary 'a:0:{}','sendgrid_integration_reports',1,1,0,-1,_binary 'a:0:{}',0,3,6,54,359,0,0,0,0,0,0,'Drupal\\Core\\Menu\\Form\\MenuLinkDefaultForm'),('main',360,'menu_link_content:3aba4f67-7f6c-47b9-af25-77833935b889','',NULL,'',_binary 'a:0:{}','https://www.bancodeproyectos.org.ar/node/73',_binary 's:9:\"Comunidad\";',NULL,'Drupal\\menu_link_content\\Plugin\\Menu\\MenuLinkContent',_binary 'a:1:{s:8:\"external\";b:1;}','menu_link_content',1,0,0,0,_binary 'a:1:{s:9:\"entity_id\";s:2:\"25\";}',0,1,360,0,0,0,0,0,0,0,0,'\\Drupal\\menu_link_content\\Form\\MenuLinkContentForm');

--
